45.88.201.109 - - [29/Jan/2025:02:09:31 +0300] "POST /public/payment/action.php HTTP/1.0" 301 607 "https://arendagrad.bitrix24shop.ru/" "Mozilla/5.0 (iPhone; CPU iPhone OS 17_3_1 like Mac OS X) AppleWebKit/605.1.15 (KHTML, like Gecko) Version/17.3.1 Mobile/15E148 Safari/604.1"
47.254.173.8 - - [29/Jan/2025:02:09:38 +0300] "POST /ttlock/action-callback.php HTTP/1.0" 200 236 "-" "okhttp/4.2.0"
89.208.228.219 - - [29/Jan/2025:02:09:30 +0300] "POST /bp/wolfdigits_bp.php?DOMAIN=comforthome.bitrix24.ru&PROTOCOL=1&LANG=ru&APP_SID=7d6fa3cae2feb232579d2145310e7cf9 HTTP/1.0" 200 236 "-" "Bitrix24 Webhook Engine"
8.211.47.206 - - [29/Jan/2025:02:09:58 +0300] "POST /ttlock/action-callback.php HTTP/1.0" 200 236 "-" "okhttp/4.2.0"
89.208.228.219 - - [29/Jan/2025:02:09:45 +0300] "POST /bp/wolfdigits_bp.php?DOMAIN=comforthome.bitrix24.ru&PROTOCOL=1&LANG=ru&APP_SID=7d6fa3cae2feb232579d2145310e7cf9 HTTP/1.0" 200 236 "-" "Bitrix24 Webhook Engine"
89.208.228.219 - - [29/Jan/2025:02:10:01 +0300] "POST /bp/wolfdigits_bp.php?DOMAIN=comforthome.bitrix24.ru&PROTOCOL=1&LANG=ru&APP_SID=7d6fa3cae2feb232579d2145310e7cf9 HTTP/1.0" 200 236 "-" "Bitrix24 Webhook Engine"
62.76.205.129 - - [29/Jan/2025:02:10:24 +0300] "GET /public/payment/action-callback.php?domain=arendagrad.bitrix24.ru&orderNumber=16902%2F2-4&mdOrder=04db08e3-ad42-7126-ae84-567200b32483&operation=approved&status=1 HTTP/1.0" 200 236 "-" "Chrome/80.0.3987.116"
45.88.201.109 - - [29/Jan/2025:02:10:23 +0300] "GET /payment/action.php?paymentId=20344&paySystemId=36&domain=arendagrad.bitrix24.ru&orderId=04db08e3-ad42-7126-ae84-567200b32483&lang=ru HTTP/1.0" 302 385 "https://payment.alfabank.ru/" "Mozilla/5.0 (iPhone; CPU iPhone OS 17_3_1 like Mac OS X) AppleWebKit/605.1.15 (KHTML, like Gecko) Version/17.3.1 Mobile/15E148 Safari/604.1"
89.208.228.219 - - [29/Jan/2025:02:10:16 +0300] "POST /bp/wolfdigits_bp.php?DOMAIN=comforthome.bitrix24.ru&PROTOCOL=1&LANG=ru&APP_SID=7d6fa3cae2feb232579d2145310e7cf9 HTTP/1.0" 200 236 "-" "Bitrix24 Webhook Engine"
89.208.228.219 - - [29/Jan/2025:02:10:32 +0300] "POST /bp/wolfdigits_bp.php?DOMAIN=comforthome.bitrix24.ru&PROTOCOL=1&LANG=ru&APP_SID=7d6fa3cae2feb232579d2145310e7cf9 HTTP/1.0" 200 236 "-" "Bitrix24 Webhook Engine"
89.208.230.2 - - [29/Jan/2025:02:10:47 +0300] "POST /bp/wolfdigits_bp.php?DOMAIN=comforthome.bitrix24.ru&PROTOCOL=1&LANG=ru&APP_SID=7d6fa3cae2feb232579d2145310e7cf9 HTTP/1.0" 200 236 "-" "Bitrix24 Webhook Engine"
91.142.84.218 - - [29/Jan/2025:02:11:06 +0300] "POST /public/payment/action-callback.php?domain=kak-doma.bitrix24.ru HTTP/1.0" 200 205 "-" "PayKeeper/2"
89.208.228.219 - - [29/Jan/2025:02:11:03 +0300] "POST /bp/wolfdigits_bp.php?DOMAIN=comforthome.bitrix24.ru&PROTOCOL=1&LANG=ru&APP_SID=7d6fa3cae2feb232579d2145310e7cf9 HTTP/1.0" 200 236 "-" "Bitrix24 Webhook Engine"
195.208.184.200 - - [29/Jan/2025:02:11:18 +0300] "POST /bp/wolfdigits_bp.php?DOMAIN=comforthome.bitrix24.ru&PROTOCOL=1&LANG=ru&APP_SID=7d6fa3cae2feb232579d2145310e7cf9 HTTP/1.0" 200 236 "-" "Bitrix24 Webhook Engine"
89.208.228.219 - - [29/Jan/2025:02:11:33 +0300] "POST /bp/wolfdigits_bp.php?DOMAIN=comforthome.bitrix24.ru&PROTOCOL=1&LANG=ru&APP_SID=7d6fa3cae2feb232579d2145310e7cf9 HTTP/1.0" 200 236 "-" "Bitrix24 Webhook Engine"
89.208.228.219 - - [29/Jan/2025:02:11:49 +0300] "POST /bp/wolfdigits_bp.php?DOMAIN=comforthome.bitrix24.ru&PROTOCOL=1&LANG=ru&APP_SID=7d6fa3cae2feb232579d2145310e7cf9 HTTP/1.0" 200 236 "-" "Bitrix24 Webhook Engine"
195.208.184.200 - - [29/Jan/2025:02:12:04 +0300] "POST /bp/wolfdigits_bp.php?DOMAIN=comforthome.bitrix24.ru&PROTOCOL=1&LANG=ru&APP_SID=7d6fa3cae2feb232579d2145310e7cf9 HTTP/1.0" 200 236 "-" "Bitrix24 Webhook Engine"
89.208.228.219 - - [29/Jan/2025:02:12:20 +0300] "POST /bp/wolfdigits_bp.php?DOMAIN=comforthome.bitrix24.ru&PROTOCOL=1&LANG=ru&APP_SID=7d6fa3cae2feb232579d2145310e7cf9 HTTP/1.0" 200 236 "-" "Bitrix24 Webhook Engine"
89.208.228.219 - - [29/Jan/2025:02:12:35 +0300] "POST /bp/wolfdigits_bp.php?DOMAIN=comforthome.bitrix24.ru&PROTOCOL=1&LANG=ru&APP_SID=7d6fa3cae2feb232579d2145310e7cf9 HTTP/1.0" 200 236 "-" "Bitrix24 Webhook Engine"
89.208.230.2 - - [29/Jan/2025:02:12:51 +0300] "POST /bp/wolfdigits_bp.php?DOMAIN=comforthome.bitrix24.ru&PROTOCOL=1&LANG=ru&APP_SID=7d6fa3cae2feb232579d2145310e7cf9 HTTP/1.0" 200 236 "-" "Bitrix24 Webhook Engine"
195.208.184.200 - - [29/Jan/2025:02:13:06 +0300] "POST /bp/wolfdigits_bp.php?DOMAIN=comforthome.bitrix24.ru&PROTOCOL=1&LANG=ru&APP_SID=7d6fa3cae2feb232579d2145310e7cf9 HTTP/1.0" 200 236 "-" "Bitrix24 Webhook Engine"
89.208.228.219 - - [29/Jan/2025:02:13:21 +0300] "POST /bp/wolfdigits_bp.php?DOMAIN=comforthome.bitrix24.ru&PROTOCOL=1&LANG=ru&APP_SID=7d6fa3cae2feb232579d2145310e7cf9 HTTP/1.0" 200 236 "-" "Bitrix24 Webhook Engine"
195.208.184.34 - - [29/Jan/2025:02:13:37 +0300] "POST /bp/wolfdigits_bp.php?DOMAIN=comforthome.bitrix24.ru&PROTOCOL=1&LANG=ru&APP_SID=7d6fa3cae2feb232579d2145310e7cf9 HTTP/1.0" 200 236 "-" "Bitrix24 Webhook Engine"
89.208.228.219 - - [29/Jan/2025:02:13:52 +0300] "POST /bp/wolfdigits_bp.php?DOMAIN=comforthome.bitrix24.ru&PROTOCOL=1&LANG=ru&APP_SID=7d6fa3cae2feb232579d2145310e7cf9 HTTP/1.0" 200 236 "-" "Bitrix24 Webhook Engine"
89.208.230.2 - - [29/Jan/2025:02:14:08 +0300] "POST /bp/wolfdigits_bp.php?DOMAIN=comforthome.bitrix24.ru&PROTOCOL=1&LANG=ru&APP_SID=7d6fa3cae2feb232579d2145310e7cf9 HTTP/1.0" 200 236 "-" "Bitrix24 Webhook Engine"
195.208.184.200 - - [29/Jan/2025:02:14:23 +0300] "POST /bp/wolfdigits_bp.php?DOMAIN=comforthome.bitrix24.ru&PROTOCOL=1&LANG=ru&APP_SID=7d6fa3cae2feb232579d2145310e7cf9 HTTP/1.0" 200 236 "-" "Bitrix24 Webhook Engine"
89.208.230.2 - - [29/Jan/2025:02:14:38 +0300] "POST /bp/wolfdigits_bp.php?DOMAIN=comforthome.bitrix24.ru&PROTOCOL=1&LANG=ru&APP_SID=7d6fa3cae2feb232579d2145310e7cf9 HTTP/1.0" 200 236 "-" "Bitrix24 Webhook Engine"
89.208.230.2 - - [29/Jan/2025:02:14:54 +0300] "POST /bp/wolfdigits_bp.php?DOMAIN=comforthome.bitrix24.ru&PROTOCOL=1&LANG=ru&APP_SID=7d6fa3cae2feb232579d2145310e7cf9 HTTP/1.0" 200 236 "-" "Bitrix24 Webhook Engine"
8.209.90.215 - - [29/Jan/2025:02:15:23 +0300] "POST /ttlock/action-callback.php HTTP/1.0" 200 236 "-" "okhttp/4.2.0"
89.208.230.2 - - [29/Jan/2025:02:15:09 +0300] "POST /bp/wolfdigits_bp.php?DOMAIN=comforthome.bitrix24.ru&PROTOCOL=1&LANG=ru&APP_SID=7d6fa3cae2feb232579d2145310e7cf9 HTTP/1.0" 200 236 "-" "Bitrix24 Webhook Engine"
89.208.230.2 - - [29/Jan/2025:02:15:25 +0300] "POST /bp/wolfdigits_bp.php?DOMAIN=comforthome.bitrix24.ru&PROTOCOL=1&LANG=ru&APP_SID=7d6fa3cae2feb232579d2145310e7cf9 HTTP/1.0" 200 236 "-" "Bitrix24 Webhook Engine"
89.208.230.2 - - [29/Jan/2025:02:15:40 +0300] "POST /bp/wolfdigits_bp.php?DOMAIN=comforthome.bitrix24.ru&PROTOCOL=1&LANG=ru&APP_SID=7d6fa3cae2feb232579d2145310e7cf9 HTTP/1.0" 200 236 "-" "Bitrix24 Webhook Engine"
89.208.228.219 - - [29/Jan/2025:02:15:55 +0300] "POST /bp/wolfdigits_bp.php?DOMAIN=comforthome.bitrix24.ru&PROTOCOL=1&LANG=ru&APP_SID=7d6fa3cae2feb232579d2145310e7cf9 HTTP/1.0" 200 236 "-" "Bitrix24 Webhook Engine"
5.249.134.108 - - [29/Jan/2025:02:16:20 +0300] "POST /octorate/action-callback.php HTTP/1.0" 200 294 "-" "Java/11.0.18"
195.208.184.200 - - [29/Jan/2025:02:16:11 +0300] "POST /bp/wolfdigits_bp.php?DOMAIN=comforthome.bitrix24.ru&PROTOCOL=1&LANG=ru&APP_SID=7d6fa3cae2feb232579d2145310e7cf9 HTTP/1.0" 200 236 "-" "Bitrix24 Webhook Engine"
195.208.184.200 - - [29/Jan/2025:02:16:26 +0300] "POST /bp/wolfdigits_bp.php?DOMAIN=comforthome.bitrix24.ru&PROTOCOL=1&LANG=ru&APP_SID=7d6fa3cae2feb232579d2145310e7cf9 HTTP/1.0" 200 236 "-" "Bitrix24 Webhook Engine"
195.208.184.34 - - [29/Jan/2025:02:16:42 +0300] "POST /bp/wolfdigits_bp.php?DOMAIN=comforthome.bitrix24.ru&PROTOCOL=1&LANG=ru&APP_SID=7d6fa3cae2feb232579d2145310e7cf9 HTTP/1.0" 200 236 "-" "Bitrix24 Webhook Engine"
195.208.184.34 - - [29/Jan/2025:02:16:57 +0300] "POST /bp/wolfdigits_bp.php?DOMAIN=comforthome.bitrix24.ru&PROTOCOL=1&LANG=ru&APP_SID=7d6fa3cae2feb232579d2145310e7cf9 HTTP/1.0" 200 236 "-" "Bitrix24 Webhook Engine"
47.254.173.8 - - [29/Jan/2025:02:17:25 +0300] "POST /ttlock/action-callback.php HTTP/1.0" 200 236 "-" "okhttp/4.2.0"
89.208.230.2 - - [29/Jan/2025:02:17:12 +0300] "POST /bp/wolfdigits_bp.php?DOMAIN=comforthome.bitrix24.ru&PROTOCOL=1&LANG=ru&APP_SID=7d6fa3cae2feb232579d2145310e7cf9 HTTP/1.0" 200 236 "-" "Bitrix24 Webhook Engine"
8.209.85.47 - - [29/Jan/2025:02:17:41 +0300] "POST /ttlock/action-callback.php HTTP/1.0" 200 236 "-" "okhttp/4.2.0"
89.208.230.2 - - [29/Jan/2025:02:17:28 +0300] "POST /bp/wolfdigits_bp.php?DOMAIN=comforthome.bitrix24.ru&PROTOCOL=1&LANG=ru&APP_SID=7d6fa3cae2feb232579d2145310e7cf9 HTTP/1.0" 200 236 "-" "Bitrix24 Webhook Engine"
195.208.184.34 - - [29/Jan/2025:02:17:43 +0300] "POST /bp/wolfdigits_bp.php?DOMAIN=comforthome.bitrix24.ru&PROTOCOL=1&LANG=ru&APP_SID=7d6fa3cae2feb232579d2145310e7cf9 HTTP/1.0" 200 236 "-" "Bitrix24 Webhook Engine"
195.208.184.34 - - [29/Jan/2025:02:17:58 +0300] "POST /bp/wolfdigits_bp.php?DOMAIN=comforthome.bitrix24.ru&PROTOCOL=1&LANG=ru&APP_SID=7d6fa3cae2feb232579d2145310e7cf9 HTTP/1.0" 200 236 "-" "Bitrix24 Webhook Engine"
5.249.134.108 - - [29/Jan/2025:02:18:20 +0300] "POST /octorate/action-callback.php HTTP/1.0" 200 294 "-" "Java/11.0.18"
89.208.228.219 - - [29/Jan/2025:02:18:14 +0300] "POST /bp/wolfdigits_bp.php?DOMAIN=comforthome.bitrix24.ru&PROTOCOL=1&LANG=ru&APP_SID=7d6fa3cae2feb232579d2145310e7cf9 HTTP/1.0" 200 236 "-" "Bitrix24 Webhook Engine"
195.208.184.200 - - [29/Jan/2025:02:18:29 +0300] "POST /bp/wolfdigits_bp.php?DOMAIN=comforthome.bitrix24.ru&PROTOCOL=1&LANG=ru&APP_SID=7d6fa3cae2feb232579d2145310e7cf9 HTTP/1.0" 200 236 "-" "Bitrix24 Webhook Engine"
195.208.184.34 - - [29/Jan/2025:02:18:45 +0300] "POST /bp/wolfdigits_bp.php?DOMAIN=comforthome.bitrix24.ru&PROTOCOL=1&LANG=ru&APP_SID=7d6fa3cae2feb232579d2145310e7cf9 HTTP/1.0" 200 236 "-" "Bitrix24 Webhook Engine"
89.208.228.219 - - [29/Jan/2025:02:19:00 +0300] "POST /bp/wolfdigits_bp.php?DOMAIN=comforthome.bitrix24.ru&PROTOCOL=1&LANG=ru&APP_SID=7d6fa3cae2feb232579d2145310e7cf9 HTTP/1.0" 200 236 "-" "Bitrix24 Webhook Engine"
195.208.184.34 - - [29/Jan/2025:02:19:16 +0300] "POST /bp/wolfdigits_bp.php?DOMAIN=comforthome.bitrix24.ru&PROTOCOL=1&LANG=ru&APP_SID=7d6fa3cae2feb232579d2145310e7cf9 HTTP/1.0" 200 236 "-" "Bitrix24 Webhook Engine"
195.208.184.200 - - [29/Jan/2025:02:19:31 +0300] "POST /bp/wolfdigits_bp.php?DOMAIN=comforthome.bitrix24.ru&PROTOCOL=1&LANG=ru&APP_SID=7d6fa3cae2feb232579d2145310e7cf9 HTTP/1.0" 200 236 "-" "Bitrix24 Webhook Engine"
89.208.230.2 - - [29/Jan/2025:02:19:46 +0300] "POST /bp/wolfdigits_bp.php?DOMAIN=comforthome.bitrix24.ru&PROTOCOL=1&LANG=ru&APP_SID=7d6fa3cae2feb232579d2145310e7cf9 HTTP/1.0" 200 236 "-" "Bitrix24 Webhook Engine"
195.208.184.34 - - [29/Jan/2025:02:20:02 +0300] "POST /bp/wolfdigits_bp.php?DOMAIN=comforthome.bitrix24.ru&PROTOCOL=1&LANG=ru&APP_SID=7d6fa3cae2feb232579d2145310e7cf9 HTTP/1.0" 200 236 "-" "Bitrix24 Webhook Engine"
195.208.184.200 - - [29/Jan/2025:02:20:18 +0300] "POST /bp/wolfdigits_bp.php?DOMAIN=comforthome.bitrix24.ru&PROTOCOL=1&LANG=ru&APP_SID=7d6fa3cae2feb232579d2145310e7cf9 HTTP/1.0" 200 236 "-" "Bitrix24 Webhook Engine"
195.208.184.34 - - [29/Jan/2025:02:20:33 +0300] "POST /bp/wolfdigits_bp.php?DOMAIN=comforthome.bitrix24.ru&PROTOCOL=1&LANG=ru&APP_SID=7d6fa3cae2feb232579d2145310e7cf9 HTTP/1.0" 200 236 "-" "Bitrix24 Webhook Engine"
158.160.84.45 - - [29/Jan/2025:02:20:56 +0300] "POST /realtycalendar/action-callback.php?bitrix24=mir-ujuta65.bitrix24.ru HTTP/1.0" 200 180 "-" "-"
89.208.228.219 - - [29/Jan/2025:02:20:48 +0300] "POST /bp/wolfdigits_bp.php?DOMAIN=comforthome.bitrix24.ru&PROTOCOL=1&LANG=ru&APP_SID=7d6fa3cae2feb232579d2145310e7cf9 HTTP/1.0" 200 236 "-" "Bitrix24 Webhook Engine"
158.160.84.45 - - [29/Jan/2025:02:21:04 +0300] "POST /realtycalendar/action-callback.php?bitrix24=mir-ujuta65.bitrix24.ru HTTP/1.0" 200 180 "-" "-"
47.254.173.8 - - [29/Jan/2025:02:21:11 +0300] "POST /ttlock/action-callback.php HTTP/1.0" 500 168 "-" "okhttp/4.2.0"
47.254.173.8 - - [29/Jan/2025:02:21:11 +0300] "POST /ttlock/action-callback.php HTTP/1.0" 500 168 "-" "okhttp/4.2.0"
91.142.84.218 - - [29/Jan/2025:02:21:13 +0300] "POST /public/payment/action-callback.php?domain=kak-doma.bitrix24.ru HTTP/1.0" 200 205 "-" "PayKeeper/2"
195.208.184.34 - - [29/Jan/2025:02:21:04 +0300] "POST /bp/wolfdigits_bp.php?DOMAIN=comforthome.bitrix24.ru&PROTOCOL=1&LANG=ru&APP_SID=7d6fa3cae2feb232579d2145310e7cf9 HTTP/1.0" 200 236 "-" "Bitrix24 Webhook Engine"
47.254.173.8 - - [29/Jan/2025:02:21:21 +0300] "POST /ttlock/action-callback.php HTTP/1.0" 500 168 "-" "okhttp/4.2.0"
47.254.173.8 - - [29/Jan/2025:02:21:21 +0300] "POST /ttlock/action-callback.php HTTP/1.0" 500 168 "-" "okhttp/4.2.0"
89.208.230.2 - - [29/Jan/2025:02:21:19 +0300] "POST /bp/wolfdigits_bp.php?DOMAIN=comforthome.bitrix24.ru&PROTOCOL=1&LANG=ru&APP_SID=7d6fa3cae2feb232579d2145310e7cf9 HTTP/1.0" 200 236 "-" "Bitrix24 Webhook Engine"
195.208.184.200 - - [29/Jan/2025:02:21:35 +0300] "POST /bp/wolfdigits_bp.php?DOMAIN=comforthome.bitrix24.ru&PROTOCOL=1&LANG=ru&APP_SID=7d6fa3cae2feb232579d2145310e7cf9 HTTP/1.0" 200 236 "-" "Bitrix24 Webhook Engine"
47.254.173.8 - - [29/Jan/2025:02:21:51 +0300] "POST /ttlock/action-callback.php HTTP/1.0" 500 168 "-" "okhttp/4.2.0"
47.254.173.8 - - [29/Jan/2025:02:21:52 +0300] "POST /ttlock/action-callback.php HTTP/1.0" 500 168 "-" "okhttp/4.2.0"
89.208.228.219 - - [29/Jan/2025:02:21:50 +0300] "POST /bp/wolfdigits_bp.php?DOMAIN=comforthome.bitrix24.ru&PROTOCOL=1&LANG=ru&APP_SID=7d6fa3cae2feb232579d2145310e7cf9 HTTP/1.0" 200 236 "-" "Bitrix24 Webhook Engine"
195.208.184.200 - - [29/Jan/2025:02:22:05 +0300] "POST /bp/wolfdigits_bp.php?DOMAIN=comforthome.bitrix24.ru&PROTOCOL=1&LANG=ru&APP_SID=7d6fa3cae2feb232579d2145310e7cf9 HTTP/1.0" 200 236 "-" "Bitrix24 Webhook Engine"
89.208.228.219 - - [29/Jan/2025:02:22:21 +0300] "POST /bp/wolfdigits_bp.php?DOMAIN=comforthome.bitrix24.ru&PROTOCOL=1&LANG=ru&APP_SID=7d6fa3cae2feb232579d2145310e7cf9 HTTP/1.0" 200 236 "-" "Bitrix24 Webhook Engine"
47.254.173.8 - - [29/Jan/2025:02:22:51 +0300] "POST /ttlock/action-callback.php HTTP/1.0" 500 168 "-" "okhttp/4.2.0"
89.208.230.2 - - [29/Jan/2025:02:22:36 +0300] "POST /bp/wolfdigits_bp.php?DOMAIN=comforthome.bitrix24.ru&PROTOCOL=1&LANG=ru&APP_SID=7d6fa3cae2feb232579d2145310e7cf9 HTTP/1.0" 200 236 "-" "Bitrix24 Webhook Engine"
47.254.173.8 - - [29/Jan/2025:02:22:52 +0300] "POST /ttlock/action-callback.php HTTP/1.0" 500 168 "-" "okhttp/4.2.0"
89.208.230.2 - - [29/Jan/2025:02:22:52 +0300] "POST /bp/wolfdigits_bp.php?DOMAIN=comforthome.bitrix24.ru&PROTOCOL=1&LANG=ru&APP_SID=7d6fa3cae2feb232579d2145310e7cf9 HTTP/1.0" 200 236 "-" "Bitrix24 Webhook Engine"
89.208.230.2 - - [29/Jan/2025:02:23:07 +0300] "POST /bp/wolfdigits_bp.php?DOMAIN=comforthome.bitrix24.ru&PROTOCOL=1&LANG=ru&APP_SID=7d6fa3cae2feb232579d2145310e7cf9 HTTP/1.0" 200 236 "-" "Bitrix24 Webhook Engine"
195.208.184.200 - - [29/Jan/2025:02:23:22 +0300] "POST /bp/wolfdigits_bp.php?DOMAIN=comforthome.bitrix24.ru&PROTOCOL=1&LANG=ru&APP_SID=7d6fa3cae2feb232579d2145310e7cf9 HTTP/1.0" 200 236 "-" "Bitrix24 Webhook Engine"
195.208.184.200 - - [29/Jan/2025:02:23:38 +0300] "POST /bp/wolfdigits_bp.php?DOMAIN=comforthome.bitrix24.ru&PROTOCOL=1&LANG=ru&APP_SID=7d6fa3cae2feb232579d2145310e7cf9 HTTP/1.0" 200 236 "-" "Bitrix24 Webhook Engine"
195.208.184.200 - - [29/Jan/2025:02:23:53 +0300] "POST /bp/wolfdigits_bp.php?DOMAIN=comforthome.bitrix24.ru&PROTOCOL=1&LANG=ru&APP_SID=7d6fa3cae2feb232579d2145310e7cf9 HTTP/1.0" 200 236 "-" "Bitrix24 Webhook Engine"
195.208.184.200 - - [29/Jan/2025:02:24:09 +0300] "POST /bp/wolfdigits_bp.php?DOMAIN=comforthome.bitrix24.ru&PROTOCOL=1&LANG=ru&APP_SID=7d6fa3cae2feb232579d2145310e7cf9 HTTP/1.0" 200 236 "-" "Bitrix24 Webhook Engine"
195.208.184.200 - - [29/Jan/2025:02:24:24 +0300] "POST /bp/wolfdigits_bp.php?DOMAIN=comforthome.bitrix24.ru&PROTOCOL=1&LANG=ru&APP_SID=7d6fa3cae2feb232579d2145310e7cf9 HTTP/1.0" 200 236 "-" "Bitrix24 Webhook Engine"
47.254.173.8 - - [29/Jan/2025:02:24:51 +0300] "POST /ttlock/action-callback.php HTTP/1.0" 500 168 "-" "okhttp/4.2.0"
47.254.173.8 - - [29/Jan/2025:02:24:52 +0300] "POST /ttlock/action-callback.php HTTP/1.0" 500 168 "-" "okhttp/4.2.0"
195.208.184.34 - - [29/Jan/2025:02:24:39 +0300] "POST /bp/wolfdigits_bp.php?DOMAIN=comforthome.bitrix24.ru&PROTOCOL=1&LANG=ru&APP_SID=7d6fa3cae2feb232579d2145310e7cf9 HTTP/1.0" 200 236 "-" "Bitrix24 Webhook Engine"
89.208.230.2 - - [29/Jan/2025:02:24:55 +0300] "POST /bp/wolfdigits_bp.php?DOMAIN=comforthome.bitrix24.ru&PROTOCOL=1&LANG=ru&APP_SID=7d6fa3cae2feb232579d2145310e7cf9 HTTP/1.0" 200 236 "-" "Bitrix24 Webhook Engine"
8.209.85.47 - - [29/Jan/2025:02:25:10 +0300] "POST /ttlock/action-callback.php HTTP/1.0" 200 236 "-" "okhttp/4.2.0"
195.208.184.200 - - [29/Jan/2025:02:25:10 +0300] "POST /bp/wolfdigits_bp.php?DOMAIN=comforthome.bitrix24.ru&PROTOCOL=1&LANG=ru&APP_SID=7d6fa3cae2feb232579d2145310e7cf9 HTTP/1.0" 200 236 "-" "Bitrix24 Webhook Engine"
195.208.184.200 - - [29/Jan/2025:02:25:26 +0300] "POST /bp/wolfdigits_bp.php?DOMAIN=comforthome.bitrix24.ru&PROTOCOL=1&LANG=ru&APP_SID=7d6fa3cae2feb232579d2145310e7cf9 HTTP/1.0" 200 236 "-" "Bitrix24 Webhook Engine"
195.208.184.200 - - [29/Jan/2025:02:25:41 +0300] "POST /bp/wolfdigits_bp.php?DOMAIN=comforthome.bitrix24.ru&PROTOCOL=1&LANG=ru&APP_SID=7d6fa3cae2feb232579d2145310e7cf9 HTTP/1.0" 200 236 "-" "Bitrix24 Webhook Engine"
195.208.184.34 - - [29/Jan/2025:02:25:56 +0300] "POST /bp/wolfdigits_bp.php?DOMAIN=comforthome.bitrix24.ru&PROTOCOL=1&LANG=ru&APP_SID=7d6fa3cae2feb232579d2145310e7cf9 HTTP/1.0" 200 236 "-" "Bitrix24 Webhook Engine"
89.208.228.219 - - [29/Jan/2025:02:26:12 +0300] "POST /bp/wolfdigits_bp.php?DOMAIN=comforthome.bitrix24.ru&PROTOCOL=1&LANG=ru&APP_SID=7d6fa3cae2feb232579d2145310e7cf9 HTTP/1.0" 200 236 "-" "Bitrix24 Webhook Engine"
89.208.230.2 - - [29/Jan/2025:02:26:27 +0300] "POST /bp/wolfdigits_bp.php?DOMAIN=comforthome.bitrix24.ru&PROTOCOL=1&LANG=ru&APP_SID=7d6fa3cae2feb232579d2145310e7cf9 HTTP/1.0" 200 236 "-" "Bitrix24 Webhook Engine"
89.208.228.219 - - [29/Jan/2025:02:26:42 +0300] "POST /bp/wolfdigits_bp.php?DOMAIN=comforthome.bitrix24.ru&PROTOCOL=1&LANG=ru&APP_SID=7d6fa3cae2feb232579d2145310e7cf9 HTTP/1.0" 200 236 "-" "Bitrix24 Webhook Engine"
195.208.184.34 - - [29/Jan/2025:02:26:58 +0300] "POST /bp/wolfdigits_bp.php?DOMAIN=comforthome.bitrix24.ru&PROTOCOL=1&LANG=ru&APP_SID=7d6fa3cae2feb232579d2145310e7cf9 HTTP/1.0" 200 236 "-" "Bitrix24 Webhook Engine"
195.208.184.200 - - [29/Jan/2025:02:27:13 +0300] "POST /bp/wolfdigits_bp.php?DOMAIN=comforthome.bitrix24.ru&PROTOCOL=1&LANG=ru&APP_SID=7d6fa3cae2feb232579d2145310e7cf9 HTTP/1.0" 200 236 "-" "Bitrix24 Webhook Engine"
195.208.184.200 - - [29/Jan/2025:02:27:29 +0300] "POST /bp/wolfdigits_bp.php?DOMAIN=comforthome.bitrix24.ru&PROTOCOL=1&LANG=ru&APP_SID=7d6fa3cae2feb232579d2145310e7cf9 HTTP/1.0" 200 236 "-" "Bitrix24 Webhook Engine"
47.254.173.8 - - [29/Jan/2025:02:27:52 +0300] "POST /ttlock/action-callback.php HTTP/1.0" 500 168 "-" "okhttp/4.2.0"
47.254.173.8 - - [29/Jan/2025:02:27:52 +0300] "POST /ttlock/action-callback.php HTTP/1.0" 500 168 "-" "okhttp/4.2.0"
89.208.228.219 - - [29/Jan/2025:02:27:44 +0300] "POST /bp/wolfdigits_bp.php?DOMAIN=comforthome.bitrix24.ru&PROTOCOL=1&LANG=ru&APP_SID=7d6fa3cae2feb232579d2145310e7cf9 HTTP/1.0" 200 236 "-" "Bitrix24 Webhook Engine"
195.208.184.34 - - [29/Jan/2025:02:28:00 +0300] "POST /bp/wolfdigits_bp.php?DOMAIN=comforthome.bitrix24.ru&PROTOCOL=1&LANG=ru&APP_SID=7d6fa3cae2feb232579d2145310e7cf9 HTTP/1.0" 200 236 "-" "Bitrix24 Webhook Engine"
5.249.134.108 - - [29/Jan/2025:02:28:20 +0300] "POST /octorate/action-callback.php HTTP/1.0" 200 294 "-" "Java/11.0.18"
195.208.184.34 - - [29/Jan/2025:02:28:15 +0300] "POST /bp/wolfdigits_bp.php?DOMAIN=comforthome.bitrix24.ru&PROTOCOL=1&LANG=ru&APP_SID=7d6fa3cae2feb232579d2145310e7cf9 HTTP/1.0" 200 236 "-" "Bitrix24 Webhook Engine"
195.208.184.34 - - [29/Jan/2025:02:28:30 +0300] "POST /bp/wolfdigits_bp.php?DOMAIN=comforthome.bitrix24.ru&PROTOCOL=1&LANG=ru&APP_SID=7d6fa3cae2feb232579d2145310e7cf9 HTTP/1.0" 200 236 "-" "Bitrix24 Webhook Engine"
8.211.47.206 - - [29/Jan/2025:02:28:47 +0300] "POST /ttlock/action-callback.php HTTP/1.0" 200 236 "-" "okhttp/4.2.0"
195.208.184.34 - - [29/Jan/2025:02:28:46 +0300] "POST /bp/wolfdigits_bp.php?DOMAIN=comforthome.bitrix24.ru&PROTOCOL=1&LANG=ru&APP_SID=7d6fa3cae2feb232579d2145310e7cf9 HTTP/1.0" 200 236 "-" "Bitrix24 Webhook Engine"
195.208.184.200 - - [29/Jan/2025:02:29:01 +0300] "POST /bp/wolfdigits_bp.php?DOMAIN=comforthome.bitrix24.ru&PROTOCOL=1&LANG=ru&APP_SID=7d6fa3cae2feb232579d2145310e7cf9 HTTP/1.0" 200 236 "-" "Bitrix24 Webhook Engine"
195.208.184.200 - - [29/Jan/2025:02:29:17 +0300] "POST /bp/wolfdigits_bp.php?DOMAIN=comforthome.bitrix24.ru&PROTOCOL=1&LANG=ru&APP_SID=7d6fa3cae2feb232579d2145310e7cf9 HTTP/1.0" 200 236 "-" "Bitrix24 Webhook Engine"
89.208.228.219 - - [29/Jan/2025:02:29:32 +0300] "POST /bp/wolfdigits_bp.php?DOMAIN=comforthome.bitrix24.ru&PROTOCOL=1&LANG=ru&APP_SID=7d6fa3cae2feb232579d2145310e7cf9 HTTP/1.0" 200 236 "-" "Bitrix24 Webhook Engine"
195.208.184.200 - - [29/Jan/2025:02:29:47 +0300] "POST /bp/wolfdigits_bp.php?DOMAIN=comforthome.bitrix24.ru&PROTOCOL=1&LANG=ru&APP_SID=7d6fa3cae2feb232579d2145310e7cf9 HTTP/1.0" 200 236 "-" "Bitrix24 Webhook Engine"
89.208.228.219 - - [29/Jan/2025:02:30:03 +0300] "POST /bp/wolfdigits_bp.php?DOMAIN=comforthome.bitrix24.ru&PROTOCOL=1&LANG=ru&APP_SID=7d6fa3cae2feb232579d2145310e7cf9 HTTP/1.0" 200 236 "-" "Bitrix24 Webhook Engine"
5.249.134.108 - - [29/Jan/2025:02:30:20 +0300] "POST /octorate/action-callback.php HTTP/1.0" 200 294 "-" "Java/11.0.18"
195.208.184.34 - - [29/Jan/2025:02:30:19 +0300] "POST /bp/wolfdigits_bp.php?DOMAIN=comforthome.bitrix24.ru&PROTOCOL=1&LANG=ru&APP_SID=7d6fa3cae2feb232579d2145310e7cf9 HTTP/1.0" 200 236 "-" "Bitrix24 Webhook Engine"
195.208.184.200 - - [29/Jan/2025:02:30:34 +0300] "POST /bp/wolfdigits_bp.php?DOMAIN=comforthome.bitrix24.ru&PROTOCOL=1&LANG=ru&APP_SID=7d6fa3cae2feb232579d2145310e7cf9 HTTP/1.0" 200 236 "-" "Bitrix24 Webhook Engine"
89.208.228.219 - - [29/Jan/2025:02:30:49 +0300] "POST /bp/wolfdigits_bp.php?DOMAIN=comforthome.bitrix24.ru&PROTOCOL=1&LANG=ru&APP_SID=7d6fa3cae2feb232579d2145310e7cf9 HTTP/1.0" 200 236 "-" "Bitrix24 Webhook Engine"
195.208.184.34 - - [29/Jan/2025:02:31:05 +0300] "POST /bp/wolfdigits_bp.php?DOMAIN=comforthome.bitrix24.ru&PROTOCOL=1&LANG=ru&APP_SID=7d6fa3cae2feb232579d2145310e7cf9 HTTP/1.0" 200 236 "-" "Bitrix24 Webhook Engine"
91.142.84.218 - - [29/Jan/2025:02:31:25 +0300] "POST /public/payment/action-callback.php?domain=kak-doma.bitrix24.ru HTTP/1.0" 200 205 "-" "PayKeeper/2"
195.208.184.34 - - [29/Jan/2025:02:31:20 +0300] "POST /bp/wolfdigits_bp.php?DOMAIN=comforthome.bitrix24.ru&PROTOCOL=1&LANG=ru&APP_SID=7d6fa3cae2feb232579d2145310e7cf9 HTTP/1.0" 200 236 "-" "Bitrix24 Webhook Engine"
195.208.184.34 - - [29/Jan/2025:02:31:36 +0300] "POST /bp/wolfdigits_bp.php?DOMAIN=comforthome.bitrix24.ru&PROTOCOL=1&LANG=ru&APP_SID=7d6fa3cae2feb232579d2145310e7cf9 HTTP/1.0" 200 236 "-" "Bitrix24 Webhook Engine"
47.254.173.8 - - [29/Jan/2025:02:31:52 +0300] "POST /ttlock/action-callback.php HTTP/1.0" 500 168 "-" "okhttp/4.2.0"
47.254.173.8 - - [29/Jan/2025:02:31:52 +0300] "POST /ttlock/action-callback.php HTTP/1.0" 500 168 "-" "okhttp/4.2.0"
89.208.228.219 - - [29/Jan/2025:02:31:51 +0300] "POST /bp/wolfdigits_bp.php?DOMAIN=comforthome.bitrix24.ru&PROTOCOL=1&LANG=ru&APP_SID=7d6fa3cae2feb232579d2145310e7cf9 HTTP/1.0" 200 236 "-" "Bitrix24 Webhook Engine"
195.208.184.34 - - [29/Jan/2025:02:32:06 +0300] "POST /bp/wolfdigits_bp.php?DOMAIN=comforthome.bitrix24.ru&PROTOCOL=1&LANG=ru&APP_SID=7d6fa3cae2feb232579d2145310e7cf9 HTTP/1.0" 200 236 "-" "Bitrix24 Webhook Engine"
89.208.228.219 - - [29/Jan/2025:02:32:22 +0300] "POST /bp/wolfdigits_bp.php?DOMAIN=comforthome.bitrix24.ru&PROTOCOL=1&LANG=ru&APP_SID=7d6fa3cae2feb232579d2145310e7cf9 HTTP/1.0" 200 236 "-" "Bitrix24 Webhook Engine"
195.208.184.200 - - [29/Jan/2025:02:32:37 +0300] "POST /bp/wolfdigits_bp.php?DOMAIN=comforthome.bitrix24.ru&PROTOCOL=1&LANG=ru&APP_SID=7d6fa3cae2feb232579d2145310e7cf9 HTTP/1.0" 200 236 "-" "Bitrix24 Webhook Engine"
89.208.228.219 - - [29/Jan/2025:02:32:53 +0300] "POST /bp/wolfdigits_bp.php?DOMAIN=comforthome.bitrix24.ru&PROTOCOL=1&LANG=ru&APP_SID=7d6fa3cae2feb232579d2145310e7cf9 HTTP/1.0" 200 236 "-" "Bitrix24 Webhook Engine"
195.208.184.34 - - [29/Jan/2025:02:33:08 +0300] "POST /bp/wolfdigits_bp.php?DOMAIN=comforthome.bitrix24.ru&PROTOCOL=1&LANG=ru&APP_SID=7d6fa3cae2feb232579d2145310e7cf9 HTTP/1.0" 200 236 "-" "Bitrix24 Webhook Engine"
47.254.173.8 - - [29/Jan/2025:02:33:24 +0300] "POST /ttlock/action-callback.php HTTP/1.0" 200 236 "-" "okhttp/4.2.0"
195.208.184.200 - - [29/Jan/2025:02:33:23 +0300] "POST /bp/wolfdigits_bp.php?DOMAIN=comforthome.bitrix24.ru&PROTOCOL=1&LANG=ru&APP_SID=7d6fa3cae2feb232579d2145310e7cf9 HTTP/1.0" 200 236 "-" "Bitrix24 Webhook Engine"
89.208.230.2 - - [29/Jan/2025:02:33:39 +0300] "POST /bp/wolfdigits_bp.php?DOMAIN=comforthome.bitrix24.ru&PROTOCOL=1&LANG=ru&APP_SID=7d6fa3cae2feb232579d2145310e7cf9 HTTP/1.0" 200 236 "-" "Bitrix24 Webhook Engine"
89.208.230.2 - - [29/Jan/2025:02:33:54 +0300] "POST /bp/wolfdigits_bp.php?DOMAIN=comforthome.bitrix24.ru&PROTOCOL=1&LANG=ru&APP_SID=7d6fa3cae2feb232579d2145310e7cf9 HTTP/1.0" 200 236 "-" "Bitrix24 Webhook Engine"
195.208.184.200 - - [29/Jan/2025:02:34:10 +0300] "POST /bp/wolfdigits_bp.php?DOMAIN=comforthome.bitrix24.ru&PROTOCOL=1&LANG=ru&APP_SID=7d6fa3cae2feb232579d2145310e7cf9 HTTP/1.0" 200 236 "-" "Bitrix24 Webhook Engine"
89.208.228.219 - - [29/Jan/2025:02:34:25 +0300] "POST /bp/wolfdigits_bp.php?DOMAIN=comforthome.bitrix24.ru&PROTOCOL=1&LANG=ru&APP_SID=7d6fa3cae2feb232579d2145310e7cf9 HTTP/1.0" 200 236 "-" "Bitrix24 Webhook Engine"
195.208.184.34 - - [29/Jan/2025:02:34:40 +0300] "POST /bp/wolfdigits_bp.php?DOMAIN=comforthome.bitrix24.ru&PROTOCOL=1&LANG=ru&APP_SID=7d6fa3cae2feb232579d2145310e7cf9 HTTP/1.0" 200 236 "-" "Bitrix24 Webhook Engine"
195.208.184.34 - - [29/Jan/2025:02:34:56 +0300] "POST /bp/wolfdigits_bp.php?DOMAIN=comforthome.bitrix24.ru&PROTOCOL=1&LANG=ru&APP_SID=7d6fa3cae2feb232579d2145310e7cf9 HTTP/1.0" 200 236 "-" "Bitrix24 Webhook Engine"
89.208.230.2 - - [29/Jan/2025:02:35:11 +0300] "POST /bp/wolfdigits_bp.php?DOMAIN=comforthome.bitrix24.ru&PROTOCOL=1&LANG=ru&APP_SID=7d6fa3cae2feb232579d2145310e7cf9 HTTP/1.0" 200 236 "-" "Bitrix24 Webhook Engine"
195.208.184.200 - - [29/Jan/2025:02:35:27 +0300] "POST /bp/wolfdigits_bp.php?DOMAIN=comforthome.bitrix24.ru&PROTOCOL=1&LANG=ru&APP_SID=7d6fa3cae2feb232579d2145310e7cf9 HTTP/1.0" 200 236 "-" "Bitrix24 Webhook Engine"
195.208.184.200 - - [29/Jan/2025:02:35:42 +0300] "POST /bp/wolfdigits_bp.php?DOMAIN=comforthome.bitrix24.ru&PROTOCOL=1&LANG=ru&APP_SID=7d6fa3cae2feb232579d2145310e7cf9 HTTP/1.0" 200 236 "-" "Bitrix24 Webhook Engine"
195.208.184.34 - - [29/Jan/2025:02:35:58 +0300] "POST /bp/wolfdigits_bp.php?DOMAIN=comforthome.bitrix24.ru&PROTOCOL=1&LANG=ru&APP_SID=7d6fa3cae2feb232579d2145310e7cf9 HTTP/1.0" 200 236 "-" "Bitrix24 Webhook Engine"
5.249.134.108 - - [29/Jan/2025:02:36:20 +0300] "POST /octorate/action-callback.php HTTP/1.0" 200 294 "-" "Java/11.0.18"
195.208.184.34 - - [29/Jan/2025:02:36:13 +0300] "POST /bp/wolfdigits_bp.php?DOMAIN=comforthome.bitrix24.ru&PROTOCOL=1&LANG=ru&APP_SID=7d6fa3cae2feb232579d2145310e7cf9 HTTP/1.0" 200 236 "-" "Bitrix24 Webhook Engine"
89.208.230.2 - - [29/Jan/2025:02:36:28 +0300] "POST /bp/wolfdigits_bp.php?DOMAIN=comforthome.bitrix24.ru&PROTOCOL=1&LANG=ru&APP_SID=7d6fa3cae2feb232579d2145310e7cf9 HTTP/1.0" 200 236 "-" "Bitrix24 Webhook Engine"
47.254.173.8 - - [29/Jan/2025:02:36:52 +0300] "POST /ttlock/action-callback.php HTTP/1.0" 500 168 "-" "okhttp/4.2.0"
47.254.173.8 - - [29/Jan/2025:02:36:52 +0300] "POST /ttlock/action-callback.php HTTP/1.0" 500 168 "-" "okhttp/4.2.0"
195.208.184.34 - - [29/Jan/2025:02:36:44 +0300] "POST /bp/wolfdigits_bp.php?DOMAIN=comforthome.bitrix24.ru&PROTOCOL=1&LANG=ru&APP_SID=7d6fa3cae2feb232579d2145310e7cf9 HTTP/1.0" 200 236 "-" "Bitrix24 Webhook Engine"
77.75.154.206 - - [29/Jan/2025:02:37:08 +0300] "POST /public/payment/action-callback.php?domain=renthouse.bitrix24.ru HTTP/1.0" 200 187 "-" "AHC/2.1"
77.75.154.206 - - [29/Jan/2025:02:37:09 +0300] "POST /public/payment/action-callback.php?domain=renthouse.bitrix24.ru HTTP/1.0" 200 187 "-" "AHC/2.1"
195.208.184.34 - - [29/Jan/2025:02:36:59 +0300] "POST /bp/wolfdigits_bp.php?DOMAIN=comforthome.bitrix24.ru&PROTOCOL=1&LANG=ru&APP_SID=7d6fa3cae2feb232579d2145310e7cf9 HTTP/1.0" 200 236 "-" "Bitrix24 Webhook Engine"
195.208.184.200 - - [29/Jan/2025:02:37:14 +0300] "POST /bp/wolfdigits_bp.php?DOMAIN=comforthome.bitrix24.ru&PROTOCOL=1&LANG=ru&APP_SID=7d6fa3cae2feb232579d2145310e7cf9 HTTP/1.0" 200 236 "-" "Bitrix24 Webhook Engine"
195.208.184.34 - - [29/Jan/2025:02:37:30 +0300] "POST /bp/wolfdigits_bp.php?DOMAIN=comforthome.bitrix24.ru&PROTOCOL=1&LANG=ru&APP_SID=7d6fa3cae2feb232579d2145310e7cf9 HTTP/1.0" 200 236 "-" "Bitrix24 Webhook Engine"
89.208.228.219 - - [29/Jan/2025:02:37:46 +0300] "POST /public/ttlock/action-bp-code.php HTTP/1.0" 200 238 "-" "Bitrix24 Webhook Engine"
195.208.184.200 - - [29/Jan/2025:02:37:48 +0300] "POST /public/ttlock/action-bp-code.php HTTP/1.0" 200 238 "-" "Bitrix24 Webhook Engine"
89.208.230.2 - - [29/Jan/2025:02:37:49 +0300] "POST /public/ttlock/action-bp-code.php HTTP/1.0" 200 238 "-" "Bitrix24 Webhook Engine"
89.208.228.219 - - [29/Jan/2025:02:37:45 +0300] "POST /bp/wolfdigits_bp.php?DOMAIN=comforthome.bitrix24.ru&PROTOCOL=1&LANG=ru&APP_SID=7d6fa3cae2feb232579d2145310e7cf9 HTTP/1.0" 200 236 "-" "Bitrix24 Webhook Engine"
195.208.184.200 - - [29/Jan/2025:02:38:01 +0300] "POST /bp/wolfdigits_bp.php?DOMAIN=comforthome.bitrix24.ru&PROTOCOL=1&LANG=ru&APP_SID=7d6fa3cae2feb232579d2145310e7cf9 HTTP/1.0" 200 236 "-" "Bitrix24 Webhook Engine"
89.208.228.219 - - [29/Jan/2025:02:38:16 +0300] "POST /bp/wolfdigits_bp.php?DOMAIN=comforthome.bitrix24.ru&PROTOCOL=1&LANG=ru&APP_SID=7d6fa3cae2feb232579d2145310e7cf9 HTTP/1.0" 200 236 "-" "Bitrix24 Webhook Engine"
89.208.228.219 - - [29/Jan/2025:02:38:31 +0300] "POST /bp/wolfdigits_bp.php?DOMAIN=comforthome.bitrix24.ru&PROTOCOL=1&LANG=ru&APP_SID=7d6fa3cae2feb232579d2145310e7cf9 HTTP/1.0" 200 236 "-" "Bitrix24 Webhook Engine"
195.208.184.200 - - [29/Jan/2025:02:38:47 +0300] "POST /bp/wolfdigits_bp.php?DOMAIN=comforthome.bitrix24.ru&PROTOCOL=1&LANG=ru&APP_SID=7d6fa3cae2feb232579d2145310e7cf9 HTTP/1.0" 200 236 "-" "Bitrix24 Webhook Engine"
8.209.90.215 - - [29/Jan/2025:02:39:13 +0300] "POST /ttlock/action-callback.php HTTP/1.0" 200 236 "-" "okhttp/4.2.0"
195.208.184.34 - - [29/Jan/2025:02:39:02 +0300] "POST /bp/wolfdigits_bp.php?DOMAIN=comforthome.bitrix24.ru&PROTOCOL=1&LANG=ru&APP_SID=7d6fa3cae2feb232579d2145310e7cf9 HTTP/1.0" 200 236 "-" "Bitrix24 Webhook Engine"
89.208.230.2 - - [29/Jan/2025:02:39:22 +0300] "POST /bp/wolfdigits_bp.php?DOMAIN=dobryesutki.bitrix24.ru&PROTOCOL=1&LANG=ru&APP_SID=5a783657c9a37734be12c1add7b1fc75 HTTP/1.0" 200 236 "-" "Bitrix24 Webhook Engine"
89.208.228.219 - - [29/Jan/2025:02:39:18 +0300] "POST /bp/wolfdigits_bp.php?DOMAIN=comforthome.bitrix24.ru&PROTOCOL=1&LANG=ru&APP_SID=7d6fa3cae2feb232579d2145310e7cf9 HTTP/1.0" 200 236 "-" "Bitrix24 Webhook Engine"
47.254.173.8 - - [29/Jan/2025:02:39:40 +0300] "POST /ttlock/action-callback.php HTTP/1.0" 200 236 "-" "okhttp/4.2.0"
195.208.184.34 - - [29/Jan/2025:02:39:33 +0300] "POST /bp/wolfdigits_bp.php?DOMAIN=comforthome.bitrix24.ru&PROTOCOL=1&LANG=ru&APP_SID=7d6fa3cae2feb232579d2145310e7cf9 HTTP/1.0" 200 236 "-" "Bitrix24 Webhook Engine"
195.208.184.34 - - [29/Jan/2025:02:39:48 +0300] "POST /bp/wolfdigits_bp.php?DOMAIN=comforthome.bitrix24.ru&PROTOCOL=1&LANG=ru&APP_SID=7d6fa3cae2feb232579d2145310e7cf9 HTTP/1.0" 200 236 "-" "Bitrix24 Webhook Engine"
195.208.184.34 - - [29/Jan/2025:02:40:04 +0300] "POST /bp/wolfdigits_bp.php?DOMAIN=comforthome.bitrix24.ru&PROTOCOL=1&LANG=ru&APP_SID=7d6fa3cae2feb232579d2145310e7cf9 HTTP/1.0" 200 236 "-" "Bitrix24 Webhook Engine"
195.208.184.200 - - [29/Jan/2025:02:40:19 +0300] "POST /bp/wolfdigits_bp.php?DOMAIN=comforthome.bitrix24.ru&PROTOCOL=1&LANG=ru&APP_SID=7d6fa3cae2feb232579d2145310e7cf9 HTTP/1.0" 200 236 "-" "Bitrix24 Webhook Engine"
89.208.228.219 - - [29/Jan/2025:02:40:35 +0300] "POST /bp/wolfdigits_bp.php?DOMAIN=comforthome.bitrix24.ru&PROTOCOL=1&LANG=ru&APP_SID=7d6fa3cae2feb232579d2145310e7cf9 HTTP/1.0" 200 236 "-" "Bitrix24 Webhook Engine"
89.208.230.2 - - [29/Jan/2025:02:40:48 +0300] "POST /bp/wolfdigits_bp.php?DOMAIN=dapartments.bitrix24.ru&PROTOCOL=1&LANG=ru&APP_SID=d46aae09cdd618ee01459914b66267b3 HTTP/1.0" 200 236 "-" "Bitrix24 Webhook Engine"
89.208.230.2 - - [29/Jan/2025:02:40:50 +0300] "POST /bp/wolfdigits_bp.php?DOMAIN=comforthome.bitrix24.ru&PROTOCOL=1&LANG=ru&APP_SID=7d6fa3cae2feb232579d2145310e7cf9 HTTP/1.0" 200 236 "-" "Bitrix24 Webhook Engine"
91.142.84.218 - - [29/Jan/2025:02:41:09 +0300] "POST /public/payment/action-callback.php?domain=kak-doma.bitrix24.ru HTTP/1.0" 200 205 "-" "PayKeeper/2"
195.208.184.34 - - [29/Jan/2025:02:41:06 +0300] "POST /bp/wolfdigits_bp.php?DOMAIN=comforthome.bitrix24.ru&PROTOCOL=1&LANG=ru&APP_SID=7d6fa3cae2feb232579d2145310e7cf9 HTTP/1.0" 200 236 "-" "Bitrix24 Webhook Engine"
89.208.228.219 - - [29/Jan/2025:02:41:21 +0300] "POST /bp/wolfdigits_bp.php?DOMAIN=comforthome.bitrix24.ru&PROTOCOL=1&LANG=ru&APP_SID=7d6fa3cae2feb232579d2145310e7cf9 HTTP/1.0" 200 236 "-" "Bitrix24 Webhook Engine"
195.208.184.34 - - [29/Jan/2025:02:41:36 +0300] "POST /bp/wolfdigits_bp.php?DOMAIN=comforthome.bitrix24.ru&PROTOCOL=1&LANG=ru&APP_SID=7d6fa3cae2feb232579d2145310e7cf9 HTTP/1.0" 200 236 "-" "Bitrix24 Webhook Engine"
89.208.230.2 - - [29/Jan/2025:02:41:52 +0300] "POST /bp/wolfdigits_bp.php?DOMAIN=comforthome.bitrix24.ru&PROTOCOL=1&LANG=ru&APP_SID=7d6fa3cae2feb232579d2145310e7cf9 HTTP/1.0" 200 236 "-" "Bitrix24 Webhook Engine"
195.208.184.200 - - [29/Jan/2025:02:42:07 +0300] "POST /bp/wolfdigits_bp.php?DOMAIN=comforthome.bitrix24.ru&PROTOCOL=1&LANG=ru&APP_SID=7d6fa3cae2feb232579d2145310e7cf9 HTTP/1.0" 200 236 "-" "Bitrix24 Webhook Engine"
89.208.228.219 - - [29/Jan/2025:02:42:23 +0300] "POST /bp/wolfdigits_bp.php?DOMAIN=comforthome.bitrix24.ru&PROTOCOL=1&LANG=ru&APP_SID=7d6fa3cae2feb232579d2145310e7cf9 HTTP/1.0" 200 236 "-" "Bitrix24 Webhook Engine"
47.254.173.8 - - [29/Jan/2025:02:42:53 +0300] "POST /ttlock/action-callback.php HTTP/1.0" 500 168 "-" "okhttp/4.2.0"
47.254.173.8 - - [29/Jan/2025:02:42:53 +0300] "POST /ttlock/action-callback.php HTTP/1.0" 500 168 "-" "okhttp/4.2.0"
89.208.228.219 - - [29/Jan/2025:02:42:39 +0300] "POST /bp/wolfdigits_bp.php?DOMAIN=comforthome.bitrix24.ru&PROTOCOL=1&LANG=ru&APP_SID=7d6fa3cae2feb232579d2145310e7cf9 HTTP/1.0" 200 236 "-" "Bitrix24 Webhook Engine"
89.208.230.2 - - [29/Jan/2025:02:42:54 +0300] "POST /bp/wolfdigits_bp.php?DOMAIN=comforthome.bitrix24.ru&PROTOCOL=1&LANG=ru&APP_SID=7d6fa3cae2feb232579d2145310e7cf9 HTTP/1.0" 200 236 "-" "Bitrix24 Webhook Engine"
195.208.184.200 - - [29/Jan/2025:02:43:09 +0300] "POST /bp/wolfdigits_bp.php?DOMAIN=comforthome.bitrix24.ru&PROTOCOL=1&LANG=ru&APP_SID=7d6fa3cae2feb232579d2145310e7cf9 HTTP/1.0" 200 236 "-" "Bitrix24 Webhook Engine"
89.208.230.2 - - [29/Jan/2025:02:43:25 +0300] "POST /bp/wolfdigits_bp.php?DOMAIN=comforthome.bitrix24.ru&PROTOCOL=1&LANG=ru&APP_SID=7d6fa3cae2feb232579d2145310e7cf9 HTTP/1.0" 200 236 "-" "Bitrix24 Webhook Engine"
195.208.184.34 - - [29/Jan/2025:02:43:40 +0300] "POST /bp/wolfdigits_bp.php?DOMAIN=comforthome.bitrix24.ru&PROTOCOL=1&LANG=ru&APP_SID=7d6fa3cae2feb232579d2145310e7cf9 HTTP/1.0" 200 236 "-" "Bitrix24 Webhook Engine"
89.208.228.219 - - [29/Jan/2025:02:43:56 +0300] "POST /bp/wolfdigits_bp.php?DOMAIN=comforthome.bitrix24.ru&PROTOCOL=1&LANG=ru&APP_SID=7d6fa3cae2feb232579d2145310e7cf9 HTTP/1.0" 200 236 "-" "Bitrix24 Webhook Engine"
89.208.230.2 - - [29/Jan/2025:02:44:11 +0300] "POST /bp/wolfdigits_bp.php?DOMAIN=comforthome.bitrix24.ru&PROTOCOL=1&LANG=ru&APP_SID=7d6fa3cae2feb232579d2145310e7cf9 HTTP/1.0" 200 236 "-" "Bitrix24 Webhook Engine"
195.208.184.200 - - [29/Jan/2025:02:44:26 +0300] "POST /bp/wolfdigits_bp.php?DOMAIN=comforthome.bitrix24.ru&PROTOCOL=1&LANG=ru&APP_SID=7d6fa3cae2feb232579d2145310e7cf9 HTTP/1.0" 200 236 "-" "Bitrix24 Webhook Engine"
89.208.228.219 - - [29/Jan/2025:02:44:42 +0300] "POST /bp/wolfdigits_bp.php?DOMAIN=comforthome.bitrix24.ru&PROTOCOL=1&LANG=ru&APP_SID=7d6fa3cae2feb232579d2145310e7cf9 HTTP/1.0" 200 236 "-" "Bitrix24 Webhook Engine"
195.208.184.200 - - [29/Jan/2025:02:44:57 +0300] "POST /bp/wolfdigits_bp.php?DOMAIN=comforthome.bitrix24.ru&PROTOCOL=1&LANG=ru&APP_SID=7d6fa3cae2feb232579d2145310e7cf9 HTTP/1.0" 200 236 "-" "Bitrix24 Webhook Engine"
89.208.230.2 - - [29/Jan/2025:02:45:13 +0300] "POST /bp/wolfdigits_bp.php?DOMAIN=comforthome.bitrix24.ru&PROTOCOL=1&LANG=ru&APP_SID=7d6fa3cae2feb232579d2145310e7cf9 HTTP/1.0" 200 236 "-" "Bitrix24 Webhook Engine"
47.254.173.8 - - [29/Jan/2025:02:45:42 +0300] "POST /ttlock/action-callback.php HTTP/1.0" 500 168 "-" "okhttp/4.2.0"
89.208.228.219 - - [29/Jan/2025:02:45:28 +0300] "POST /bp/wolfdigits_bp.php?DOMAIN=comforthome.bitrix24.ru&PROTOCOL=1&LANG=ru&APP_SID=7d6fa3cae2feb232579d2145310e7cf9 HTTP/1.0" 200 236 "-" "Bitrix24 Webhook Engine"
47.254.173.8 - - [29/Jan/2025:02:45:53 +0300] "POST /ttlock/action-callback.php HTTP/1.0" 500 168 "-" "okhttp/4.2.0"
89.208.228.219 - - [29/Jan/2025:02:45:44 +0300] "POST /bp/wolfdigits_bp.php?DOMAIN=comforthome.bitrix24.ru&PROTOCOL=1&LANG=ru&APP_SID=7d6fa3cae2feb232579d2145310e7cf9 HTTP/1.0" 200 236 "-" "Bitrix24 Webhook Engine"
195.208.184.34 - - [29/Jan/2025:02:46:00 +0300] "POST /bp/wolfdigits_bp.php?DOMAIN=comforthome.bitrix24.ru&PROTOCOL=1&LANG=ru&APP_SID=7d6fa3cae2feb232579d2145310e7cf9 HTTP/1.0" 200 236 "-" "Bitrix24 Webhook Engine"
47.254.173.8 - - [29/Jan/2025:02:46:23 +0300] "POST /ttlock/action-callback.php HTTP/1.0" 500 168 "-" "okhttp/4.2.0"
195.208.184.200 - - [29/Jan/2025:02:46:15 +0300] "POST /bp/wolfdigits_bp.php?DOMAIN=comforthome.bitrix24.ru&PROTOCOL=1&LANG=ru&APP_SID=7d6fa3cae2feb232579d2145310e7cf9 HTTP/1.0" 200 236 "-" "Bitrix24 Webhook Engine"
89.208.230.2 - - [29/Jan/2025:02:46:31 +0300] "POST /bp/wolfdigits_bp.php?DOMAIN=comforthome.bitrix24.ru&PROTOCOL=1&LANG=ru&APP_SID=7d6fa3cae2feb232579d2145310e7cf9 HTTP/1.0" 200 236 "-" "Bitrix24 Webhook Engine"
89.208.228.219 - - [29/Jan/2025:02:46:46 +0300] "POST /bp/wolfdigits_bp.php?DOMAIN=comforthome.bitrix24.ru&PROTOCOL=1&LANG=ru&APP_SID=7d6fa3cae2feb232579d2145310e7cf9 HTTP/1.0" 200 236 "-" "Bitrix24 Webhook Engine"
195.208.184.200 - - [29/Jan/2025:02:47:02 +0300] "POST /bp/wolfdigits_bp.php?DOMAIN=comforthome.bitrix24.ru&PROTOCOL=1&LANG=ru&APP_SID=7d6fa3cae2feb232579d2145310e7cf9 HTTP/1.0" 200 236 "-" "Bitrix24 Webhook Engine"
47.254.173.8 - - [29/Jan/2025:02:47:19 +0300] "POST /ttlock/action-callback.php HTTP/1.0" 200 236 "-" "okhttp/4.2.0"
47.254.173.8 - - [29/Jan/2025:02:47:23 +0300] "POST /ttlock/action-callback.php HTTP/1.0" 500 168 "-" "okhttp/4.2.0"
89.208.228.219 - - [29/Jan/2025:02:47:17 +0300] "POST /bp/wolfdigits_bp.php?DOMAIN=comforthome.bitrix24.ru&PROTOCOL=1&LANG=ru&APP_SID=7d6fa3cae2feb232579d2145310e7cf9 HTTP/1.0" 200 236 "-" "Bitrix24 Webhook Engine"
89.208.230.2 - - [29/Jan/2025:02:47:33 +0300] "POST /bp/wolfdigits_bp.php?DOMAIN=comforthome.bitrix24.ru&PROTOCOL=1&LANG=ru&APP_SID=7d6fa3cae2feb232579d2145310e7cf9 HTTP/1.0" 200 236 "-" "Bitrix24 Webhook Engine"
195.208.184.34 - - [29/Jan/2025:02:47:48 +0300] "POST /bp/wolfdigits_bp.php?DOMAIN=comforthome.bitrix24.ru&PROTOCOL=1&LANG=ru&APP_SID=7d6fa3cae2feb232579d2145310e7cf9 HTTP/1.0" 200 236 "-" "Bitrix24 Webhook Engine"
195.208.184.200 - - [29/Jan/2025:02:48:03 +0300] "POST /bp/wolfdigits_bp.php?DOMAIN=comforthome.bitrix24.ru&PROTOCOL=1&LANG=ru&APP_SID=7d6fa3cae2feb232579d2145310e7cf9 HTTP/1.0" 200 236 "-" "Bitrix24 Webhook Engine"
195.208.184.34 - - [29/Jan/2025:02:48:19 +0300] "POST /bp/wolfdigits_bp.php?DOMAIN=comforthome.bitrix24.ru&PROTOCOL=1&LANG=ru&APP_SID=7d6fa3cae2feb232579d2145310e7cf9 HTTP/1.0" 200 236 "-" "Bitrix24 Webhook Engine"
195.208.184.34 - - [29/Jan/2025:02:48:34 +0300] "POST /bp/wolfdigits_bp.php?DOMAIN=comforthome.bitrix24.ru&PROTOCOL=1&LANG=ru&APP_SID=7d6fa3cae2feb232579d2145310e7cf9 HTTP/1.0" 200 236 "-" "Bitrix24 Webhook Engine"
195.208.184.34 - - [29/Jan/2025:02:48:50 +0300] "POST /bp/wolfdigits_bp.php?DOMAIN=comforthome.bitrix24.ru&PROTOCOL=1&LANG=ru&APP_SID=7d6fa3cae2feb232579d2145310e7cf9 HTTP/1.0" 200 236 "-" "Bitrix24 Webhook Engine"
195.208.184.34 - - [29/Jan/2025:02:49:05 +0300] "POST /bp/wolfdigits_bp.php?DOMAIN=comforthome.bitrix24.ru&PROTOCOL=1&LANG=ru&APP_SID=7d6fa3cae2feb232579d2145310e7cf9 HTTP/1.0" 200 236 "-" "Bitrix24 Webhook Engine"
47.254.173.8 - - [29/Jan/2025:02:49:23 +0300] "POST /ttlock/action-callback.php HTTP/1.0" 500 168 "-" "okhttp/4.2.0"
89.208.230.2 - - [29/Jan/2025:02:49:20 +0300] "POST /bp/wolfdigits_bp.php?DOMAIN=comforthome.bitrix24.ru&PROTOCOL=1&LANG=ru&APP_SID=7d6fa3cae2feb232579d2145310e7cf9 HTTP/1.0" 200 236 "-" "Bitrix24 Webhook Engine"
89.208.230.2 - - [29/Jan/2025:02:49:36 +0300] "POST /bp/wolfdigits_bp.php?DOMAIN=comforthome.bitrix24.ru&PROTOCOL=1&LANG=ru&APP_SID=7d6fa3cae2feb232579d2145310e7cf9 HTTP/1.0" 200 236 "-" "Bitrix24 Webhook Engine"
47.254.173.8 - - [29/Jan/2025:02:49:53 +0300] "POST /ttlock/action-callback.php HTTP/1.0" 500 168 "-" "okhttp/4.2.0"
47.254.173.8 - - [29/Jan/2025:02:49:53 +0300] "POST /ttlock/action-callback.php HTTP/1.0" 500 168 "-" "okhttp/4.2.0"
89.208.230.2 - - [29/Jan/2025:02:49:51 +0300] "POST /bp/wolfdigits_bp.php?DOMAIN=comforthome.bitrix24.ru&PROTOCOL=1&LANG=ru&APP_SID=7d6fa3cae2feb232579d2145310e7cf9 HTTP/1.0" 200 236 "-" "Bitrix24 Webhook Engine"
195.208.184.200 - - [29/Jan/2025:02:50:07 +0300] "POST /bp/wolfdigits_bp.php?DOMAIN=comforthome.bitrix24.ru&PROTOCOL=1&LANG=ru&APP_SID=7d6fa3cae2feb232579d2145310e7cf9 HTTP/1.0" 200 236 "-" "Bitrix24 Webhook Engine"
89.208.230.2 - - [29/Jan/2025:02:50:22 +0300] "POST /bp/wolfdigits_bp.php?DOMAIN=comforthome.bitrix24.ru&PROTOCOL=1&LANG=ru&APP_SID=7d6fa3cae2feb232579d2145310e7cf9 HTTP/1.0" 200 236 "-" "Bitrix24 Webhook Engine"
89.208.230.2 - - [29/Jan/2025:02:50:37 +0300] "POST /bp/wolfdigits_bp.php?DOMAIN=comforthome.bitrix24.ru&PROTOCOL=1&LANG=ru&APP_SID=7d6fa3cae2feb232579d2145310e7cf9 HTTP/1.0" 200 236 "-" "Bitrix24 Webhook Engine"
89.208.230.2 - - [29/Jan/2025:02:50:53 +0300] "POST /bp/wolfdigits_bp.php?DOMAIN=comforthome.bitrix24.ru&PROTOCOL=1&LANG=ru&APP_SID=7d6fa3cae2feb232579d2145310e7cf9 HTTP/1.0" 200 236 "-" "Bitrix24 Webhook Engine"
91.142.84.218 - - [29/Jan/2025:02:51:08 +0300] "POST /public/payment/action-callback.php?domain=kak-doma.bitrix24.ru HTTP/1.0" 200 205 "-" "PayKeeper/2"
195.208.184.34 - - [29/Jan/2025:02:51:08 +0300] "POST /bp/wolfdigits_bp.php?DOMAIN=comforthome.bitrix24.ru&PROTOCOL=1&LANG=ru&APP_SID=7d6fa3cae2feb232579d2145310e7cf9 HTTP/1.0" 200 236 "-" "Bitrix24 Webhook Engine"
195.208.184.34 - - [29/Jan/2025:02:51:24 +0300] "POST /bp/wolfdigits_bp.php?DOMAIN=comforthome.bitrix24.ru&PROTOCOL=1&LANG=ru&APP_SID=7d6fa3cae2feb232579d2145310e7cf9 HTTP/1.0" 200 236 "-" "Bitrix24 Webhook Engine"
195.208.184.34 - - [29/Jan/2025:02:51:39 +0300] "POST /bp/wolfdigits_bp.php?DOMAIN=comforthome.bitrix24.ru&PROTOCOL=1&LANG=ru&APP_SID=7d6fa3cae2feb232579d2145310e7cf9 HTTP/1.0" 200 236 "-" "Bitrix24 Webhook Engine"
195.208.184.34 - - [29/Jan/2025:02:51:54 +0300] "POST /bp/wolfdigits_bp.php?DOMAIN=comforthome.bitrix24.ru&PROTOCOL=1&LANG=ru&APP_SID=7d6fa3cae2feb232579d2145310e7cf9 HTTP/1.0" 200 236 "-" "Bitrix24 Webhook Engine"
47.254.173.8 - - [29/Jan/2025:02:52:24 +0300] "POST /ttlock/action-callback.php HTTP/1.0" 500 168 "-" "okhttp/4.2.0"
8.209.90.215 - - [29/Jan/2025:02:52:25 +0300] "POST /ttlock/action-callback.php HTTP/1.0" 500 168 "-" "okhttp/4.2.0"
195.208.184.200 - - [29/Jan/2025:02:52:10 +0300] "POST /bp/wolfdigits_bp.php?DOMAIN=comforthome.bitrix24.ru&PROTOCOL=1&LANG=ru&APP_SID=7d6fa3cae2feb232579d2145310e7cf9 HTTP/1.0" 200 236 "-" "Bitrix24 Webhook Engine"
8.209.90.215 - - [29/Jan/2025:02:52:25 +0300] "POST /ttlock/action-callback.php HTTP/1.0" 500 168 "-" "okhttp/4.2.0"
8.209.90.215 - - [29/Jan/2025:02:52:35 +0300] "POST /ttlock/action-callback.php HTTP/1.0" 500 168 "-" "okhttp/4.2.0"
8.209.90.215 - - [29/Jan/2025:02:52:35 +0300] "POST /ttlock/action-callback.php HTTP/1.0" 500 168 "-" "okhttp/4.2.0"
195.208.184.200 - - [29/Jan/2025:02:52:25 +0300] "POST /bp/wolfdigits_bp.php?DOMAIN=comforthome.bitrix24.ru&PROTOCOL=1&LANG=ru&APP_SID=7d6fa3cae2feb232579d2145310e7cf9 HTTP/1.0" 200 236 "-" "Bitrix24 Webhook Engine"
158.160.84.45 - - [29/Jan/2025:02:52:47 +0300] "POST /realtycalendar/action-callback.php?bitrix24=kvartburo.bitrix24.ru HTTP/1.0" 200 176 "-" "-"
89.208.228.219 - - [29/Jan/2025:02:52:41 +0300] "POST /bp/wolfdigits_bp.php?DOMAIN=comforthome.bitrix24.ru&PROTOCOL=1&LANG=ru&APP_SID=7d6fa3cae2feb232579d2145310e7cf9 HTTP/1.0" 200 236 "-" "Bitrix24 Webhook Engine"
8.209.90.215 - - [29/Jan/2025:02:53:06 +0300] "POST /ttlock/action-callback.php HTTP/1.0" 500 168 "-" "okhttp/4.2.0"
8.209.90.215 - - [29/Jan/2025:02:53:06 +0300] "POST /ttlock/action-callback.php HTTP/1.0" 500 168 "-" "okhttp/4.2.0"
195.208.184.200 - - [29/Jan/2025:02:52:56 +0300] "POST /bp/wolfdigits_bp.php?DOMAIN=comforthome.bitrix24.ru&PROTOCOL=1&LANG=ru&APP_SID=7d6fa3cae2feb232579d2145310e7cf9 HTTP/1.0" 200 236 "-" "Bitrix24 Webhook Engine"
158.160.84.45 - - [29/Jan/2025:02:53:24 +0300] "POST /realtycalendar/action-callback.php?bitrix24=kvartburo.bitrix24.ru HTTP/1.0" 200 176 "-" "-"
89.208.228.219 - - [29/Jan/2025:02:53:11 +0300] "POST /bp/wolfdigits_bp.php?DOMAIN=comforthome.bitrix24.ru&PROTOCOL=1&LANG=ru&APP_SID=7d6fa3cae2feb232579d2145310e7cf9 HTTP/1.0" 200 236 "-" "Bitrix24 Webhook Engine"
195.208.184.200 - - [29/Jan/2025:02:53:27 +0300] "POST /bp/wolfdigits_bp.php?DOMAIN=comforthome.bitrix24.ru&PROTOCOL=1&LANG=ru&APP_SID=7d6fa3cae2feb232579d2145310e7cf9 HTTP/1.0" 200 236 "-" "Bitrix24 Webhook Engine"
195.208.184.200 - - [29/Jan/2025:02:53:43 +0300] "POST /bp/wolfdigits_bp.php?DOMAIN=comforthome.bitrix24.ru&PROTOCOL=1&LANG=ru&APP_SID=7d6fa3cae2feb232579d2145310e7cf9 HTTP/1.0" 200 236 "-" "Bitrix24 Webhook Engine"
8.209.90.215 - - [29/Jan/2025:02:54:06 +0300] "POST /ttlock/action-callback.php HTTP/1.0" 500 168 "-" "okhttp/4.2.0"
8.209.90.215 - - [29/Jan/2025:02:54:06 +0300] "POST /ttlock/action-callback.php HTTP/1.0" 500 168 "-" "okhttp/4.2.0"
195.208.184.34 - - [29/Jan/2025:02:53:58 +0300] "POST /bp/wolfdigits_bp.php?DOMAIN=comforthome.bitrix24.ru&PROTOCOL=1&LANG=ru&APP_SID=7d6fa3cae2feb232579d2145310e7cf9 HTTP/1.0" 200 236 "-" "Bitrix24 Webhook Engine"
195.208.184.34 - - [29/Jan/2025:02:54:14 +0300] "POST /bp/wolfdigits_bp.php?DOMAIN=comforthome.bitrix24.ru&PROTOCOL=1&LANG=ru&APP_SID=7d6fa3cae2feb232579d2145310e7cf9 HTTP/1.0" 200 236 "-" "Bitrix24 Webhook Engine"
195.208.184.200 - - [29/Jan/2025:02:54:29 +0300] "POST /bp/wolfdigits_bp.php?DOMAIN=comforthome.bitrix24.ru&PROTOCOL=1&LANG=ru&APP_SID=7d6fa3cae2feb232579d2145310e7cf9 HTTP/1.0" 200 236 "-" "Bitrix24 Webhook Engine"
195.208.184.200 - - [29/Jan/2025:02:54:44 +0300] "POST /bp/wolfdigits_bp.php?DOMAIN=comforthome.bitrix24.ru&PROTOCOL=1&LANG=ru&APP_SID=7d6fa3cae2feb232579d2145310e7cf9 HTTP/1.0" 200 236 "-" "Bitrix24 Webhook Engine"
195.208.184.34 - - [29/Jan/2025:02:55:00 +0300] "POST /bp/wolfdigits_bp.php?DOMAIN=comforthome.bitrix24.ru&PROTOCOL=1&LANG=ru&APP_SID=7d6fa3cae2feb232579d2145310e7cf9 HTTP/1.0" 200 236 "-" "Bitrix24 Webhook Engine"
195.208.184.34 - - [29/Jan/2025:02:55:15 +0300] "POST /bp/wolfdigits_bp.php?DOMAIN=comforthome.bitrix24.ru&PROTOCOL=1&LANG=ru&APP_SID=7d6fa3cae2feb232579d2145310e7cf9 HTTP/1.0" 200 236 "-" "Bitrix24 Webhook Engine"
8.209.90.215 - - [29/Jan/2025:02:55:37 +0300] "POST /ttlock/action-callback.php HTTP/1.0" 200 236 "-" "okhttp/4.2.0"
195.208.184.200 - - [29/Jan/2025:02:55:32 +0300] "POST /bp/wolfdigits_bp.php?DOMAIN=comforthome.bitrix24.ru&PROTOCOL=1&LANG=ru&APP_SID=7d6fa3cae2feb232579d2145310e7cf9 HTTP/1.0" 200 236 "-" "Bitrix24 Webhook Engine"
195.208.184.34 - - [29/Jan/2025:02:55:47 +0300] "POST /bp/wolfdigits_bp.php?DOMAIN=comforthome.bitrix24.ru&PROTOCOL=1&LANG=ru&APP_SID=7d6fa3cae2feb232579d2145310e7cf9 HTTP/1.0" 200 236 "-" "Bitrix24 Webhook Engine"
8.209.90.215 - - [29/Jan/2025:02:56:06 +0300] "POST /ttlock/action-callback.php HTTP/1.0" 500 168 "-" "okhttp/4.2.0"
8.209.90.215 - - [29/Jan/2025:02:56:06 +0300] "POST /ttlock/action-callback.php HTTP/1.0" 500 168 "-" "okhttp/4.2.0"
195.208.184.200 - - [29/Jan/2025:02:56:03 +0300] "POST /bp/wolfdigits_bp.php?DOMAIN=comforthome.bitrix24.ru&PROTOCOL=1&LANG=ru&APP_SID=7d6fa3cae2feb232579d2145310e7cf9 HTTP/1.0" 200 236 "-" "Bitrix24 Webhook Engine"
47.254.173.8 - - [29/Jan/2025:02:56:24 +0300] "POST /ttlock/action-callback.php HTTP/1.0" 500 168 "-" "okhttp/4.2.0"
47.254.173.8 - - [29/Jan/2025:02:56:28 +0300] "POST /ttlock/action-callback.php HTTP/1.0" 200 236 "-" "okhttp/4.2.0"
89.208.230.2 - - [29/Jan/2025:02:56:18 +0300] "POST /bp/wolfdigits_bp.php?DOMAIN=comforthome.bitrix24.ru&PROTOCOL=1&LANG=ru&APP_SID=7d6fa3cae2feb232579d2145310e7cf9 HTTP/1.0" 200 236 "-" "Bitrix24 Webhook Engine"
89.208.228.219 - - [29/Jan/2025:02:56:34 +0300] "POST /bp/wolfdigits_bp.php?DOMAIN=comforthome.bitrix24.ru&PROTOCOL=1&LANG=ru&APP_SID=7d6fa3cae2feb232579d2145310e7cf9 HTTP/1.0" 200 236 "-" "Bitrix24 Webhook Engine"
195.208.184.34 - - [29/Jan/2025:02:56:49 +0300] "POST /bp/wolfdigits_bp.php?DOMAIN=comforthome.bitrix24.ru&PROTOCOL=1&LANG=ru&APP_SID=7d6fa3cae2feb232579d2145310e7cf9 HTTP/1.0" 200 236 "-" "Bitrix24 Webhook Engine"
195.208.184.34 - - [29/Jan/2025:02:57:04 +0300] "POST /bp/wolfdigits_bp.php?DOMAIN=comforthome.bitrix24.ru&PROTOCOL=1&LANG=ru&APP_SID=7d6fa3cae2feb232579d2145310e7cf9 HTTP/1.0" 200 236 "-" "Bitrix24 Webhook Engine"
