195.208.184.200 - - [29/Jan/2025:06:56:08 +0300] "POST /bp/wolfdigits_bp.php?DOMAIN=comforthome.bitrix24.ru&PROTOCOL=1&LANG=ru&APP_SID=7d6fa3cae2feb232579d2145310e7cf9 HTTP/1.0" 200 236 "-" "Bitrix24 Webhook Engine"
89.208.230.2 - - [29/Jan/2025:06:56:24 +0300] "POST /bp/wolfdigits_bp.php?DOMAIN=comforthome.bitrix24.ru&PROTOCOL=1&LANG=ru&APP_SID=7d6fa3cae2feb232579d2145310e7cf9 HTTP/1.0" 200 236 "-" "Bitrix24 Webhook Engine"
195.208.184.34 - - [29/Jan/2025:06:56:39 +0300] "POST /bp/wolfdigits_bp.php?DOMAIN=comforthome.bitrix24.ru&PROTOCOL=1&LANG=ru&APP_SID=7d6fa3cae2feb232579d2145310e7cf9 HTTP/1.0" 200 236 "-" "Bitrix24 Webhook Engine"
89.208.228.219 - - [29/Jan/2025:06:56:55 +0300] "POST /bp/wolfdigits_bp.php?DOMAIN=comforthome.bitrix24.ru&PROTOCOL=1&LANG=ru&APP_SID=7d6fa3cae2feb232579d2145310e7cf9 HTTP/1.0" 200 236 "-" "Bitrix24 Webhook Engine"
89.208.228.219 - - [29/Jan/2025:06:57:10 +0300] "POST /bp/wolfdigits_bp.php?DOMAIN=comforthome.bitrix24.ru&PROTOCOL=1&LANG=ru&APP_SID=7d6fa3cae2feb232579d2145310e7cf9 HTTP/1.0" 200 236 "-" "Bitrix24 Webhook Engine"
89.208.228.219 - - [29/Jan/2025:06:57:25 +0300] "POST /bp/wolfdigits_bp.php?DOMAIN=comforthome.bitrix24.ru&PROTOCOL=1&LANG=ru&APP_SID=7d6fa3cae2feb232579d2145310e7cf9 HTTP/1.0" 200 236 "-" "Bitrix24 Webhook Engine"
195.208.184.34 - - [29/Jan/2025:06:57:41 +0300] "POST /bp/wolfdigits_bp.php?DOMAIN=comforthome.bitrix24.ru&PROTOCOL=1&LANG=ru&APP_SID=7d6fa3cae2feb232579d2145310e7cf9 HTTP/1.0" 200 236 "-" "Bitrix24 Webhook Engine"
195.208.184.200 - - [29/Jan/2025:06:57:56 +0300] "POST /bp/wolfdigits_bp.php?DOMAIN=comforthome.bitrix24.ru&PROTOCOL=1&LANG=ru&APP_SID=7d6fa3cae2feb232579d2145310e7cf9 HTTP/1.0" 200 236 "-" "Bitrix24 Webhook Engine"
5.249.134.108 - - [29/Jan/2025:06:58:20 +0300] "POST /octorate/action-callback.php HTTP/1.0" 200 294 "-" "Java/11.0.18"
89.208.228.219 - - [29/Jan/2025:06:58:12 +0300] "POST /bp/wolfdigits_bp.php?DOMAIN=comforthome.bitrix24.ru&PROTOCOL=1&LANG=ru&APP_SID=7d6fa3cae2feb232579d2145310e7cf9 HTTP/1.0" 200 236 "-" "Bitrix24 Webhook Engine"
89.208.230.2 - - [29/Jan/2025:06:58:27 +0300] "POST /bp/wolfdigits_bp.php?DOMAIN=comforthome.bitrix24.ru&PROTOCOL=1&LANG=ru&APP_SID=7d6fa3cae2feb232579d2145310e7cf9 HTTP/1.0" 200 236 "-" "Bitrix24 Webhook Engine"
195.208.184.34 - - [29/Jan/2025:06:58:43 +0300] "POST /bp/wolfdigits_bp.php?DOMAIN=comforthome.bitrix24.ru&PROTOCOL=1&LANG=ru&APP_SID=7d6fa3cae2feb232579d2145310e7cf9 HTTP/1.0" 200 236 "-" "Bitrix24 Webhook Engine"
89.208.228.219 - - [29/Jan/2025:06:58:58 +0300] "POST /bp/wolfdigits_bp.php?DOMAIN=comforthome.bitrix24.ru&PROTOCOL=1&LANG=ru&APP_SID=7d6fa3cae2feb232579d2145310e7cf9 HTTP/1.0" 200 236 "-" "Bitrix24 Webhook Engine"
195.208.184.200 - - [29/Jan/2025:06:59:13 +0300] "POST /bp/wolfdigits_bp.php?DOMAIN=comforthome.bitrix24.ru&PROTOCOL=1&LANG=ru&APP_SID=7d6fa3cae2feb232579d2145310e7cf9 HTTP/1.0" 200 236 "-" "Bitrix24 Webhook Engine"
89.208.228.219 - - [29/Jan/2025:06:59:39 +0300] "POST /public/ttlock/action-bp-code.php HTTP/1.0" 200 238 "-" "Bitrix24 Webhook Engine"
195.208.184.200 - - [29/Jan/2025:06:59:29 +0300] "POST /bp/wolfdigits_bp.php?DOMAIN=comforthome.bitrix24.ru&PROTOCOL=1&LANG=ru&APP_SID=7d6fa3cae2feb232579d2145310e7cf9 HTTP/1.0" 200 236 "-" "Bitrix24 Webhook Engine"
89.208.228.219 - - [29/Jan/2025:06:59:44 +0300] "POST /bp/wolfdigits_bp.php?DOMAIN=comforthome.bitrix24.ru&PROTOCOL=1&LANG=ru&APP_SID=7d6fa3cae2feb232579d2145310e7cf9 HTTP/1.0" 200 236 "-" "Bitrix24 Webhook Engine"
158.160.84.45 - - [29/Jan/2025:07:00:00 +0300] "POST /realtycalendar/action-callback.php?bitrix24=mir-ujuta65.bitrix24.ru HTTP/1.0" 200 180 "-" "-"
89.208.228.219 - - [29/Jan/2025:07:00:00 +0300] "POST /bp/wolfdigits_bp.php?DOMAIN=comforthome.bitrix24.ru&PROTOCOL=1&LANG=ru&APP_SID=7d6fa3cae2feb232579d2145310e7cf9 HTTP/1.0" 200 236 "-" "Bitrix24 Webhook Engine"
195.208.184.34 - - [29/Jan/2025:07:00:15 +0300] "POST /bp/wolfdigits_bp.php?DOMAIN=comforthome.bitrix24.ru&PROTOCOL=1&LANG=ru&APP_SID=7d6fa3cae2feb232579d2145310e7cf9 HTTP/1.0" 200 236 "-" "Bitrix24 Webhook Engine"
89.208.228.219 - - [29/Jan/2025:07:00:31 +0300] "POST /bp/wolfdigits_bp.php?DOMAIN=comforthome.bitrix24.ru&PROTOCOL=1&LANG=ru&APP_SID=7d6fa3cae2feb232579d2145310e7cf9 HTTP/1.0" 200 236 "-" "Bitrix24 Webhook Engine"
195.208.184.200 - - [29/Jan/2025:07:00:46 +0300] "POST /bp/wolfdigits_bp.php?DOMAIN=comforthome.bitrix24.ru&PROTOCOL=1&LANG=ru&APP_SID=7d6fa3cae2feb232579d2145310e7cf9 HTTP/1.0" 200 236 "-" "Bitrix24 Webhook Engine"
195.208.184.200 - - [29/Jan/2025:07:01:02 +0300] "POST /bp/wolfdigits_bp.php?DOMAIN=comforthome.bitrix24.ru&PROTOCOL=1&LANG=ru&APP_SID=7d6fa3cae2feb232579d2145310e7cf9 HTTP/1.0" 200 236 "-" "Bitrix24 Webhook Engine"
89.208.230.2 - - [29/Jan/2025:07:01:17 +0300] "POST /bp/wolfdigits_bp.php?DOMAIN=comforthome.bitrix24.ru&PROTOCOL=1&LANG=ru&APP_SID=7d6fa3cae2feb232579d2145310e7cf9 HTTP/1.0" 200 236 "-" "Bitrix24 Webhook Engine"
195.208.184.34 - - [29/Jan/2025:07:01:33 +0300] "POST /bp/wolfdigits_bp.php?DOMAIN=comforthome.bitrix24.ru&PROTOCOL=1&LANG=ru&APP_SID=7d6fa3cae2feb232579d2145310e7cf9 HTTP/1.0" 200 236 "-" "Bitrix24 Webhook Engine"
195.208.184.34 - - [29/Jan/2025:07:01:48 +0300] "POST /bp/wolfdigits_bp.php?DOMAIN=comforthome.bitrix24.ru&PROTOCOL=1&LANG=ru&APP_SID=7d6fa3cae2feb232579d2145310e7cf9 HTTP/1.0" 200 236 "-" "Bitrix24 Webhook Engine"
158.160.84.45 - - [29/Jan/2025:07:02:00 +0300] "POST /realtycalendar/action-callback.php?bitrix24=premier26.bitrix24.ru HTTP/1.0" 200 176 "-" "-"
195.208.184.34 - - [29/Jan/2025:07:02:03 +0300] "POST /bp/wolfdigits_bp.php?DOMAIN=comforthome.bitrix24.ru&PROTOCOL=1&LANG=ru&APP_SID=7d6fa3cae2feb232579d2145310e7cf9 HTTP/1.0" 200 236 "-" "Bitrix24 Webhook Engine"
89.208.228.219 - - [29/Jan/2025:07:02:19 +0300] "POST /bp/wolfdigits_bp.php?DOMAIN=comforthome.bitrix24.ru&PROTOCOL=1&LANG=ru&APP_SID=7d6fa3cae2feb232579d2145310e7cf9 HTTP/1.0" 200 236 "-" "Bitrix24 Webhook Engine"
89.208.230.2 - - [29/Jan/2025:07:02:34 +0300] "POST /bp/wolfdigits_bp.php?DOMAIN=comforthome.bitrix24.ru&PROTOCOL=1&LANG=ru&APP_SID=7d6fa3cae2feb232579d2145310e7cf9 HTTP/1.0" 200 236 "-" "Bitrix24 Webhook Engine"
89.208.230.2 - - [29/Jan/2025:07:02:50 +0300] "POST /bp/wolfdigits_bp.php?DOMAIN=comforthome.bitrix24.ru&PROTOCOL=1&LANG=ru&APP_SID=7d6fa3cae2feb232579d2145310e7cf9 HTTP/1.0" 200 236 "-" "Bitrix24 Webhook Engine"
195.208.184.200 - - [29/Jan/2025:07:03:05 +0300] "POST /bp/wolfdigits_bp.php?DOMAIN=comforthome.bitrix24.ru&PROTOCOL=1&LANG=ru&APP_SID=7d6fa3cae2feb232579d2145310e7cf9 HTTP/1.0" 200 236 "-" "Bitrix24 Webhook Engine"
158.160.84.45 - - [29/Jan/2025:07:03:28 +0300] "POST /realtycalendar/action-callback.php?bitrix24=premier26.bitrix24.ru HTTP/1.0" 200 176 "-" "-"
195.208.184.34 - - [29/Jan/2025:07:03:20 +0300] "POST /bp/wolfdigits_bp.php?DOMAIN=comforthome.bitrix24.ru&PROTOCOL=1&LANG=ru&APP_SID=7d6fa3cae2feb232579d2145310e7cf9 HTTP/1.0" 200 236 "-" "Bitrix24 Webhook Engine"
158.160.84.45 - - [29/Jan/2025:07:03:39 +0300] "POST /realtycalendar/action-callback.php?bitrix24=premier26.bitrix24.ru HTTP/1.0" 200 176 "-" "-"
158.160.84.45 - - [29/Jan/2025:07:03:41 +0300] "POST /realtycalendar/action-callback.php?bitrix24=premier26.bitrix24.ru HTTP/1.0" 200 176 "-" "-"
158.160.84.45 - - [29/Jan/2025:07:03:48 +0300] "POST /realtycalendar/action-callback.php?bitrix24=premier26.bitrix24.ru HTTP/1.0" 200 176 "-" "-"
89.208.230.2 - - [29/Jan/2025:07:03:36 +0300] "POST /bp/wolfdigits_bp.php?DOMAIN=comforthome.bitrix24.ru&PROTOCOL=1&LANG=ru&APP_SID=7d6fa3cae2feb232579d2145310e7cf9 HTTP/1.0" 200 236 "-" "Bitrix24 Webhook Engine"
195.208.184.200 - - [29/Jan/2025:07:03:51 +0300] "POST /bp/wolfdigits_bp.php?DOMAIN=comforthome.bitrix24.ru&PROTOCOL=1&LANG=ru&APP_SID=7d6fa3cae2feb232579d2145310e7cf9 HTTP/1.0" 200 236 "-" "Bitrix24 Webhook Engine"
5.249.134.108 - - [29/Jan/2025:07:04:20 +0300] "POST /octorate/action-callback.php HTTP/1.0" 200 294 "-" "Java/11.0.18"
5.249.134.108 - - [29/Jan/2025:07:04:20 +0300] "POST /octorate/action-callback.php HTTP/1.0" 200 294 "-" "Java/11.0.18"
195.208.184.34 - - [29/Jan/2025:07:04:07 +0300] "POST /bp/wolfdigits_bp.php?DOMAIN=comforthome.bitrix24.ru&PROTOCOL=1&LANG=ru&APP_SID=7d6fa3cae2feb232579d2145310e7cf9 HTTP/1.0" 200 236 "-" "Bitrix24 Webhook Engine"
89.208.228.219 - - [29/Jan/2025:07:04:22 +0300] "POST /bp/wolfdigits_bp.php?DOMAIN=comforthome.bitrix24.ru&PROTOCOL=1&LANG=ru&APP_SID=7d6fa3cae2feb232579d2145310e7cf9 HTTP/1.0" 200 236 "-" "Bitrix24 Webhook Engine"
89.208.228.219 - - [29/Jan/2025:07:04:37 +0300] "POST /bp/wolfdigits_bp.php?DOMAIN=comforthome.bitrix24.ru&PROTOCOL=1&LANG=ru&APP_SID=7d6fa3cae2feb232579d2145310e7cf9 HTTP/1.0" 200 236 "-" "Bitrix24 Webhook Engine"
195.208.184.200 - - [29/Jan/2025:07:04:53 +0300] "POST /bp/wolfdigits_bp.php?DOMAIN=comforthome.bitrix24.ru&PROTOCOL=1&LANG=ru&APP_SID=7d6fa3cae2feb232579d2145310e7cf9 HTTP/1.0" 200 236 "-" "Bitrix24 Webhook Engine"
195.208.184.34 - - [29/Jan/2025:07:05:08 +0300] "POST /bp/wolfdigits_bp.php?DOMAIN=comforthome.bitrix24.ru&PROTOCOL=1&LANG=ru&APP_SID=7d6fa3cae2feb232579d2145310e7cf9 HTTP/1.0" 200 236 "-" "Bitrix24 Webhook Engine"
195.208.184.34 - - [29/Jan/2025:07:05:24 +0300] "POST /bp/wolfdigits_bp.php?DOMAIN=comforthome.bitrix24.ru&PROTOCOL=1&LANG=ru&APP_SID=7d6fa3cae2feb232579d2145310e7cf9 HTTP/1.0" 200 236 "-" "Bitrix24 Webhook Engine"
195.208.184.34 - - [29/Jan/2025:07:05:39 +0300] "POST /bp/wolfdigits_bp.php?DOMAIN=comforthome.bitrix24.ru&PROTOCOL=1&LANG=ru&APP_SID=7d6fa3cae2feb232579d2145310e7cf9 HTTP/1.0" 200 236 "-" "Bitrix24 Webhook Engine"
89.208.228.219 - - [29/Jan/2025:07:05:55 +0300] "POST /bp/wolfdigits_bp.php?DOMAIN=comforthome.bitrix24.ru&PROTOCOL=1&LANG=ru&APP_SID=7d6fa3cae2feb232579d2145310e7cf9 HTTP/1.0" 200 236 "-" "Bitrix24 Webhook Engine"
5.249.134.108 - - [29/Jan/2025:07:06:20 +0300] "POST /octorate/action-callback.php HTTP/1.0" 200 294 "-" "Java/11.0.18"
89.208.230.2 - - [29/Jan/2025:07:06:10 +0300] "POST /bp/wolfdigits_bp.php?DOMAIN=comforthome.bitrix24.ru&PROTOCOL=1&LANG=ru&APP_SID=7d6fa3cae2feb232579d2145310e7cf9 HTTP/1.0" 200 236 "-" "Bitrix24 Webhook Engine"
89.208.228.219 - - [29/Jan/2025:07:06:26 +0300] "POST /bp/wolfdigits_bp.php?DOMAIN=comforthome.bitrix24.ru&PROTOCOL=1&LANG=ru&APP_SID=7d6fa3cae2feb232579d2145310e7cf9 HTTP/1.0" 200 236 "-" "Bitrix24 Webhook Engine"
195.208.184.34 - - [29/Jan/2025:07:06:41 +0300] "POST /bp/wolfdigits_bp.php?DOMAIN=comforthome.bitrix24.ru&PROTOCOL=1&LANG=ru&APP_SID=7d6fa3cae2feb232579d2145310e7cf9 HTTP/1.0" 200 236 "-" "Bitrix24 Webhook Engine"
195.208.184.200 - - [29/Jan/2025:07:06:56 +0300] "POST /bp/wolfdigits_bp.php?DOMAIN=comforthome.bitrix24.ru&PROTOCOL=1&LANG=ru&APP_SID=7d6fa3cae2feb232579d2145310e7cf9 HTTP/1.0" 200 236 "-" "Bitrix24 Webhook Engine"
89.208.228.219 - - [29/Jan/2025:07:07:12 +0300] "POST /bp/wolfdigits_bp.php?DOMAIN=comforthome.bitrix24.ru&PROTOCOL=1&LANG=ru&APP_SID=7d6fa3cae2feb232579d2145310e7cf9 HTTP/1.0" 200 236 "-" "Bitrix24 Webhook Engine"
89.208.230.2 - - [29/Jan/2025:07:07:27 +0300] "POST /bp/wolfdigits_bp.php?DOMAIN=comforthome.bitrix24.ru&PROTOCOL=1&LANG=ru&APP_SID=7d6fa3cae2feb232579d2145310e7cf9 HTTP/1.0" 200 236 "-" "Bitrix24 Webhook Engine"
89.208.228.219 - - [29/Jan/2025:07:07:43 +0300] "POST /bp/wolfdigits_bp.php?DOMAIN=comforthome.bitrix24.ru&PROTOCOL=1&LANG=ru&APP_SID=7d6fa3cae2feb232579d2145310e7cf9 HTTP/1.0" 200 236 "-" "Bitrix24 Webhook Engine"
89.208.228.219 - - [29/Jan/2025:07:08:02 +0300] "POST /public/ttlock/action-bp-code.php HTTP/1.0" 200 238 "-" "Bitrix24 Webhook Engine"
195.208.184.34 - - [29/Jan/2025:07:07:58 +0300] "POST /bp/wolfdigits_bp.php?DOMAIN=comforthome.bitrix24.ru&PROTOCOL=1&LANG=ru&APP_SID=7d6fa3cae2feb232579d2145310e7cf9 HTTP/1.0" 200 236 "-" "Bitrix24 Webhook Engine"
195.208.184.200 - - [29/Jan/2025:07:08:13 +0300] "POST /bp/wolfdigits_bp.php?DOMAIN=comforthome.bitrix24.ru&PROTOCOL=1&LANG=ru&APP_SID=7d6fa3cae2feb232579d2145310e7cf9 HTTP/1.0" 200 236 "-" "Bitrix24 Webhook Engine"
195.208.184.200 - - [29/Jan/2025:07:08:29 +0300] "POST /bp/wolfdigits_bp.php?DOMAIN=comforthome.bitrix24.ru&PROTOCOL=1&LANG=ru&APP_SID=7d6fa3cae2feb232579d2145310e7cf9 HTTP/1.0" 200 236 "-" "Bitrix24 Webhook Engine"
195.208.184.200 - - [29/Jan/2025:07:08:44 +0300] "POST /bp/wolfdigits_bp.php?DOMAIN=comforthome.bitrix24.ru&PROTOCOL=1&LANG=ru&APP_SID=7d6fa3cae2feb232579d2145310e7cf9 HTTP/1.0" 200 236 "-" "Bitrix24 Webhook Engine"
89.208.230.2 - - [29/Jan/2025:07:09:00 +0300] "POST /bp/wolfdigits_bp.php?DOMAIN=comforthome.bitrix24.ru&PROTOCOL=1&LANG=ru&APP_SID=7d6fa3cae2feb232579d2145310e7cf9 HTTP/1.0" 200 236 "-" "Bitrix24 Webhook Engine"
89.208.230.2 - - [29/Jan/2025:07:09:15 +0300] "POST /bp/wolfdigits_bp.php?DOMAIN=comforthome.bitrix24.ru&PROTOCOL=1&LANG=ru&APP_SID=7d6fa3cae2feb232579d2145310e7cf9 HTTP/1.0" 200 236 "-" "Bitrix24 Webhook Engine"
158.160.84.45 - - [29/Jan/2025:07:09:40 +0300] "POST /realtycalendar/action-callback.php?bitrix24=kvartburo.bitrix24.ru HTTP/1.0" 200 176 "-" "-"
89.208.230.2 - - [29/Jan/2025:07:09:31 +0300] "POST /bp/wolfdigits_bp.php?DOMAIN=comforthome.bitrix24.ru&PROTOCOL=1&LANG=ru&APP_SID=7d6fa3cae2feb232579d2145310e7cf9 HTTP/1.0" 200 236 "-" "Bitrix24 Webhook Engine"
89.208.228.219 - - [29/Jan/2025:07:09:47 +0300] "POST /bp/wolfdigits_bp.php?DOMAIN=comforthome.bitrix24.ru&PROTOCOL=1&LANG=ru&APP_SID=7d6fa3cae2feb232579d2145310e7cf9 HTTP/1.0" 200 236 "-" "Bitrix24 Webhook Engine"
89.208.230.2 - - [29/Jan/2025:07:10:02 +0300] "POST /bp/wolfdigits_bp.php?DOMAIN=comforthome.bitrix24.ru&PROTOCOL=1&LANG=ru&APP_SID=7d6fa3cae2feb232579d2145310e7cf9 HTTP/1.0" 200 236 "-" "Bitrix24 Webhook Engine"
158.160.84.45 - - [29/Jan/2025:07:10:18 +0300] "POST /realtycalendar/action-callback.php?bitrix24=mir-ujuta65.bitrix24.ru HTTP/1.0" 200 180 "-" "-"
95.30.113.25 - - [29/Jan/2025:07:10:17 +0300] "POST /public/payment/action.php HTTP/1.0" 200 317 "https://arendagrad.bitrix24shop.ru/" "Mozilla/5.0 (iPhone; CPU iPhone OS 17_5_1 like Mac OS X) AppleWebKit/605.1.15 (KHTML, like Gecko) Version/17.5 Mobile/15E148 Safari/604.1"
5.249.134.108 - - [29/Jan/2025:07:10:20 +0300] "POST /octorate/action-callback.php HTTP/1.0" 200 294 "-" "Java/11.0.18"
89.208.228.219 - - [29/Jan/2025:07:10:18 +0300] "POST /bp/wolfdigits_bp.php?DOMAIN=comforthome.bitrix24.ru&PROTOCOL=1&LANG=ru&APP_SID=7d6fa3cae2feb232579d2145310e7cf9 HTTP/1.0" 200 236 "-" "Bitrix24 Webhook Engine"
95.30.113.25 - - [29/Jan/2025:07:10:41 +0300] "POST /public/payment/action.php HTTP/1.0" 200 317 "https://arendagrad.bitrix24shop.ru/" "Mozilla/5.0 (iPhone; CPU iPhone OS 17_5_1 like Mac OS X) AppleWebKit/605.1.15 (KHTML, like Gecko) Version/17.5 Mobile/15E148 Safari/604.1"
89.208.230.2 - - [29/Jan/2025:07:10:33 +0300] "POST /bp/wolfdigits_bp.php?DOMAIN=comforthome.bitrix24.ru&PROTOCOL=1&LANG=ru&APP_SID=7d6fa3cae2feb232579d2145310e7cf9 HTTP/1.0" 200 236 "-" "Bitrix24 Webhook Engine"
195.208.184.34 - - [29/Jan/2025:07:10:49 +0300] "POST /bp/wolfdigits_bp.php?DOMAIN=comforthome.bitrix24.ru&PROTOCOL=1&LANG=ru&APP_SID=7d6fa3cae2feb232579d2145310e7cf9 HTTP/1.0" 200 236 "-" "Bitrix24 Webhook Engine"
158.160.84.45 - - [29/Jan/2025:07:11:09 +0300] "POST /realtycalendar/action-callback.php?bitrix24=mir-ujuta65.bitrix24.ru HTTP/1.0" 200 180 "-" "-"
89.208.228.219 - - [29/Jan/2025:07:11:05 +0300] "POST /bp/wolfdigits_bp.php?DOMAIN=comforthome.bitrix24.ru&PROTOCOL=1&LANG=ru&APP_SID=7d6fa3cae2feb232579d2145310e7cf9 HTTP/1.0" 200 236 "-" "Bitrix24 Webhook Engine"
195.208.184.34 - - [29/Jan/2025:07:11:20 +0300] "POST /bp/wolfdigits_bp.php?DOMAIN=comforthome.bitrix24.ru&PROTOCOL=1&LANG=ru&APP_SID=7d6fa3cae2feb232579d2145310e7cf9 HTTP/1.0" 200 236 "-" "Bitrix24 Webhook Engine"
89.208.228.219 - - [29/Jan/2025:07:11:35 +0300] "POST /bp/wolfdigits_bp.php?DOMAIN=comforthome.bitrix24.ru&PROTOCOL=1&LANG=ru&APP_SID=7d6fa3cae2feb232579d2145310e7cf9 HTTP/1.0" 200 236 "-" "Bitrix24 Webhook Engine"
89.208.230.2 - - [29/Jan/2025:07:11:51 +0300] "POST /bp/wolfdigits_bp.php?DOMAIN=comforthome.bitrix24.ru&PROTOCOL=1&LANG=ru&APP_SID=7d6fa3cae2feb232579d2145310e7cf9 HTTP/1.0" 200 236 "-" "Bitrix24 Webhook Engine"
89.208.228.219 - - [29/Jan/2025:07:12:06 +0300] "POST /bp/wolfdigits_bp.php?DOMAIN=comforthome.bitrix24.ru&PROTOCOL=1&LANG=ru&APP_SID=7d6fa3cae2feb232579d2145310e7cf9 HTTP/1.0" 200 236 "-" "Bitrix24 Webhook Engine"
195.208.184.34 - - [29/Jan/2025:07:12:22 +0300] "POST /bp/wolfdigits_bp.php?DOMAIN=comforthome.bitrix24.ru&PROTOCOL=1&LANG=ru&APP_SID=7d6fa3cae2feb232579d2145310e7cf9 HTTP/1.0" 200 236 "-" "Bitrix24 Webhook Engine"
195.208.184.200 - - [29/Jan/2025:07:12:37 +0300] "POST /bp/wolfdigits_bp.php?DOMAIN=comforthome.bitrix24.ru&PROTOCOL=1&LANG=ru&APP_SID=7d6fa3cae2feb232579d2145310e7cf9 HTTP/1.0" 200 236 "-" "Bitrix24 Webhook Engine"
195.208.184.200 - - [29/Jan/2025:07:12:53 +0300] "POST /bp/wolfdigits_bp.php?DOMAIN=comforthome.bitrix24.ru&PROTOCOL=1&LANG=ru&APP_SID=7d6fa3cae2feb232579d2145310e7cf9 HTTP/1.0" 200 236 "-" "Bitrix24 Webhook Engine"
89.208.230.2 - - [29/Jan/2025:07:13:08 +0300] "POST /bp/wolfdigits_bp.php?DOMAIN=comforthome.bitrix24.ru&PROTOCOL=1&LANG=ru&APP_SID=7d6fa3cae2feb232579d2145310e7cf9 HTTP/1.0" 200 236 "-" "Bitrix24 Webhook Engine"
89.208.228.219 - - [29/Jan/2025:07:13:23 +0300] "POST /bp/wolfdigits_bp.php?DOMAIN=comforthome.bitrix24.ru&PROTOCOL=1&LANG=ru&APP_SID=7d6fa3cae2feb232579d2145310e7cf9 HTTP/1.0" 200 236 "-" "Bitrix24 Webhook Engine"
89.208.230.2 - - [29/Jan/2025:07:13:39 +0300] "POST /bp/wolfdigits_bp.php?DOMAIN=comforthome.bitrix24.ru&PROTOCOL=1&LANG=ru&APP_SID=7d6fa3cae2feb232579d2145310e7cf9 HTTP/1.0" 200 236 "-" "Bitrix24 Webhook Engine"
89.208.230.2 - - [29/Jan/2025:07:13:54 +0300] "POST /bp/wolfdigits_bp.php?DOMAIN=comforthome.bitrix24.ru&PROTOCOL=1&LANG=ru&APP_SID=7d6fa3cae2feb232579d2145310e7cf9 HTTP/1.0" 200 236 "-" "Bitrix24 Webhook Engine"
89.208.228.219 - - [29/Jan/2025:07:14:10 +0300] "POST /bp/wolfdigits_bp.php?DOMAIN=comforthome.bitrix24.ru&PROTOCOL=1&LANG=ru&APP_SID=7d6fa3cae2feb232579d2145310e7cf9 HTTP/1.0" 200 236 "-" "Bitrix24 Webhook Engine"
89.208.230.2 - - [29/Jan/2025:07:14:25 +0300] "POST /bp/wolfdigits_bp.php?DOMAIN=comforthome.bitrix24.ru&PROTOCOL=1&LANG=ru&APP_SID=7d6fa3cae2feb232579d2145310e7cf9 HTTP/1.0" 200 236 "-" "Bitrix24 Webhook Engine"
178.154.246.58 - - [29/Jan/2025:07:14:46 +0300] "POST /projects/cian/onebed/service/webhook HTTP/1.0" 302 1509 "-" "Cian-chats-webhooks"
178.154.246.58 - - [29/Jan/2025:07:14:46 +0300] "GET / HTTP/1.0" 200 5463 "-" "Cian-chats-webhooks"
195.208.184.200 - - [29/Jan/2025:07:14:41 +0300] "POST /bp/wolfdigits_bp.php?DOMAIN=comforthome.bitrix24.ru&PROTOCOL=1&LANG=ru&APP_SID=7d6fa3cae2feb232579d2145310e7cf9 HTTP/1.0" 200 236 "-" "Bitrix24 Webhook Engine"
178.154.246.58 - - [29/Jan/2025:07:14:56 +0300] "POST /projects/cian/onebed/service/webhook HTTP/1.0" 302 1509 "-" "Cian-chats-webhooks"
178.154.246.58 - - [29/Jan/2025:07:14:57 +0300] "GET / HTTP/1.0" 200 5463 "-" "Cian-chats-webhooks"
195.208.184.200 - - [29/Jan/2025:07:14:56 +0300] "POST /bp/wolfdigits_bp.php?DOMAIN=comforthome.bitrix24.ru&PROTOCOL=1&LANG=ru&APP_SID=7d6fa3cae2feb232579d2145310e7cf9 HTTP/1.0" 200 236 "-" "Bitrix24 Webhook Engine"
195.208.184.200 - - [29/Jan/2025:07:15:11 +0300] "POST /bp/wolfdigits_bp.php?DOMAIN=comforthome.bitrix24.ru&PROTOCOL=1&LANG=ru&APP_SID=7d6fa3cae2feb232579d2145310e7cf9 HTTP/1.0" 200 236 "-" "Bitrix24 Webhook Engine"
195.208.184.200 - - [29/Jan/2025:07:15:27 +0300] "POST /bp/wolfdigits_bp.php?DOMAIN=comforthome.bitrix24.ru&PROTOCOL=1&LANG=ru&APP_SID=7d6fa3cae2feb232579d2145310e7cf9 HTTP/1.0" 200 236 "-" "Bitrix24 Webhook Engine"
89.208.230.2 - - [29/Jan/2025:07:15:42 +0300] "POST /bp/wolfdigits_bp.php?DOMAIN=comforthome.bitrix24.ru&PROTOCOL=1&LANG=ru&APP_SID=7d6fa3cae2feb232579d2145310e7cf9 HTTP/1.0" 200 236 "-" "Bitrix24 Webhook Engine"
195.208.184.34 - - [29/Jan/2025:07:15:58 +0300] "POST /bp/wolfdigits_bp.php?DOMAIN=comforthome.bitrix24.ru&PROTOCOL=1&LANG=ru&APP_SID=7d6fa3cae2feb232579d2145310e7cf9 HTTP/1.0" 200 236 "-" "Bitrix24 Webhook Engine"
195.208.184.34 - - [29/Jan/2025:07:16:13 +0300] "POST /bp/wolfdigits_bp.php?DOMAIN=comforthome.bitrix24.ru&PROTOCOL=1&LANG=ru&APP_SID=7d6fa3cae2feb232579d2145310e7cf9 HTTP/1.0" 200 236 "-" "Bitrix24 Webhook Engine"
89.208.228.219 - - [29/Jan/2025:07:16:29 +0300] "POST /bp/wolfdigits_bp.php?DOMAIN=comforthome.bitrix24.ru&PROTOCOL=1&LANG=ru&APP_SID=7d6fa3cae2feb232579d2145310e7cf9 HTTP/1.0" 200 236 "-" "Bitrix24 Webhook Engine"
195.208.184.34 - - [29/Jan/2025:07:16:44 +0300] "POST /bp/wolfdigits_bp.php?DOMAIN=comforthome.bitrix24.ru&PROTOCOL=1&LANG=ru&APP_SID=7d6fa3cae2feb232579d2145310e7cf9 HTTP/1.0" 200 236 "-" "Bitrix24 Webhook Engine"
178.154.246.58 - - [29/Jan/2025:07:17:06 +0300] "POST /projects/cian/onebed/service/webhook HTTP/1.0" 302 1509 "-" "Cian-chats-webhooks"
178.154.246.58 - - [29/Jan/2025:07:17:06 +0300] "GET / HTTP/1.0" 200 5463 "-" "Cian-chats-webhooks"
195.208.184.34 - - [29/Jan/2025:07:16:59 +0300] "POST /bp/wolfdigits_bp.php?DOMAIN=comforthome.bitrix24.ru&PROTOCOL=1&LANG=ru&APP_SID=7d6fa3cae2feb232579d2145310e7cf9 HTTP/1.0" 200 236 "-" "Bitrix24 Webhook Engine"
89.208.230.2 - - [29/Jan/2025:07:17:15 +0300] "POST /bp/wolfdigits_bp.php?DOMAIN=comforthome.bitrix24.ru&PROTOCOL=1&LANG=ru&APP_SID=7d6fa3cae2feb232579d2145310e7cf9 HTTP/1.0" 200 236 "-" "Bitrix24 Webhook Engine"
195.208.184.200 - - [29/Jan/2025:07:17:30 +0300] "POST /bp/wolfdigits_bp.php?DOMAIN=comforthome.bitrix24.ru&PROTOCOL=1&LANG=ru&APP_SID=7d6fa3cae2feb232579d2145310e7cf9 HTTP/1.0" 200 236 "-" "Bitrix24 Webhook Engine"
178.154.246.58 - - [29/Jan/2025:07:17:46 +0300] "POST /projects/cian/onebed/service/webhook HTTP/1.0" 302 1509 "-" "Cian-chats-webhooks"
178.154.246.58 - - [29/Jan/2025:07:17:46 +0300] "GET / HTTP/1.0" 200 5463 "-" "Cian-chats-webhooks"
195.208.184.200 - - [29/Jan/2025:07:17:46 +0300] "POST /bp/wolfdigits_bp.php?DOMAIN=comforthome.bitrix24.ru&PROTOCOL=1&LANG=ru&APP_SID=7d6fa3cae2feb232579d2145310e7cf9 HTTP/1.0" 200 236 "-" "Bitrix24 Webhook Engine"
89.208.228.219 - - [29/Jan/2025:07:18:01 +0300] "POST /bp/wolfdigits_bp.php?DOMAIN=comforthome.bitrix24.ru&PROTOCOL=1&LANG=ru&APP_SID=7d6fa3cae2feb232579d2145310e7cf9 HTTP/1.0" 200 236 "-" "Bitrix24 Webhook Engine"
5.249.134.108 - - [29/Jan/2025:07:18:20 +0300] "POST /octorate/action-callback.php HTTP/1.0" 200 294 "-" "Java/11.0.18"
5.249.134.108 - - [29/Jan/2025:07:18:20 +0300] "POST /octorate/action-callback.php HTTP/1.0" 200 294 "-" "Java/11.0.18"
5.249.134.108 - - [29/Jan/2025:07:18:20 +0300] "POST /octorate/action-callback.php HTTP/1.0" 200 294 "-" "Java/11.0.18"
5.249.134.108 - - [29/Jan/2025:07:18:20 +0300] "POST /octorate/action-callback.php HTTP/1.0" 200 294 "-" "Java/11.0.18"
5.249.134.108 - - [29/Jan/2025:07:18:20 +0300] "POST /octorate/action-callback.php HTTP/1.0" 200 294 "-" "Java/11.0.18"
5.249.134.108 - - [29/Jan/2025:07:18:20 +0300] "POST /octorate/action-callback.php HTTP/1.0" 200 294 "-" "Java/11.0.18"
89.208.230.2 - - [29/Jan/2025:07:18:17 +0300] "POST /bp/wolfdigits_bp.php?DOMAIN=comforthome.bitrix24.ru&PROTOCOL=1&LANG=ru&APP_SID=7d6fa3cae2feb232579d2145310e7cf9 HTTP/1.0" 200 236 "-" "Bitrix24 Webhook Engine"
89.208.228.219 - - [29/Jan/2025:07:18:32 +0300] "POST /bp/wolfdigits_bp.php?DOMAIN=comforthome.bitrix24.ru&PROTOCOL=1&LANG=ru&APP_SID=7d6fa3cae2feb232579d2145310e7cf9 HTTP/1.0" 200 236 "-" "Bitrix24 Webhook Engine"
89.208.228.219 - - [29/Jan/2025:07:18:47 +0300] "POST /bp/wolfdigits_bp.php?DOMAIN=comforthome.bitrix24.ru&PROTOCOL=1&LANG=ru&APP_SID=7d6fa3cae2feb232579d2145310e7cf9 HTTP/1.0" 200 236 "-" "Bitrix24 Webhook Engine"
195.208.184.34 - - [29/Jan/2025:07:19:03 +0300] "POST /bp/wolfdigits_bp.php?DOMAIN=comforthome.bitrix24.ru&PROTOCOL=1&LANG=ru&APP_SID=7d6fa3cae2feb232579d2145310e7cf9 HTTP/1.0" 200 236 "-" "Bitrix24 Webhook Engine"
89.208.230.2 - - [29/Jan/2025:07:19:18 +0300] "POST /bp/wolfdigits_bp.php?DOMAIN=comforthome.bitrix24.ru&PROTOCOL=1&LANG=ru&APP_SID=7d6fa3cae2feb232579d2145310e7cf9 HTTP/1.0" 200 236 "-" "Bitrix24 Webhook Engine"
195.208.184.34 - - [29/Jan/2025:07:19:34 +0300] "POST /bp/wolfdigits_bp.php?DOMAIN=comforthome.bitrix24.ru&PROTOCOL=1&LANG=ru&APP_SID=7d6fa3cae2feb232579d2145310e7cf9 HTTP/1.0" 200 236 "-" "Bitrix24 Webhook Engine"
89.208.230.2 - - [29/Jan/2025:07:19:49 +0300] "POST /bp/wolfdigits_bp.php?DOMAIN=comforthome.bitrix24.ru&PROTOCOL=1&LANG=ru&APP_SID=7d6fa3cae2feb232579d2145310e7cf9 HTTP/1.0" 200 236 "-" "Bitrix24 Webhook Engine"
5.249.134.108 - - [29/Jan/2025:07:20:20 +0300] "POST /octorate/action-callback.php HTTP/1.0" 200 294 "-" "Java/11.0.18"
195.208.184.34 - - [29/Jan/2025:07:20:04 +0300] "POST /bp/wolfdigits_bp.php?DOMAIN=comforthome.bitrix24.ru&PROTOCOL=1&LANG=ru&APP_SID=7d6fa3cae2feb232579d2145310e7cf9 HTTP/1.0" 200 236 "-" "Bitrix24 Webhook Engine"
195.208.184.34 - - [29/Jan/2025:07:20:20 +0300] "POST /bp/wolfdigits_bp.php?DOMAIN=comforthome.bitrix24.ru&PROTOCOL=1&LANG=ru&APP_SID=7d6fa3cae2feb232579d2145310e7cf9 HTTP/1.0" 200 236 "-" "Bitrix24 Webhook Engine"
89.208.228.219 - - [29/Jan/2025:07:20:35 +0300] "POST /bp/wolfdigits_bp.php?DOMAIN=comforthome.bitrix24.ru&PROTOCOL=1&LANG=ru&APP_SID=7d6fa3cae2feb232579d2145310e7cf9 HTTP/1.0" 200 236 "-" "Bitrix24 Webhook Engine"
195.208.184.200 - - [29/Jan/2025:07:20:51 +0300] "POST /bp/wolfdigits_bp.php?DOMAIN=comforthome.bitrix24.ru&PROTOCOL=1&LANG=ru&APP_SID=7d6fa3cae2feb232579d2145310e7cf9 HTTP/1.0" 200 236 "-" "Bitrix24 Webhook Engine"
89.208.228.219 - - [29/Jan/2025:07:21:06 +0300] "POST /bp/wolfdigits_bp.php?DOMAIN=comforthome.bitrix24.ru&PROTOCOL=1&LANG=ru&APP_SID=7d6fa3cae2feb232579d2145310e7cf9 HTTP/1.0" 200 236 "-" "Bitrix24 Webhook Engine"
195.208.184.34 - - [29/Jan/2025:07:21:22 +0300] "POST /bp/wolfdigits_bp.php?DOMAIN=comforthome.bitrix24.ru&PROTOCOL=1&LANG=ru&APP_SID=7d6fa3cae2feb232579d2145310e7cf9 HTTP/1.0" 200 236 "-" "Bitrix24 Webhook Engine"
195.208.184.200 - - [29/Jan/2025:07:21:37 +0300] "POST /bp/wolfdigits_bp.php?DOMAIN=comforthome.bitrix24.ru&PROTOCOL=1&LANG=ru&APP_SID=7d6fa3cae2feb232579d2145310e7cf9 HTTP/1.0" 200 236 "-" "Bitrix24 Webhook Engine"
89.208.230.2 - - [29/Jan/2025:07:21:52 +0300] "POST /bp/wolfdigits_bp.php?DOMAIN=comforthome.bitrix24.ru&PROTOCOL=1&LANG=ru&APP_SID=7d6fa3cae2feb232579d2145310e7cf9 HTTP/1.0" 200 236 "-" "Bitrix24 Webhook Engine"
89.208.228.219 - - [29/Jan/2025:07:22:08 +0300] "POST /bp/wolfdigits_bp.php?DOMAIN=comforthome.bitrix24.ru&PROTOCOL=1&LANG=ru&APP_SID=7d6fa3cae2feb232579d2145310e7cf9 HTTP/1.0" 200 236 "-" "Bitrix24 Webhook Engine"
89.208.230.2 - - [29/Jan/2025:07:22:23 +0300] "POST /bp/wolfdigits_bp.php?DOMAIN=comforthome.bitrix24.ru&PROTOCOL=1&LANG=ru&APP_SID=7d6fa3cae2feb232579d2145310e7cf9 HTTP/1.0" 200 236 "-" "Bitrix24 Webhook Engine"
195.208.184.34 - - [29/Jan/2025:07:22:39 +0300] "POST /bp/wolfdigits_bp.php?DOMAIN=comforthome.bitrix24.ru&PROTOCOL=1&LANG=ru&APP_SID=7d6fa3cae2feb232579d2145310e7cf9 HTTP/1.0" 200 236 "-" "Bitrix24 Webhook Engine"
89.208.230.2 - - [29/Jan/2025:07:22:54 +0300] "POST /bp/wolfdigits_bp.php?DOMAIN=comforthome.bitrix24.ru&PROTOCOL=1&LANG=ru&APP_SID=7d6fa3cae2feb232579d2145310e7cf9 HTTP/1.0" 200 236 "-" "Bitrix24 Webhook Engine"
195.208.184.200 - - [29/Jan/2025:07:23:09 +0300] "POST /bp/wolfdigits_bp.php?DOMAIN=comforthome.bitrix24.ru&PROTOCOL=1&LANG=ru&APP_SID=7d6fa3cae2feb232579d2145310e7cf9 HTTP/1.0" 200 236 "-" "Bitrix24 Webhook Engine"
89.208.228.219 - - [29/Jan/2025:07:23:25 +0300] "POST /bp/wolfdigits_bp.php?DOMAIN=comforthome.bitrix24.ru&PROTOCOL=1&LANG=ru&APP_SID=7d6fa3cae2feb232579d2145310e7cf9 HTTP/1.0" 200 236 "-" "Bitrix24 Webhook Engine"
89.208.228.219 - - [29/Jan/2025:07:23:40 +0300] "POST /bp/wolfdigits_bp.php?DOMAIN=comforthome.bitrix24.ru&PROTOCOL=1&LANG=ru&APP_SID=7d6fa3cae2feb232579d2145310e7cf9 HTTP/1.0" 200 236 "-" "Bitrix24 Webhook Engine"
195.208.184.34 - - [29/Jan/2025:07:23:56 +0300] "POST /bp/wolfdigits_bp.php?DOMAIN=comforthome.bitrix24.ru&PROTOCOL=1&LANG=ru&APP_SID=7d6fa3cae2feb232579d2145310e7cf9 HTTP/1.0" 200 236 "-" "Bitrix24 Webhook Engine"
5.249.134.108 - - [29/Jan/2025:07:24:20 +0300] "POST /octorate/action-callback.php HTTP/1.0" 200 294 "-" "Java/11.0.18"
89.208.228.219 - - [29/Jan/2025:07:24:11 +0300] "POST /bp/wolfdigits_bp.php?DOMAIN=comforthome.bitrix24.ru&PROTOCOL=1&LANG=ru&APP_SID=7d6fa3cae2feb232579d2145310e7cf9 HTTP/1.0" 200 236 "-" "Bitrix24 Webhook Engine"
195.208.184.34 - - [29/Jan/2025:07:24:27 +0300] "POST /bp/wolfdigits_bp.php?DOMAIN=comforthome.bitrix24.ru&PROTOCOL=1&LANG=ru&APP_SID=7d6fa3cae2feb232579d2145310e7cf9 HTTP/1.0" 200 236 "-" "Bitrix24 Webhook Engine"
195.208.184.34 - - [29/Jan/2025:07:24:42 +0300] "POST /bp/wolfdigits_bp.php?DOMAIN=comforthome.bitrix24.ru&PROTOCOL=1&LANG=ru&APP_SID=7d6fa3cae2feb232579d2145310e7cf9 HTTP/1.0" 200 236 "-" "Bitrix24 Webhook Engine"
195.208.184.34 - - [29/Jan/2025:07:24:58 +0300] "POST /bp/wolfdigits_bp.php?DOMAIN=comforthome.bitrix24.ru&PROTOCOL=1&LANG=ru&APP_SID=7d6fa3cae2feb232579d2145310e7cf9 HTTP/1.0" 200 236 "-" "Bitrix24 Webhook Engine"
195.208.184.34 - - [29/Jan/2025:07:25:13 +0300] "POST /bp/wolfdigits_bp.php?DOMAIN=comforthome.bitrix24.ru&PROTOCOL=1&LANG=ru&APP_SID=7d6fa3cae2feb232579d2145310e7cf9 HTTP/1.0" 200 236 "-" "Bitrix24 Webhook Engine"
89.208.228.219 - - [29/Jan/2025:07:25:28 +0300] "POST /bp/wolfdigits_bp.php?DOMAIN=comforthome.bitrix24.ru&PROTOCOL=1&LANG=ru&APP_SID=7d6fa3cae2feb232579d2145310e7cf9 HTTP/1.0" 200 236 "-" "Bitrix24 Webhook Engine"
89.208.230.2 - - [29/Jan/2025:07:25:44 +0300] "POST /bp/wolfdigits_bp.php?DOMAIN=comforthome.bitrix24.ru&PROTOCOL=1&LANG=ru&APP_SID=7d6fa3cae2feb232579d2145310e7cf9 HTTP/1.0" 200 236 "-" "Bitrix24 Webhook Engine"
176.59.133.140 - - [29/Jan/2025:07:26:03 +0300] "POST /public/payment/action.php HTTP/1.0" 301 607 "https://b24-twybhc.bitrix24shop.ru/" "Mozilla/5.0 (iPhone; CPU iPhone OS 18_1 like Mac OS X) AppleWebKit/605.1.15 (KHTML, like Gecko) Version/18.1 Mobile/15E148 Safari/604.1"
195.208.184.200 - - [29/Jan/2025:07:25:59 +0300] "POST /bp/wolfdigits_bp.php?DOMAIN=comforthome.bitrix24.ru&PROTOCOL=1&LANG=ru&APP_SID=7d6fa3cae2feb232579d2145310e7cf9 HTTP/1.0" 200 236 "-" "Bitrix24 Webhook Engine"
5.249.134.108 - - [29/Jan/2025:07:26:20 +0300] "POST /octorate/action-callback.php HTTP/1.0" 200 294 "-" "Java/11.0.18"
195.208.184.200 - - [29/Jan/2025:07:26:15 +0300] "POST /bp/wolfdigits_bp.php?DOMAIN=comforthome.bitrix24.ru&PROTOCOL=1&LANG=ru&APP_SID=7d6fa3cae2feb232579d2145310e7cf9 HTTP/1.0" 200 236 "-" "Bitrix24 Webhook Engine"
158.160.84.45 - - [29/Jan/2025:07:26:33 +0300] "POST /realtycalendar/action-callback.php?bitrix24=kvartburo.bitrix24.ru HTTP/1.0" 200 176 "-" "-"
158.160.84.45 - - [29/Jan/2025:07:26:42 +0300] "POST /realtycalendar/action-callback.php?bitrix24=kvartburo.bitrix24.ru HTTP/1.0" 200 176 "-" "-"
195.208.184.34 - - [29/Jan/2025:07:26:30 +0300] "POST /bp/wolfdigits_bp.php?DOMAIN=comforthome.bitrix24.ru&PROTOCOL=1&LANG=ru&APP_SID=7d6fa3cae2feb232579d2145310e7cf9 HTTP/1.0" 200 236 "-" "Bitrix24 Webhook Engine"
62.76.205.129 - - [29/Jan/2025:07:26:51 +0300] "GET /public/payment/action-callback.php?domain=sutochno24.bitrix24.ru&orderNumber=6634%2F1-5&sign_alias=merchantCallbackKeyPair&checksum=69C0C8E710B04BA3906FE5BBD035389F136DDD45F4D5F717DFECD14947329DE980E7C2154071AE3F3DA145D00600358804AA034F3A6AF203F0271B237A2E213A136A4560540E4AE5685297AB17F0E0B9C5A71D7B268E7F3B2A142B13BECC97C4DFDD16EBB8782ABC8E596E122BD13D92B6AD0C8CFD987F86E899ECDDC7E99AB94B718E0915B54E2526B2377B7D999193110E21DBB3D364E3DC7AD71A4BA7F65111D870B9560FDB562F653F63FC53FA9775BE95409B6A162118F392320DC7E7C71C711FE51DFFA7DF8F6064BEDA87E58D4C39A22093AD4481915E6E8EE9238F9FA24E2EF3DABA06A337E9482924FCC48170332ED6059F87CA7A65D963452726E6&mdOrder=04dc1d43-c69d-7ffe-ab19-b50701771fd1&operation=deposited&status=1 HTTP/1.0" 200 236 "-" "Chrome/80.0.3987.116"
89.208.228.219 - - [29/Jan/2025:07:26:46 +0300] "POST /bp/wolfdigits_bp.php?DOMAIN=comforthome.bitrix24.ru&PROTOCOL=1&LANG=ru&APP_SID=7d6fa3cae2feb232579d2145310e7cf9 HTTP/1.0" 200 236 "-" "Bitrix24 Webhook Engine"
158.160.84.45 - - [29/Jan/2025:07:27:05 +0300] "POST /realtycalendar/action-callback.php?bitrix24=sutochno24.bitrix24.ru HTTP/1.0" 200 180 "-" "-"
158.160.84.45 - - [29/Jan/2025:07:27:04 +0300] "POST /realtycalendar/action-callback.php?bitrix24=kvartburo.bitrix24.ru HTTP/1.0" 200 176 "-" "-"
195.208.184.34 - - [29/Jan/2025:07:27:01 +0300] "POST /bp/wolfdigits_bp.php?DOMAIN=comforthome.bitrix24.ru&PROTOCOL=1&LANG=ru&APP_SID=7d6fa3cae2feb232579d2145310e7cf9 HTTP/1.0" 200 236 "-" "Bitrix24 Webhook Engine"
195.208.184.34 - - [29/Jan/2025:07:27:16 +0300] "POST /bp/wolfdigits_bp.php?DOMAIN=comforthome.bitrix24.ru&PROTOCOL=1&LANG=ru&APP_SID=7d6fa3cae2feb232579d2145310e7cf9 HTTP/1.0" 200 236 "-" "Bitrix24 Webhook Engine"
89.208.228.219 - - [29/Jan/2025:07:27:32 +0300] "POST /bp/wolfdigits_bp.php?DOMAIN=comforthome.bitrix24.ru&PROTOCOL=1&LANG=ru&APP_SID=7d6fa3cae2feb232579d2145310e7cf9 HTTP/1.0" 200 236 "-" "Bitrix24 Webhook Engine"
89.208.228.219 - - [29/Jan/2025:07:27:47 +0300] "POST /bp/wolfdigits_bp.php?DOMAIN=comforthome.bitrix24.ru&PROTOCOL=1&LANG=ru&APP_SID=7d6fa3cae2feb232579d2145310e7cf9 HTTP/1.0" 200 236 "-" "Bitrix24 Webhook Engine"
89.208.228.219 - - [29/Jan/2025:07:28:03 +0300] "POST /bp/wolfdigits_bp.php?DOMAIN=comforthome.bitrix24.ru&PROTOCOL=1&LANG=ru&APP_SID=7d6fa3cae2feb232579d2145310e7cf9 HTTP/1.0" 200 236 "-" "Bitrix24 Webhook Engine"
195.208.184.34 - - [29/Jan/2025:07:28:18 +0300] "POST /bp/wolfdigits_bp.php?DOMAIN=comforthome.bitrix24.ru&PROTOCOL=1&LANG=ru&APP_SID=7d6fa3cae2feb232579d2145310e7cf9 HTTP/1.0" 200 236 "-" "Bitrix24 Webhook Engine"
89.208.230.2 - - [29/Jan/2025:07:28:34 +0300] "POST /bp/wolfdigits_bp.php?DOMAIN=comforthome.bitrix24.ru&PROTOCOL=1&LANG=ru&APP_SID=7d6fa3cae2feb232579d2145310e7cf9 HTTP/1.0" 200 236 "-" "Bitrix24 Webhook Engine"
89.208.230.2 - - [29/Jan/2025:07:28:49 +0300] "POST /bp/wolfdigits_bp.php?DOMAIN=comforthome.bitrix24.ru&PROTOCOL=1&LANG=ru&APP_SID=7d6fa3cae2feb232579d2145310e7cf9 HTTP/1.0" 200 236 "-" "Bitrix24 Webhook Engine"
195.208.184.34 - - [29/Jan/2025:07:29:04 +0300] "POST /bp/wolfdigits_bp.php?DOMAIN=comforthome.bitrix24.ru&PROTOCOL=1&LANG=ru&APP_SID=7d6fa3cae2feb232579d2145310e7cf9 HTTP/1.0" 200 236 "-" "Bitrix24 Webhook Engine"
151.115.96.30 - - [29/Jan/2025:07:29:20 +0300] "POST /public/payment/action.php HTTP/1.0" 301 397 "https://b24-w9ymg1.bitrix24shop.ru/" "Mozilla/5.0 (Linux; Android 10; K) AppleWebKit/537.36 (KHTML, like Gecko) Chrome/132.0.0.0 Mobile Safari/537.36"
89.208.230.2 - - [29/Jan/2025:07:29:20 +0300] "POST /bp/wolfdigits_bp.php?DOMAIN=comforthome.bitrix24.ru&PROTOCOL=1&LANG=ru&APP_SID=7d6fa3cae2feb232579d2145310e7cf9 HTTP/1.0" 200 236 "-" "Bitrix24 Webhook Engine"
89.208.228.219 - - [29/Jan/2025:07:29:35 +0300] "POST /bp/wolfdigits_bp.php?DOMAIN=comforthome.bitrix24.ru&PROTOCOL=1&LANG=ru&APP_SID=7d6fa3cae2feb232579d2145310e7cf9 HTTP/1.0" 200 236 "-" "Bitrix24 Webhook Engine"
91.218.132.2 - - [29/Jan/2025:07:29:54 +0300] "POST /public/payment/action-callback.php?domain=yourkomfort.bitrix24.ru HTTP/1.0" 200 236 "-" "HTTP Client"
158.160.84.45 - - [29/Jan/2025:07:29:57 +0300] "POST /realtycalendar/action-callback.php?bitrix24=sutochno24.bitrix24.ru HTTP/1.0" 500 170 "-" "-"
151.115.96.30 - - [29/Jan/2025:07:29:58 +0300] "GET /payment/action.php?paymentId=617&paySystemId=21&domain=yourkomfort.bitrix24.ru HTTP/1.0" 302 367 "https://securepayments.tinkoff.ru/" "Mozilla/5.0 (Linux; Android 10; K) AppleWebKit/537.36 (KHTML, like Gecko) Chrome/132.0.0.0 Mobile Safari/537.36"
195.208.184.200 - - [29/Jan/2025:07:29:51 +0300] "POST /bp/wolfdigits_bp.php?DOMAIN=comforthome.bitrix24.ru&PROTOCOL=1&LANG=ru&APP_SID=7d6fa3cae2feb232579d2145310e7cf9 HTTP/1.0" 200 236 "-" "Bitrix24 Webhook Engine"
195.208.184.200 - - [29/Jan/2025:07:30:06 +0300] "POST /bp/wolfdigits_bp.php?DOMAIN=comforthome.bitrix24.ru&PROTOCOL=1&LANG=ru&APP_SID=7d6fa3cae2feb232579d2145310e7cf9 HTTP/1.0" 200 236 "-" "Bitrix24 Webhook Engine"
158.160.84.45 - - [29/Jan/2025:07:30:20 +0300] "POST /realtycalendar/action-callback.php?bitrix24=sutochno24.bitrix24.ru HTTP/1.0" 200 176 "-" "-"
89.208.230.2 - - [29/Jan/2025:07:30:21 +0300] "POST /bp/wolfdigits_bp.php?DOMAIN=comforthome.bitrix24.ru&PROTOCOL=1&LANG=ru&APP_SID=7d6fa3cae2feb232579d2145310e7cf9 HTTP/1.0" 200 236 "-" "Bitrix24 Webhook Engine"
158.160.84.45 - - [29/Jan/2025:07:30:44 +0300] "POST /realtycalendar/action-callback.php?bitrix24=sutochno24.bitrix24.ru HTTP/1.0" 200 176 "-" "-"
195.208.184.34 - - [29/Jan/2025:07:30:37 +0300] "POST /bp/wolfdigits_bp.php?DOMAIN=comforthome.bitrix24.ru&PROTOCOL=1&LANG=ru&APP_SID=7d6fa3cae2feb232579d2145310e7cf9 HTTP/1.0" 200 236 "-" "Bitrix24 Webhook Engine"
89.208.230.2 - - [29/Jan/2025:07:30:52 +0300] "POST /bp/wolfdigits_bp.php?DOMAIN=comforthome.bitrix24.ru&PROTOCOL=1&LANG=ru&APP_SID=7d6fa3cae2feb232579d2145310e7cf9 HTTP/1.0" 200 236 "-" "Bitrix24 Webhook Engine"
89.208.228.219 - - [29/Jan/2025:07:31:08 +0300] "POST /bp/wolfdigits_bp.php?DOMAIN=comforthome.bitrix24.ru&PROTOCOL=1&LANG=ru&APP_SID=7d6fa3cae2feb232579d2145310e7cf9 HTTP/1.0" 200 236 "-" "Bitrix24 Webhook Engine"
195.208.184.34 - - [29/Jan/2025:07:30:23 +0300] "POST /bp/wolfdigits_bp.php?DOMAIN=sutochno24.bitrix24.ru&PROTOCOL=1&LANG=ru&APP_SID=755fd32a25a04818d581add94d696168 HTTP/1.0" 200 236 "-" "Bitrix24 Webhook Engine"
89.208.230.2 - - [29/Jan/2025:07:31:23 +0300] "POST /bp/wolfdigits_bp.php?DOMAIN=comforthome.bitrix24.ru&PROTOCOL=1&LANG=ru&APP_SID=7d6fa3cae2feb232579d2145310e7cf9 HTTP/1.0" 200 236 "-" "Bitrix24 Webhook Engine"
89.208.228.219 - - [29/Jan/2025:07:30:46 +0300] "POST /bp/wolfdigits_bp.php?DOMAIN=sutochno24.bitrix24.ru&PROTOCOL=1&LANG=ru&APP_SID=755fd32a25a04818d581add94d696168 HTTP/1.0" 200 236 "-" "Bitrix24 Webhook Engine"
89.208.228.219 - - [29/Jan/2025:07:31:39 +0300] "POST /bp/wolfdigits_bp.php?DOMAIN=comforthome.bitrix24.ru&PROTOCOL=1&LANG=ru&APP_SID=7d6fa3cae2feb232579d2145310e7cf9 HTTP/1.0" 200 236 "-" "Bitrix24 Webhook Engine"
195.208.184.200 - - [29/Jan/2025:07:31:54 +0300] "POST /bp/wolfdigits_bp.php?DOMAIN=comforthome.bitrix24.ru&PROTOCOL=1&LANG=ru&APP_SID=7d6fa3cae2feb232579d2145310e7cf9 HTTP/1.0" 200 236 "-" "Bitrix24 Webhook Engine"
8.209.90.215 - - [29/Jan/2025:07:32:17 +0300] "POST /ttlock/action-callback.php HTTP/1.0" 404 161 "-" "okhttp/4.2.0"
89.208.228.219 - - [29/Jan/2025:07:32:09 +0300] "POST /bp/wolfdigits_bp.php?DOMAIN=comforthome.bitrix24.ru&PROTOCOL=1&LANG=ru&APP_SID=7d6fa3cae2feb232579d2145310e7cf9 HTTP/1.0" 200 236 "-" "Bitrix24 Webhook Engine"
77.75.154.206 - - [29/Jan/2025:07:32:32 +0300] "POST /public/payment/action-callback.php?domain=renthouse.bitrix24.ru HTTP/1.0" 200 187 "-" "AHC/2.1"
89.208.228.219 - - [29/Jan/2025:07:32:25 +0300] "POST /bp/wolfdigits_bp.php?DOMAIN=comforthome.bitrix24.ru&PROTOCOL=1&LANG=ru&APP_SID=7d6fa3cae2feb232579d2145310e7cf9 HTTP/1.0" 200 236 "-" "Bitrix24 Webhook Engine"
158.160.84.45 - - [29/Jan/2025:07:32:44 +0300] "POST /realtycalendar/action-callback.php?bitrix24=sutochno24.bitrix24.ru HTTP/1.0" 200 176 "-" "-"
195.208.184.200 - - [29/Jan/2025:07:32:40 +0300] "POST /bp/wolfdigits_bp.php?DOMAIN=comforthome.bitrix24.ru&PROTOCOL=1&LANG=ru&APP_SID=7d6fa3cae2feb232579d2145310e7cf9 HTTP/1.0" 200 236 "-" "Bitrix24 Webhook Engine"
89.208.230.2 - - [29/Jan/2025:07:32:56 +0300] "POST /bp/wolfdigits_bp.php?DOMAIN=comforthome.bitrix24.ru&PROTOCOL=1&LANG=ru&APP_SID=7d6fa3cae2feb232579d2145310e7cf9 HTTP/1.0" 200 236 "-" "Bitrix24 Webhook Engine"
89.208.230.2 - - [29/Jan/2025:07:33:11 +0300] "POST /bp/wolfdigits_bp.php?DOMAIN=comforthome.bitrix24.ru&PROTOCOL=1&LANG=ru&APP_SID=7d6fa3cae2feb232579d2145310e7cf9 HTTP/1.0" 200 236 "-" "Bitrix24 Webhook Engine"
158.160.84.45 - - [29/Jan/2025:07:33:27 +0300] "POST /realtycalendar/action-callback.php?bitrix24=panthouse8.bitrix24.ru HTTP/1.0" 200 176 "-" "-"
195.208.184.34 - - [29/Jan/2025:07:33:26 +0300] "POST /bp/wolfdigits_bp.php?DOMAIN=comforthome.bitrix24.ru&PROTOCOL=1&LANG=ru&APP_SID=7d6fa3cae2feb232579d2145310e7cf9 HTTP/1.0" 200 236 "-" "Bitrix24 Webhook Engine"
158.160.84.45 - - [29/Jan/2025:07:33:50 +0300] "POST /realtycalendar/action-callback.php?bitrix24=panthouse8.bitrix24.ru HTTP/1.0" 200 176 "-" "-"
89.208.230.2 - - [29/Jan/2025:07:33:42 +0300] "POST /bp/wolfdigits_bp.php?DOMAIN=comforthome.bitrix24.ru&PROTOCOL=1&LANG=ru&APP_SID=7d6fa3cae2feb232579d2145310e7cf9 HTTP/1.0" 200 236 "-" "Bitrix24 Webhook Engine"
89.208.230.2 - - [29/Jan/2025:07:33:58 +0300] "POST /bp/wolfdigits_bp.php?DOMAIN=comforthome.bitrix24.ru&PROTOCOL=1&LANG=ru&APP_SID=7d6fa3cae2feb232579d2145310e7cf9 HTTP/1.0" 200 236 "-" "Bitrix24 Webhook Engine"
77.75.154.206 - - [29/Jan/2025:07:34:18 +0300] "POST /public/payment/action-callback.php?domain=renthouse.bitrix24.ru HTTP/1.0" 200 187 "-" "AHC/2.1"
195.208.184.200 - - [29/Jan/2025:07:34:13 +0300] "POST /bp/wolfdigits_bp.php?DOMAIN=comforthome.bitrix24.ru&PROTOCOL=1&LANG=ru&APP_SID=7d6fa3cae2feb232579d2145310e7cf9 HTTP/1.0" 200 236 "-" "Bitrix24 Webhook Engine"
195.208.184.34 - - [29/Jan/2025:07:34:28 +0300] "POST /bp/wolfdigits_bp.php?DOMAIN=comforthome.bitrix24.ru&PROTOCOL=1&LANG=ru&APP_SID=7d6fa3cae2feb232579d2145310e7cf9 HTTP/1.0" 200 236 "-" "Bitrix24 Webhook Engine"
89.208.230.2 - - [29/Jan/2025:07:34:44 +0300] "POST /bp/wolfdigits_bp.php?DOMAIN=comforthome.bitrix24.ru&PROTOCOL=1&LANG=ru&APP_SID=7d6fa3cae2feb232579d2145310e7cf9 HTTP/1.0" 200 236 "-" "Bitrix24 Webhook Engine"
158.160.84.45 - - [29/Jan/2025:07:35:06 +0300] "POST /realtycalendar/action-callback.php?bitrix24=panthouse8.bitrix24.ru HTTP/1.0" 200 180 "-" "-"
89.208.230.2 - - [29/Jan/2025:07:34:59 +0300] "POST /bp/wolfdigits_bp.php?DOMAIN=comforthome.bitrix24.ru&PROTOCOL=1&LANG=ru&APP_SID=7d6fa3cae2feb232579d2145310e7cf9 HTTP/1.0" 200 236 "-" "Bitrix24 Webhook Engine"
195.208.184.34 - - [29/Jan/2025:07:35:15 +0300] "POST /bp/wolfdigits_bp.php?DOMAIN=comforthome.bitrix24.ru&PROTOCOL=1&LANG=ru&APP_SID=7d6fa3cae2feb232579d2145310e7cf9 HTTP/1.0" 200 236 "-" "Bitrix24 Webhook Engine"
77.75.153.78 - - [29/Jan/2025:07:35:40 +0300] "POST /public/payment/action-callback.php?domain=renthouse.bitrix24.ru HTTP/1.0" 200 187 "-" "AHC/2.1"
89.208.228.219 - - [29/Jan/2025:07:35:30 +0300] "POST /bp/wolfdigits_bp.php?DOMAIN=comforthome.bitrix24.ru&PROTOCOL=1&LANG=ru&APP_SID=7d6fa3cae2feb232579d2145310e7cf9 HTTP/1.0" 200 236 "-" "Bitrix24 Webhook Engine"
178.154.246.58 - - [29/Jan/2025:07:35:59 +0300] "POST /projects/cian/kvartiraest/service/webhook HTTP/1.0" 200 1137 "-" "Cian-chats-webhooks"
195.208.184.200 - - [29/Jan/2025:07:35:45 +0300] "POST /bp/wolfdigits_bp.php?DOMAIN=comforthome.bitrix24.ru&PROTOCOL=1&LANG=ru&APP_SID=7d6fa3cae2feb232579d2145310e7cf9 HTTP/1.0" 200 236 "-" "Bitrix24 Webhook Engine"
89.208.228.219 - - [29/Jan/2025:07:36:01 +0300] "POST /bp/wolfdigits_bp.php?DOMAIN=comforthome.bitrix24.ru&PROTOCOL=1&LANG=ru&APP_SID=7d6fa3cae2feb232579d2145310e7cf9 HTTP/1.0" 200 236 "-" "Bitrix24 Webhook Engine"
89.208.230.2 - - [29/Jan/2025:07:36:17 +0300] "POST /bp/wolfdigits_bp.php?DOMAIN=comforthome.bitrix24.ru&PROTOCOL=1&LANG=ru&APP_SID=7d6fa3cae2feb232579d2145310e7cf9 HTTP/1.0" 200 236 "-" "Bitrix24 Webhook Engine"
89.208.230.2 - - [29/Jan/2025:07:36:33 +0300] "POST /bp/wolfdigits_bp.php?DOMAIN=comforthome.bitrix24.ru&PROTOCOL=1&LANG=ru&APP_SID=7d6fa3cae2feb232579d2145310e7cf9 HTTP/1.0" 200 236 "-" "Bitrix24 Webhook Engine"
195.208.184.34 - - [29/Jan/2025:07:36:48 +0300] "POST /bp/wolfdigits_bp.php?DOMAIN=comforthome.bitrix24.ru&PROTOCOL=1&LANG=ru&APP_SID=7d6fa3cae2feb232579d2145310e7cf9 HTTP/1.0" 200 236 "-" "Bitrix24 Webhook Engine"
195.208.184.200 - - [29/Jan/2025:07:37:04 +0300] "POST /bp/wolfdigits_bp.php?DOMAIN=comforthome.bitrix24.ru&PROTOCOL=1&LANG=ru&APP_SID=7d6fa3cae2feb232579d2145310e7cf9 HTTP/1.0" 200 236 "-" "Bitrix24 Webhook Engine"
195.208.184.34 - - [29/Jan/2025:07:37:19 +0300] "POST /bp/wolfdigits_bp.php?DOMAIN=comforthome.bitrix24.ru&PROTOCOL=1&LANG=ru&APP_SID=7d6fa3cae2feb232579d2145310e7cf9 HTTP/1.0" 200 236 "-" "Bitrix24 Webhook Engine"
195.208.184.34 - - [29/Jan/2025:07:37:35 +0300] "POST /bp/wolfdigits_bp.php?DOMAIN=comforthome.bitrix24.ru&PROTOCOL=1&LANG=ru&APP_SID=7d6fa3cae2feb232579d2145310e7cf9 HTTP/1.0" 200 236 "-" "Bitrix24 Webhook Engine"
195.208.184.200 - - [29/Jan/2025:07:37:50 +0300] "POST /bp/wolfdigits_bp.php?DOMAIN=comforthome.bitrix24.ru&PROTOCOL=1&LANG=ru&APP_SID=7d6fa3cae2feb232579d2145310e7cf9 HTTP/1.0" 200 236 "-" "Bitrix24 Webhook Engine"
5.249.134.108 - - [29/Jan/2025:07:38:20 +0300] "POST /octorate/action-callback.php HTTP/1.0" 200 294 "-" "Java/11.0.18"
195.208.184.34 - - [29/Jan/2025:07:38:05 +0300] "POST /bp/wolfdigits_bp.php?DOMAIN=comforthome.bitrix24.ru&PROTOCOL=1&LANG=ru&APP_SID=7d6fa3cae2feb232579d2145310e7cf9 HTTP/1.0" 200 236 "-" "Bitrix24 Webhook Engine"
89.208.230.2 - - [29/Jan/2025:07:38:21 +0300] "POST /bp/wolfdigits_bp.php?DOMAIN=comforthome.bitrix24.ru&PROTOCOL=1&LANG=ru&APP_SID=7d6fa3cae2feb232579d2145310e7cf9 HTTP/1.0" 200 236 "-" "Bitrix24 Webhook Engine"
89.208.228.219 - - [29/Jan/2025:07:38:36 +0300] "POST /bp/wolfdigits_bp.php?DOMAIN=comforthome.bitrix24.ru&PROTOCOL=1&LANG=ru&APP_SID=7d6fa3cae2feb232579d2145310e7cf9 HTTP/1.0" 200 236 "-" "Bitrix24 Webhook Engine"
195.208.184.200 - - [29/Jan/2025:07:38:52 +0300] "POST /bp/wolfdigits_bp.php?DOMAIN=comforthome.bitrix24.ru&PROTOCOL=1&LANG=ru&APP_SID=7d6fa3cae2feb232579d2145310e7cf9 HTTP/1.0" 200 236 "-" "Bitrix24 Webhook Engine"
158.160.84.45 - - [29/Jan/2025:07:39:15 +0300] "POST /realtycalendar/action-callback.php?bitrix24=comforthome.bitrix24.ru HTTP/1.0" 200 176 "-" "-"
195.208.184.200 - - [29/Jan/2025:07:39:08 +0300] "POST /bp/wolfdigits_bp.php?DOMAIN=comforthome.bitrix24.ru&PROTOCOL=1&LANG=ru&APP_SID=7d6fa3cae2feb232579d2145310e7cf9 HTTP/1.0" 200 236 "-" "Bitrix24 Webhook Engine"
195.208.184.200 - - [29/Jan/2025:07:39:19 +0300] "POST /bp/wolfdigits_bp.php?DOMAIN=comforthome.bitrix24.ru&PROTOCOL=1&LANG=ru&APP_SID=7d6fa3cae2feb232579d2145310e7cf9 HTTP/1.0" 200 236 "-" "Bitrix24 Webhook Engine"
89.208.228.219 - - [29/Jan/2025:07:39:23 +0300] "POST /bp/wolfdigits_bp.php?DOMAIN=comforthome.bitrix24.ru&PROTOCOL=1&LANG=ru&APP_SID=7d6fa3cae2feb232579d2145310e7cf9 HTTP/1.0" 200 236 "-" "Bitrix24 Webhook Engine"
158.160.84.45 - - [29/Jan/2025:07:39:39 +0300] "POST /realtycalendar/action-callback.php?bitrix24=panthouse8.bitrix24.ru HTTP/1.0" 200 176 "-" "-"
195.208.184.34 - - [29/Jan/2025:07:39:38 +0300] "POST /bp/wolfdigits_bp.php?DOMAIN=comforthome.bitrix24.ru&PROTOCOL=1&LANG=ru&APP_SID=7d6fa3cae2feb232579d2145310e7cf9 HTTP/1.0" 200 236 "-" "Bitrix24 Webhook Engine"
195.208.184.200 - - [29/Jan/2025:07:39:54 +0300] "POST /bp/wolfdigits_bp.php?DOMAIN=comforthome.bitrix24.ru&PROTOCOL=1&LANG=ru&APP_SID=7d6fa3cae2feb232579d2145310e7cf9 HTTP/1.0" 200 236 "-" "Bitrix24 Webhook Engine"
195.208.184.34 - - [29/Jan/2025:07:40:09 +0300] "POST /bp/wolfdigits_bp.php?DOMAIN=comforthome.bitrix24.ru&PROTOCOL=1&LANG=ru&APP_SID=7d6fa3cae2feb232579d2145310e7cf9 HTTP/1.0" 200 236 "-" "Bitrix24 Webhook Engine"
89.208.228.219 - - [29/Jan/2025:07:40:25 +0300] "POST /bp/wolfdigits_bp.php?DOMAIN=comforthome.bitrix24.ru&PROTOCOL=1&LANG=ru&APP_SID=7d6fa3cae2feb232579d2145310e7cf9 HTTP/1.0" 200 236 "-" "Bitrix24 Webhook Engine"
195.208.184.200 - - [29/Jan/2025:07:40:40 +0300] "POST /bp/wolfdigits_bp.php?DOMAIN=comforthome.bitrix24.ru&PROTOCOL=1&LANG=ru&APP_SID=7d6fa3cae2feb232579d2145310e7cf9 HTTP/1.0" 200 236 "-" "Bitrix24 Webhook Engine"
89.208.230.2 - - [29/Jan/2025:07:40:56 +0300] "POST /bp/wolfdigits_bp.php?DOMAIN=comforthome.bitrix24.ru&PROTOCOL=1&LANG=ru&APP_SID=7d6fa3cae2feb232579d2145310e7cf9 HTTP/1.0" 200 236 "-" "Bitrix24 Webhook Engine"
195.208.184.200 - - [29/Jan/2025:07:41:11 +0300] "POST /bp/wolfdigits_bp.php?DOMAIN=comforthome.bitrix24.ru&PROTOCOL=1&LANG=ru&APP_SID=7d6fa3cae2feb232579d2145310e7cf9 HTTP/1.0" 200 236 "-" "Bitrix24 Webhook Engine"
195.208.184.34 - - [29/Jan/2025:07:41:26 +0300] "POST /bp/wolfdigits_bp.php?DOMAIN=comforthome.bitrix24.ru&PROTOCOL=1&LANG=ru&APP_SID=7d6fa3cae2feb232579d2145310e7cf9 HTTP/1.0" 200 236 "-" "Bitrix24 Webhook Engine"
195.208.184.200 - - [29/Jan/2025:07:41:53 +0300] "POST /public/ttlock/action-bp-code.php HTTP/1.0" 200 238 "-" "Bitrix24 Webhook Engine"
195.208.184.200 - - [29/Jan/2025:07:41:42 +0300] "POST /bp/wolfdigits_bp.php?DOMAIN=comforthome.bitrix24.ru&PROTOCOL=1&LANG=ru&APP_SID=7d6fa3cae2feb232579d2145310e7cf9 HTTP/1.0" 200 236 "-" "Bitrix24 Webhook Engine"
89.208.230.2 - - [29/Jan/2025:07:41:57 +0300] "POST /bp/wolfdigits_bp.php?DOMAIN=comforthome.bitrix24.ru&PROTOCOL=1&LANG=ru&APP_SID=7d6fa3cae2feb232579d2145310e7cf9 HTTP/1.0" 200 236 "-" "Bitrix24 Webhook Engine"
62.76.205.129 - - [29/Jan/2025:07:42:18 +0300] "GET /public/payment/action-callback.php?domain=tophouse.bitrix24.ru&orderNumber=57024&sign_alias=merchantCallbackKeyPair&checksum=4D69B8C350859BC9961EDDAD55561CC18F3F4EB137BA7028B98311386AA7C66B0E488C17ACF2A38F54629DA2813B45D84ED515B6E0F2D282EF56062C8F1646667AD53BC8120F45A13B20A3578184D648ED2F1022BB0747C4D08178A1D603F5D0479DB40C7E51A530EC5FD92F3F5CE505C62B382329D3C8ACA9B48B9435520F27427C852AAED7BF677BCF4476C88C9D42297ED1EB6D770002207B745809B1AC40DBFEC60995932722DB04FF73333B737C80904CE7144D195F7056C420772E23814395887D6ADAC231BD58241CCD2AD7FD0FAFDAFE926DB627541C210CAEEE9B9119577B3AC8CEBE28928A2F92EF8428099356A91CCF04D29889731AE01F714418&mdOrder=04dc2ad6-1122-7688-9625-a8fb016df81d&operation=deposited&status=1 HTTP/1.0" 200 251 "-" "Chrome/80.0.3987.116"
195.208.184.34 - - [29/Jan/2025:07:42:13 +0300] "POST /bp/wolfdigits_bp.php?DOMAIN=comforthome.bitrix24.ru&PROTOCOL=1&LANG=ru&APP_SID=7d6fa3cae2feb232579d2145310e7cf9 HTTP/1.0" 200 236 "-" "Bitrix24 Webhook Engine"
195.208.184.34 - - [29/Jan/2025:07:42:28 +0300] "POST /bp/wolfdigits_bp.php?DOMAIN=comforthome.bitrix24.ru&PROTOCOL=1&LANG=ru&APP_SID=7d6fa3cae2feb232579d2145310e7cf9 HTTP/1.0" 200 236 "-" "Bitrix24 Webhook Engine"
89.208.228.219 - - [29/Jan/2025:07:42:44 +0300] "POST /bp/wolfdigits_bp.php?DOMAIN=comforthome.bitrix24.ru&PROTOCOL=1&LANG=ru&APP_SID=7d6fa3cae2feb232579d2145310e7cf9 HTTP/1.0" 200 236 "-" "Bitrix24 Webhook Engine"
