89.208.228.219 - - [29/Jan/2025:08:47:04 +0300] "POST /bp/wolfdigits_bp.php?DOMAIN=comforthome.bitrix24.ru&PROTOCOL=1&LANG=ru&APP_SID=7d6fa3cae2feb232579d2145310e7cf9 HTTP/1.0" 200 236 "-" "Bitrix24 Webhook Engine"
176.59.2.63 - - [29/Jan/2025:08:47:21 +0300] "GET /payment/action.php?paymentId=19153&paySystemId=27&domain=myhomeyourhome.bitrix24.ru&orderId=04dc6241-3ad7-738f-aeda-c5e300c0913c&lang=ru HTTP/1.0" 302 673 "https://payment.alfabank.ru/" "Mozilla/5.0 (iPhone; CPU iPhone OS 17_5_1 like Mac OS X) AppleWebKit/605.1.15 (KHTML, like Gecko) Version/17.5 Mobile/15E148 Safari/604.1"
62.76.205.129 - - [29/Jan/2025:08:47:22 +0300] "GET /public/payment/action-callback.php?domain=myhomeyourhome.bitrix24.ru&checksum=14ED8E0A2436AC3BF444B34D3123B713DA64D6A67D939E0B6C8969B7595E0663&orderNumber=9329%2F1-2&mdOrder=04dc6241-3ad7-738f-aeda-c5e300c0913c&operation=deposited&status=1 HTTP/1.0" 200 236 "-" "Chrome/80.0.3987.116"
89.208.230.2 - - [29/Jan/2025:08:47:19 +0300] "POST /bp/wolfdigits_bp.php?DOMAIN=comforthome.bitrix24.ru&PROTOCOL=1&LANG=ru&APP_SID=7d6fa3cae2feb232579d2145310e7cf9 HTTP/1.0" 200 236 "-" "Bitrix24 Webhook Engine"
188.232.125.174 - - [29/Jan/2025:08:47:48 +0300] "POST /public/payment/action.php HTTP/1.0" 301 397 "https://b24-i4di1v.bitrix24shop.ru/" "Mozilla/5.0 (Linux; arm_64; Android 14; SM-S721B) AppleWebKit/537.36 (KHTML, like Gecko) Chrome/130.0.6723.28 YaBrowser/24.12.5.28.00 SA/3 Mobile Safari/537.36"
195.208.184.34 - - [29/Jan/2025:08:47:35 +0300] "POST /bp/wolfdigits_bp.php?DOMAIN=comforthome.bitrix24.ru&PROTOCOL=1&LANG=ru&APP_SID=7d6fa3cae2feb232579d2145310e7cf9 HTTP/1.0" 200 236 "-" "Bitrix24 Webhook Engine"
91.218.132.2 - - [29/Jan/2025:08:48:01 +0300] "POST /public/payment/action-callback.php?domain=goshrent.bitrix24.ru HTTP/1.0" 200 236 "-" "HTTP Client"
89.208.228.219 - - [29/Jan/2025:08:47:50 +0300] "POST /bp/wolfdigits_bp.php?DOMAIN=comforthome.bitrix24.ru&PROTOCOL=1&LANG=ru&APP_SID=7d6fa3cae2feb232579d2145310e7cf9 HTTP/1.0" 200 236 "-" "Bitrix24 Webhook Engine"
89.208.230.2 - - [29/Jan/2025:08:48:06 +0300] "POST /bp/wolfdigits_bp.php?DOMAIN=comforthome.bitrix24.ru&PROTOCOL=1&LANG=ru&APP_SID=7d6fa3cae2feb232579d2145310e7cf9 HTTP/1.0" 200 236 "-" "Bitrix24 Webhook Engine"
176.15.167.139 - - [29/Jan/2025:08:48:21 +0300] "POST /public/payment/action.php HTTP/1.0" 301 607 "https://prudius.bitrix24shop.ru/" "Mozilla/5.0 (iPhone; CPU iPhone OS 17_7 like Mac OS X) AppleWebKit/605.1.15 (KHTML, like Gecko) Version/17.7 Mobile/15E148 Safari/604.1"
158.160.84.45 - - [29/Jan/2025:08:48:26 +0300] "POST /realtycalendar/action-callback.php?bitrix24=sutochno24.bitrix24.ru HTTP/1.0" 200 180 "-" "-"
89.208.228.219 - - [29/Jan/2025:08:48:21 +0300] "POST /bp/wolfdigits_bp.php?DOMAIN=comforthome.bitrix24.ru&PROTOCOL=1&LANG=ru&APP_SID=7d6fa3cae2feb232579d2145310e7cf9 HTTP/1.0" 200 236 "-" "Bitrix24 Webhook Engine"
195.208.184.34 - - [29/Jan/2025:08:48:37 +0300] "POST /bp/wolfdigits_bp.php?DOMAIN=comforthome.bitrix24.ru&PROTOCOL=1&LANG=ru&APP_SID=7d6fa3cae2feb232579d2145310e7cf9 HTTP/1.0" 200 236 "-" "Bitrix24 Webhook Engine"
158.160.84.45 - - [29/Jan/2025:08:48:55 +0300] "POST /realtycalendar/action-callback.php?bitrix24=homelike.bitrix24.ru HTTP/1.0" 200 176 "-" "-"
158.160.84.45 - - [29/Jan/2025:08:49:05 +0300] "POST /realtycalendar/action-callback.php?bitrix24=sutochno24.bitrix24.ru HTTP/1.0" 200 176 "-" "-"
89.208.228.219 - - [29/Jan/2025:08:48:52 +0300] "POST /bp/wolfdigits_bp.php?DOMAIN=comforthome.bitrix24.ru&PROTOCOL=1&LANG=ru&APP_SID=7d6fa3cae2feb232579d2145310e7cf9 HTTP/1.0" 200 236 "-" "Bitrix24 Webhook Engine"
158.160.84.45 - - [29/Jan/2025:08:49:13 +0300] "POST /realtycalendar/action-callback.php?bitrix24=kvartburo.bitrix24.ru HTTP/1.0" 200 176 "-" "-"
195.208.184.200 - - [29/Jan/2025:08:49:08 +0300] "POST /bp/wolfdigits_bp.php?DOMAIN=comforthome.bitrix24.ru&PROTOCOL=1&LANG=ru&APP_SID=7d6fa3cae2feb232579d2145310e7cf9 HTTP/1.0" 200 236 "-" "Bitrix24 Webhook Engine"
195.208.184.34 - - [29/Jan/2025:08:49:23 +0300] "POST /bp/wolfdigits_bp.php?DOMAIN=comforthome.bitrix24.ru&PROTOCOL=1&LANG=ru&APP_SID=7d6fa3cae2feb232579d2145310e7cf9 HTTP/1.0" 200 236 "-" "Bitrix24 Webhook Engine"
158.160.84.45 - - [29/Jan/2025:08:49:52 +0300] "POST /realtycalendar/action-callback.php?bitrix24=prudius.bitrix24.ru HTTP/1.0" 200 176 "-" "-"
89.208.230.2 - - [29/Jan/2025:08:49:39 +0300] "POST /bp/wolfdigits_bp.php?DOMAIN=comforthome.bitrix24.ru&PROTOCOL=1&LANG=ru&APP_SID=7d6fa3cae2feb232579d2145310e7cf9 HTTP/1.0" 200 236 "-" "Bitrix24 Webhook Engine"
89.208.228.219 - - [29/Jan/2025:08:49:54 +0300] "POST /bp/wolfdigits_bp.php?DOMAIN=comforthome.bitrix24.ru&PROTOCOL=1&LANG=ru&APP_SID=7d6fa3cae2feb232579d2145310e7cf9 HTTP/1.0" 200 236 "-" "Bitrix24 Webhook Engine"
195.208.184.200 - - [29/Jan/2025:08:50:10 +0300] "POST /bp/wolfdigits_bp.php?DOMAIN=comforthome.bitrix24.ru&PROTOCOL=1&LANG=ru&APP_SID=7d6fa3cae2feb232579d2145310e7cf9 HTTP/1.0" 200 236 "-" "Bitrix24 Webhook Engine"
195.208.184.34 - - [29/Jan/2025:08:50:25 +0300] "POST /bp/wolfdigits_bp.php?DOMAIN=comforthome.bitrix24.ru&PROTOCOL=1&LANG=ru&APP_SID=7d6fa3cae2feb232579d2145310e7cf9 HTTP/1.0" 200 236 "-" "Bitrix24 Webhook Engine"
89.208.228.219 - - [29/Jan/2025:08:50:41 +0300] "POST /bp/wolfdigits_bp.php?DOMAIN=comforthome.bitrix24.ru&PROTOCOL=1&LANG=ru&APP_SID=7d6fa3cae2feb232579d2145310e7cf9 HTTP/1.0" 200 236 "-" "Bitrix24 Webhook Engine"
158.160.84.45 - - [29/Jan/2025:08:51:08 +0300] "POST /realtycalendar/action-callback.php?bitrix24=homelike.bitrix24.ru HTTP/1.0" 200 176 "-" "-"
195.208.184.200 - - [29/Jan/2025:08:50:56 +0300] "POST /bp/wolfdigits_bp.php?DOMAIN=comforthome.bitrix24.ru&PROTOCOL=1&LANG=ru&APP_SID=7d6fa3cae2feb232579d2145310e7cf9 HTTP/1.0" 200 236 "-" "Bitrix24 Webhook Engine"
89.208.230.2 - - [29/Jan/2025:08:51:12 +0300] "POST /bp/wolfdigits_bp.php?DOMAIN=comforthome.bitrix24.ru&PROTOCOL=1&LANG=ru&APP_SID=7d6fa3cae2feb232579d2145310e7cf9 HTTP/1.0" 200 236 "-" "Bitrix24 Webhook Engine"
158.160.84.45 - - [29/Jan/2025:08:51:31 +0300] "POST /realtycalendar/action-callback.php?bitrix24=sutochno24.bitrix24.ru HTTP/1.0" 200 180 "-" "-"
89.208.230.2 - - [29/Jan/2025:08:51:29 +0300] "POST /public/ttlock/action-bp-code.php HTTP/1.0" 200 238 "-" "Bitrix24 Webhook Engine"
195.208.184.200 - - [29/Jan/2025:08:51:32 +0300] "POST /public/ttlock/action-bp-code.php HTTP/1.0" 200 238 "-" "Bitrix24 Webhook Engine"
89.208.228.219 - - [29/Jan/2025:08:51:34 +0300] "POST /public/ttlock/action-bp-code.php HTTP/1.0" 200 238 "-" "Bitrix24 Webhook Engine"
89.208.230.2 - - [29/Jan/2025:08:51:27 +0300] "POST /bp/wolfdigits_bp.php?DOMAIN=comforthome.bitrix24.ru&PROTOCOL=1&LANG=ru&APP_SID=7d6fa3cae2feb232579d2145310e7cf9 HTTP/1.0" 200 236 "-" "Bitrix24 Webhook Engine"
195.208.184.34 - - [29/Jan/2025:08:51:42 +0300] "POST /bp/wolfdigits_bp.php?DOMAIN=comforthome.bitrix24.ru&PROTOCOL=1&LANG=ru&APP_SID=7d6fa3cae2feb232579d2145310e7cf9 HTTP/1.0" 200 236 "-" "Bitrix24 Webhook Engine"
62.76.205.129 - - [29/Jan/2025:08:52:09 +0300] "GET /public/payment/action-callback.php?domain=prudius.bitrix24.ru&orderNumber=399%2F2-3&sign_alias=merchantCallbackKeyPair&checksum=36EAB451A0A030880099976CC59D5CDF868C6F1F7904EC6F49895D09B6B0A7ECC09DD809328FA2BB63B7DBE024C3DDAE81985EDDB03E56934A44510B50181BF7C9CFB48AD904B5A9E9402810AC6A1495DDB95F4CADB2D27666D49492BE3A3DD7246D43C022C41D0CCC1A0D4BA554FE4643479FB3B3D67807DDC82A7D3F9B674C91B8530AE9C23E32408A9D03574296BC5FE85B6CD877FAB9A6C0AD4A745F6E13DCCF2A3C9CB4E0E616EB08DF8C5C1D8A53CD65149B0DA9175B83F76167D0E9B55CF9A28E9364C296935A9436A71ED66F19573DD8256D1556DCB070ED5FCEDB40A10F2A7423022E9CC6DA79D919C97F036ACDF9B29895638DC44E8D431DD1609F&mdOrder=04dc651b-09c9-7e23-95be-770b01d8b822&operation=approved&status=1 HTTP/1.0" 200 236 "-" "Chrome/80.0.3987.116"
185.253.41.133 - - [29/Jan/2025:08:52:08 +0300] "GET /payment/action.php?paymentId=677&paySystemId=19&domain=prudius.bitrix24.ru&orderId=04dc651b-09c9-7e23-95be-770b01d8b822&lang=ru HTTP/1.0" 302 397 "https://acs2.sbrf.ru/" "Mozilla/5.0 (iPhone; CPU iPhone OS 17_7 like Mac OS X) AppleWebKit/605.1.15 (KHTML, like Gecko) Version/17.7 Mobile/15E148 Safari/604.1"
89.208.228.219 - - [29/Jan/2025:08:51:58 +0300] "POST /bp/wolfdigits_bp.php?DOMAIN=comforthome.bitrix24.ru&PROTOCOL=1&LANG=ru&APP_SID=7d6fa3cae2feb232579d2145310e7cf9 HTTP/1.0" 200 236 "-" "Bitrix24 Webhook Engine"
195.208.184.34 - - [29/Jan/2025:08:52:14 +0300] "POST /public/ttlock/action-bp-code.php HTTP/1.0" 200 238 "-" "Bitrix24 Webhook Engine"
158.160.84.45 - - [29/Jan/2025:08:52:15 +0300] "POST /realtycalendar/action-callback.php?bitrix24=homelike.bitrix24.ru HTTP/1.0" 200 176 "-" "-"
195.208.184.200 - - [29/Jan/2025:08:52:13 +0300] "POST /bp/wolfdigits_bp.php?DOMAIN=comforthome.bitrix24.ru&PROTOCOL=1&LANG=ru&APP_SID=7d6fa3cae2feb232579d2145310e7cf9 HTTP/1.0" 200 236 "-" "Bitrix24 Webhook Engine"
89.208.228.219 - - [29/Jan/2025:08:52:29 +0300] "POST /bp/wolfdigits_bp.php?DOMAIN=comforthome.bitrix24.ru&PROTOCOL=1&LANG=ru&APP_SID=7d6fa3cae2feb232579d2145310e7cf9 HTTP/1.0" 200 236 "-" "Bitrix24 Webhook Engine"
195.208.184.200 - - [29/Jan/2025:08:52:44 +0300] "POST /bp/wolfdigits_bp.php?DOMAIN=comforthome.bitrix24.ru&PROTOCOL=1&LANG=ru&APP_SID=7d6fa3cae2feb232579d2145310e7cf9 HTTP/1.0" 200 236 "-" "Bitrix24 Webhook Engine"
89.208.228.219 - - [29/Jan/2025:08:53:00 +0300] "POST /bp/wolfdigits_bp.php?DOMAIN=comforthome.bitrix24.ru&PROTOCOL=1&LANG=ru&APP_SID=7d6fa3cae2feb232579d2145310e7cf9 HTTP/1.0" 200 236 "-" "Bitrix24 Webhook Engine"
158.160.84.45 - - [29/Jan/2025:08:53:17 +0300] "POST /realtycalendar/action-callback.php?bitrix24=homelike.bitrix24.ru HTTP/1.0" 200 176 "-" "-"
195.208.184.34 - - [29/Jan/2025:08:53:15 +0300] "POST /bp/wolfdigits_bp.php?DOMAIN=comforthome.bitrix24.ru&PROTOCOL=1&LANG=ru&APP_SID=7d6fa3cae2feb232579d2145310e7cf9 HTTP/1.0" 200 236 "-" "Bitrix24 Webhook Engine"
89.208.228.219 - - [29/Jan/2025:08:53:31 +0300] "POST /bp/wolfdigits_bp.php?DOMAIN=comforthome.bitrix24.ru&PROTOCOL=1&LANG=ru&APP_SID=7d6fa3cae2feb232579d2145310e7cf9 HTTP/1.0" 200 236 "-" "Bitrix24 Webhook Engine"
89.208.230.2 - - [29/Jan/2025:08:53:46 +0300] "POST /bp/wolfdigits_bp.php?DOMAIN=comforthome.bitrix24.ru&PROTOCOL=1&LANG=ru&APP_SID=7d6fa3cae2feb232579d2145310e7cf9 HTTP/1.0" 200 236 "-" "Bitrix24 Webhook Engine"
195.208.184.200 - - [29/Jan/2025:08:52:16 +0300] "POST /bp/wolfdigits_bp.php?DOMAIN=prudius.bitrix24.ru&PROTOCOL=1&LANG=ru&APP_SID=ac94ad8a07f84d5b05348815d9847cb3 HTTP/1.0" 200 236 "-" "Bitrix24 Webhook Engine"
195.208.184.200 - - [29/Jan/2025:08:54:02 +0300] "POST /bp/wolfdigits_bp.php?DOMAIN=comforthome.bitrix24.ru&PROTOCOL=1&LANG=ru&APP_SID=7d6fa3cae2feb232579d2145310e7cf9 HTTP/1.0" 200 236 "-" "Bitrix24 Webhook Engine"
89.208.228.219 - - [29/Jan/2025:08:54:16 +0300] "POST /public/ttlock/action-bp-code.php HTTP/1.0" 200 238 "-" "Bitrix24 Webhook Engine"
158.160.84.45 - - [29/Jan/2025:08:54:26 +0300] "POST /realtycalendar/action-callback.php?bitrix24=yourkomfort.bitrix24.ru HTTP/1.0" 200 180 "-" "-"
89.208.228.219 - - [29/Jan/2025:08:54:17 +0300] "POST /bp/wolfdigits_bp.php?DOMAIN=comforthome.bitrix24.ru&PROTOCOL=1&LANG=ru&APP_SID=7d6fa3cae2feb232579d2145310e7cf9 HTTP/1.0" 200 236 "-" "Bitrix24 Webhook Engine"
158.160.84.45 - - [29/Jan/2025:08:54:33 +0300] "POST /realtycalendar/action-callback.php?bitrix24=sibirhouse.bitrix24.ru HTTP/1.0" 200 176 "-" "-"
158.160.84.45 - - [29/Jan/2025:08:54:37 +0300] "POST /realtycalendar/action-callback.php?bitrix24=sibirhouse.bitrix24.ru HTTP/1.0" 200 176 "-" "-"
158.160.84.45 - - [29/Jan/2025:08:54:41 +0300] "POST /realtycalendar/action-callback.php?bitrix24=sibirhouse.bitrix24.ru HTTP/1.0" 200 176 "-" "-"
158.160.84.45 - - [29/Jan/2025:08:54:41 +0300] "POST /realtycalendar/action-callback.php?bitrix24=vgosti33.bitrix24.ru HTTP/1.0" 200 176 "-" "-"
89.208.228.219 - - [29/Jan/2025:08:54:33 +0300] "POST /bp/wolfdigits_bp.php?DOMAIN=comforthome.bitrix24.ru&PROTOCOL=1&LANG=ru&APP_SID=7d6fa3cae2feb232579d2145310e7cf9 HTTP/1.0" 200 236 "-" "Bitrix24 Webhook Engine"
89.208.228.219 - - [29/Jan/2025:08:54:48 +0300] "POST /bp/wolfdigits_bp.php?DOMAIN=comforthome.bitrix24.ru&PROTOCOL=1&LANG=ru&APP_SID=7d6fa3cae2feb232579d2145310e7cf9 HTTP/1.0" 200 236 "-" "Bitrix24 Webhook Engine"
195.208.184.200 - - [29/Jan/2025:08:55:04 +0300] "POST /bp/wolfdigits_bp.php?DOMAIN=comforthome.bitrix24.ru&PROTOCOL=1&LANG=ru&APP_SID=7d6fa3cae2feb232579d2145310e7cf9 HTTP/1.0" 200 236 "-" "Bitrix24 Webhook Engine"
195.208.184.200 - - [29/Jan/2025:08:55:19 +0300] "POST /bp/wolfdigits_bp.php?DOMAIN=comforthome.bitrix24.ru&PROTOCOL=1&LANG=ru&APP_SID=7d6fa3cae2feb232579d2145310e7cf9 HTTP/1.0" 200 236 "-" "Bitrix24 Webhook Engine"
195.208.184.34 - - [29/Jan/2025:08:55:35 +0300] "POST /bp/wolfdigits_bp.php?DOMAIN=comforthome.bitrix24.ru&PROTOCOL=1&LANG=ru&APP_SID=7d6fa3cae2feb232579d2145310e7cf9 HTTP/1.0" 200 236 "-" "Bitrix24 Webhook Engine"
158.160.84.45 - - [29/Jan/2025:08:55:59 +0300] "POST /realtycalendar/action-callback.php?bitrix24=homelike.bitrix24.ru HTTP/1.0" 200 176 "-" "-"
178.154.246.58 - - [29/Jan/2025:08:56:02 +0300] "POST /projects/cian/rentprofi.bitrix24.ru/service/webhook HTTP/1.0" 302 1509 "-" "Cian-chats-webhooks"
178.154.246.58 - - [29/Jan/2025:08:56:02 +0300] "GET / HTTP/1.0" 200 5463 "-" "Cian-chats-webhooks"
178.154.246.58 - - [29/Jan/2025:08:56:02 +0300] "POST /projects/cian/rentprofi/service/webhook HTTP/1.0" 302 1509 "-" "Cian-chats-webhooks"
178.154.246.58 - - [29/Jan/2025:08:56:02 +0300] "GET / HTTP/1.0" 200 5463 "-" "Cian-chats-webhooks"
89.208.230.2 - - [29/Jan/2025:08:55:50 +0300] "POST /bp/wolfdigits_bp.php?DOMAIN=comforthome.bitrix24.ru&PROTOCOL=1&LANG=ru&APP_SID=7d6fa3cae2feb232579d2145310e7cf9 HTTP/1.0" 200 236 "-" "Bitrix24 Webhook Engine"
89.208.228.219 - - [29/Jan/2025:08:54:18 +0300] "POST /bp/wolfdigits_bp.php?DOMAIN=prudius.bitrix24.ru&PROTOCOL=1&LANG=ru&APP_SID=ac94ad8a07f84d5b05348815d9847cb3 HTTP/1.0" 200 236 "-" "Bitrix24 Webhook Engine"
195.208.184.200 - - [29/Jan/2025:08:56:18 +0300] "POST /public/ttlock/action-bp-code.php HTTP/1.0" 200 238 "-" "Bitrix24 Webhook Engine"
5.249.134.108 - - [29/Jan/2025:08:56:20 +0300] "POST /octorate/action-callback.php HTTP/1.0" 200 294 "-" "Java/11.0.18"
89.208.228.219 - - [29/Jan/2025:08:56:20 +0300] "POST /public/ttlock/action-bp-code.php HTTP/1.0" 200 238 "-" "Bitrix24 Webhook Engine"
89.208.228.219 - - [29/Jan/2025:08:56:06 +0300] "POST /bp/wolfdigits_bp.php?DOMAIN=comforthome.bitrix24.ru&PROTOCOL=1&LANG=ru&APP_SID=7d6fa3cae2feb232579d2145310e7cf9 HTTP/1.0" 200 236 "-" "Bitrix24 Webhook Engine"
195.208.184.34 - - [29/Jan/2025:08:56:21 +0300] "POST /bp/wolfdigits_bp.php?DOMAIN=comforthome.bitrix24.ru&PROTOCOL=1&LANG=ru&APP_SID=7d6fa3cae2feb232579d2145310e7cf9 HTTP/1.0" 200 236 "-" "Bitrix24 Webhook Engine"
77.75.154.206 - - [29/Jan/2025:08:56:38 +0300] "POST /public/payment/action-callback.php?domain=renthouse.bitrix24.ru HTTP/1.0" 200 187 "-" "AHC/2.1"
89.208.228.219 - - [29/Jan/2025:08:56:37 +0300] "POST /bp/wolfdigits_bp.php?DOMAIN=comforthome.bitrix24.ru&PROTOCOL=1&LANG=ru&APP_SID=7d6fa3cae2feb232579d2145310e7cf9 HTTP/1.0" 200 236 "-" "Bitrix24 Webhook Engine"
158.160.84.45 - - [29/Jan/2025:08:56:53 +0300] "POST /realtycalendar/action-callback.php?bitrix24=homelike.bitrix24.ru HTTP/1.0" 200 176 "-" "-"
158.160.84.45 - - [29/Jan/2025:08:56:58 +0300] "POST /realtycalendar/action-callback.php?bitrix24=apartunit.bitrix24.ru HTTP/1.0" 200 176 "-" "-"
195.208.184.200 - - [29/Jan/2025:08:56:52 +0300] "POST /bp/wolfdigits_bp.php?DOMAIN=comforthome.bitrix24.ru&PROTOCOL=1&LANG=ru&APP_SID=7d6fa3cae2feb232579d2145310e7cf9 HTTP/1.0" 200 236 "-" "Bitrix24 Webhook Engine"
89.208.228.219 - - [29/Jan/2025:08:57:08 +0300] "POST /bp/wolfdigits_bp.php?DOMAIN=comforthome.bitrix24.ru&PROTOCOL=1&LANG=ru&APP_SID=7d6fa3cae2feb232579d2145310e7cf9 HTTP/1.0" 200 236 "-" "Bitrix24 Webhook Engine"
158.160.84.45 - - [29/Jan/2025:08:57:25 +0300] "POST /realtycalendar/action-callback.php?bitrix24=rentprofi.bitrix24.ru HTTP/1.0" 200 176 "-" "-"
158.160.84.45 - - [29/Jan/2025:08:57:27 +0300] "POST /realtycalendar/action-callback.php?bitrix24=50ottenkovpitera.bitrix24.ru HTTP/1.0" 200 176 "-" "-"
158.160.84.45 - - [29/Jan/2025:08:57:34 +0300] "POST /realtycalendar/action-callback.php?bitrix24=vgosti33.bitrix24.ru HTTP/1.0" 200 176 "-" "-"
158.160.84.45 - - [29/Jan/2025:08:57:38 +0300] "POST /realtycalendar/action-callback.php?bitrix24=homelike.bitrix24.ru HTTP/1.0" 200 176 "-" "-"
195.208.184.200 - - [29/Jan/2025:08:57:24 +0300] "POST /bp/wolfdigits_bp.php?DOMAIN=comforthome.bitrix24.ru&PROTOCOL=1&LANG=ru&APP_SID=7d6fa3cae2feb232579d2145310e7cf9 HTTP/1.0" 200 236 "-" "Bitrix24 Webhook Engine"
89.208.228.219 - - [29/Jan/2025:08:57:39 +0300] "POST /bp/wolfdigits_bp.php?DOMAIN=comforthome.bitrix24.ru&PROTOCOL=1&LANG=ru&APP_SID=7d6fa3cae2feb232579d2145310e7cf9 HTTP/1.0" 200 236 "-" "Bitrix24 Webhook Engine"
195.208.184.34 - - [29/Jan/2025:08:57:55 +0300] "POST /bp/wolfdigits_bp.php?DOMAIN=comforthome.bitrix24.ru&PROTOCOL=1&LANG=ru&APP_SID=7d6fa3cae2feb232579d2145310e7cf9 HTTP/1.0" 200 236 "-" "Bitrix24 Webhook Engine"
89.208.230.2 - - [29/Jan/2025:08:58:11 +0300] "POST /bp/wolfdigits_bp.php?DOMAIN=comforthome.bitrix24.ru&PROTOCOL=1&LANG=ru&APP_SID=7d6fa3cae2feb232579d2145310e7cf9 HTTP/1.0" 200 236 "-" "Bitrix24 Webhook Engine"
89.208.228.219 - - [29/Jan/2025:08:58:26 +0300] "POST /bp/wolfdigits_bp.php?DOMAIN=comforthome.bitrix24.ru&PROTOCOL=1&LANG=ru&APP_SID=7d6fa3cae2feb232579d2145310e7cf9 HTTP/1.0" 200 236 "-" "Bitrix24 Webhook Engine"
80.83.239.19 - - [29/Jan/2025:08:58:43 +0300] "POST /public/payment/action.php HTTP/1.0" 301 607 "https://b24-5wc0a7.bitrix24.shop/" "Mozilla/5.0 (iPhone; CPU iPhone OS 18_1_1 like Mac OS X) AppleWebKit/605.1.15 (KHTML, like Gecko) Version/18.1.1 Mobile/15E148 Safari/604.1"
195.208.184.200 - - [29/Jan/2025:08:58:42 +0300] "POST /bp/wolfdigits_bp.php?DOMAIN=comforthome.bitrix24.ru&PROTOCOL=1&LANG=ru&APP_SID=7d6fa3cae2feb232579d2145310e7cf9 HTTP/1.0" 200 236 "-" "Bitrix24 Webhook Engine"
158.160.84.45 - - [29/Jan/2025:08:58:58 +0300] "POST /realtycalendar/action-callback.php?bitrix24=kvartburo.bitrix24.ru HTTP/1.0" 200 176 "-" "-"
158.160.84.45 - - [29/Jan/2025:08:59:07 +0300] "POST /realtycalendar/action-callback.php?bitrix24=asap.bitrix24.ru HTTP/1.0" 200 180 "-" "-"
195.208.184.34 - - [29/Jan/2025:08:58:57 +0300] "POST /bp/wolfdigits_bp.php?DOMAIN=comforthome.bitrix24.ru&PROTOCOL=1&LANG=ru&APP_SID=7d6fa3cae2feb232579d2145310e7cf9 HTTP/1.0" 200 236 "-" "Bitrix24 Webhook Engine"
195.208.184.200 - - [29/Jan/2025:08:59:13 +0300] "POST /bp/wolfdigits_bp.php?DOMAIN=comforthome.bitrix24.ru&PROTOCOL=1&LANG=ru&APP_SID=7d6fa3cae2feb232579d2145310e7cf9 HTTP/1.0" 200 236 "-" "Bitrix24 Webhook Engine"
195.208.184.34 - - [29/Jan/2025:08:59:28 +0300] "POST /bp/wolfdigits_bp.php?DOMAIN=comforthome.bitrix24.ru&PROTOCOL=1&LANG=ru&APP_SID=7d6fa3cae2feb232579d2145310e7cf9 HTTP/1.0" 200 236 "-" "Bitrix24 Webhook Engine"
195.208.184.200 - - [29/Jan/2025:08:59:44 +0300] "POST /bp/wolfdigits_bp.php?DOMAIN=comforthome.bitrix24.ru&PROTOCOL=1&LANG=ru&APP_SID=7d6fa3cae2feb232579d2145310e7cf9 HTTP/1.0" 200 236 "-" "Bitrix24 Webhook Engine"
89.208.228.219 - - [29/Jan/2025:08:59:59 +0300] "POST /bp/wolfdigits_bp.php?DOMAIN=comforthome.bitrix24.ru&PROTOCOL=1&LANG=ru&APP_SID=7d6fa3cae2feb232579d2145310e7cf9 HTTP/1.0" 200 236 "-" "Bitrix24 Webhook Engine"
158.160.84.45 - - [29/Jan/2025:09:00:15 +0300] "POST /realtycalendar/action-callback.php?bitrix24=sutkirent.bitrix24.ru HTTP/1.0" 200 176 "-" "-"
195.208.184.34 - - [29/Jan/2025:09:00:16 +0300] "POST /bp/wolfdigits_bp.php?DOMAIN=comforthome.bitrix24.ru&PROTOCOL=1&LANG=ru&APP_SID=7d6fa3cae2feb232579d2145310e7cf9 HTTP/1.0" 200 236 "-" "Bitrix24 Webhook Engine"
195.208.184.34 - - [29/Jan/2025:09:00:31 +0300] "POST /bp/wolfdigits_bp.php?DOMAIN=comforthome.bitrix24.ru&PROTOCOL=1&LANG=ru&APP_SID=7d6fa3cae2feb232579d2145310e7cf9 HTTP/1.0" 200 236 "-" "Bitrix24 Webhook Engine"
91.149.105.58 - - [29/Jan/2025:09:00:47 +0300] "POST /public/payment/action.php HTTP/1.0" 301 607 "https://b24-5wc0a7.bitrix24.shop/" "Mozilla/5.0 (iPhone; CPU iPhone OS 18_0_1 like Mac OS X) AppleWebKit/605.1.15 (KHTML, like Gecko) Version/18.0.1 Mobile/15E148 Safari/604.1"
158.160.84.45 - - [29/Jan/2025:09:00:58 +0300] "POST /realtycalendar/action-callback.php?bitrix24=vgosti33.bitrix24.ru HTTP/1.0" 500 170 "-" "-"
195.208.184.200 - - [29/Jan/2025:09:00:47 +0300] "POST /bp/wolfdigits_bp.php?DOMAIN=comforthome.bitrix24.ru&PROTOCOL=1&LANG=ru&APP_SID=7d6fa3cae2feb232579d2145310e7cf9 HTTP/1.0" 200 236 "-" "Bitrix24 Webhook Engine"
89.208.230.2 - - [29/Jan/2025:09:01:03 +0300] "POST /bp/wolfdigits_bp.php?DOMAIN=comforthome.bitrix24.ru&PROTOCOL=1&LANG=ru&APP_SID=7d6fa3cae2feb232579d2145310e7cf9 HTTP/1.0" 200 236 "-" "Bitrix24 Webhook Engine"
62.76.205.129 - - [29/Jan/2025:09:01:25 +0300] "GET /public/payment/action-callback.php?domain=tophouse.bitrix24.ru&orderNumber=6314%2F1-3&sign_alias=merchantCallbackKeyPair&checksum=988C1F7BE96EFC6B8927B8C450216C48BCE138356D148C832457C97E2008299E7842C959A90E696C01DEE9338A1622B0E0E4EB03CDB644D57810444FB18DEDA83B839A2C9160D538D6AECCE2AA30EC27EC76E112E39D952B4A01EB481871FB89C27239A4592F01B13C242E73867CB96D5F8E6A7883297E7E7C26AE9141F3387889A29ADD2B71E72F0F443DEDC3133129C209A941D85266730DC776E35EDD8C1535CA83015D48E20EB7349B9FCAB83FBB4B9988521A215931391458DBD85E59850286D09DB26F0F45C3276F73F3718CC19214B36DFC07B7C4BC8E5026FD20E1016B3BE7D303F6BB2F7511D6CB36AC2B009B672D1BECB4E72E2FA9C663F72633E4&mdOrder=04dc6ff6-63f4-7539-ab45-bf53016df81d&operation=deposited&status=1 HTTP/1.0" 200 236 "-" "Chrome/80.0.3987.116"
195.208.184.34 - - [29/Jan/2025:09:01:19 +0300] "POST /bp/wolfdigits_bp.php?DOMAIN=comforthome.bitrix24.ru&PROTOCOL=1&LANG=ru&APP_SID=7d6fa3cae2feb232579d2145310e7cf9 HTTP/1.0" 200 236 "-" "Bitrix24 Webhook Engine"
91.149.105.58 - - [29/Jan/2025:09:01:32 +0300] "GET /payment/action.php?paymentId=9644&paySystemId=14&domain=tophouse.bitrix24.ru&orderId=04dc6ff6-63f4-7539-ab45-bf53016df81d&lang=ru HTTP/1.0" 302 652 "-" "Mozilla/5.0 (iPhone; CPU iPhone OS 18_0_1 like Mac OS X) AppleWebKit/605.1.15 (KHTML, like Gecko) Version/18.0.1 Mobile/15E148 Safari/604.1"
158.160.84.45 - - [29/Jan/2025:09:01:37 +0300] "POST /realtycalendar/action-callback.php?bitrix24=kvartburo.bitrix24.ru HTTP/1.0" 200 180 "-" "-"
89.208.230.2 - - [29/Jan/2025:09:01:34 +0300] "POST /bp/wolfdigits_bp.php?DOMAIN=comforthome.bitrix24.ru&PROTOCOL=1&LANG=ru&APP_SID=7d6fa3cae2feb232579d2145310e7cf9 HTTP/1.0" 200 236 "-" "Bitrix24 Webhook Engine"
195.208.184.34 - - [29/Jan/2025:09:01:50 +0300] "POST /bp/wolfdigits_bp.php?DOMAIN=comforthome.bitrix24.ru&PROTOCOL=1&LANG=ru&APP_SID=7d6fa3cae2feb232579d2145310e7cf9 HTTP/1.0" 200 236 "-" "Bitrix24 Webhook Engine"
89.208.228.219 - - [29/Jan/2025:09:02:06 +0300] "POST /bp/wolfdigits_bp.php?DOMAIN=comforthome.bitrix24.ru&PROTOCOL=1&LANG=ru&APP_SID=7d6fa3cae2feb232579d2145310e7cf9 HTTP/1.0" 200 236 "-" "Bitrix24 Webhook Engine"
89.208.228.219 - - [29/Jan/2025:09:02:21 +0300] "POST /bp/wolfdigits_bp.php?DOMAIN=comforthome.bitrix24.ru&PROTOCOL=1&LANG=ru&APP_SID=7d6fa3cae2feb232579d2145310e7cf9 HTTP/1.0" 200 236 "-" "Bitrix24 Webhook Engine"
89.208.228.219 - - [29/Jan/2025:09:02:37 +0300] "POST /bp/wolfdigits_bp.php?DOMAIN=comforthome.bitrix24.ru&PROTOCOL=1&LANG=ru&APP_SID=7d6fa3cae2feb232579d2145310e7cf9 HTTP/1.0" 200 236 "-" "Bitrix24 Webhook Engine"
62.76.205.129 - - [29/Jan/2025:09:02:53 +0300] "GET /public/payment/action-callback.php?domain=tophouse.bitrix24.ru&orderNumber=57025&sign_alias=merchantCallbackKeyPair&checksum=010B98103A2CAD7F19AB9C5E892776C104DA4F0C4BF8A94732A465B377CFE726CCF0AA0C1CC39C62C4FEAEDA28731730801A90B7366D10D57C8405498AEFE8ECB92D059B09D711789EBBABB26648298596EA1175468DD27C7925DDD5BD55489635975FA09A1F59088DBA6489E377C8A81B257A34EC051598F09849B57ED0FE0E876B9DC8BA1485C22A80B05C7D26C692C752761E468B27C3658FE359339E5572882C3411AC234A1D9A345A49A7132EF2C4D79F7061E43538413208399A19BD9D346DD1912722A8C4D4E404F9C5A294213B6D94CF01843750533A1F5218D8999754AC8B153282CB8EF65F4A961F0E7B1BFEE89040D48EB1D3F84E95780F8AA28E&mdOrder=04dc7155-99bd-7660-84a7-cd73016df81d&operation=deposited&status=1 HTTP/1.0" 200 251 "-" "Chrome/80.0.3987.116"
89.208.228.219 - - [29/Jan/2025:09:02:52 +0300] "POST /bp/wolfdigits_bp.php?DOMAIN=comforthome.bitrix24.ru&PROTOCOL=1&LANG=ru&APP_SID=7d6fa3cae2feb232579d2145310e7cf9 HTTP/1.0" 200 236 "-" "Bitrix24 Webhook Engine"
89.208.230.2 - - [29/Jan/2025:09:03:08 +0300] "POST /bp/wolfdigits_bp.php?DOMAIN=comforthome.bitrix24.ru&PROTOCOL=1&LANG=ru&APP_SID=7d6fa3cae2feb232579d2145310e7cf9 HTTP/1.0" 200 236 "-" "Bitrix24 Webhook Engine"
195.208.184.34 - - [29/Jan/2025:09:03:23 +0300] "POST /bp/wolfdigits_bp.php?DOMAIN=comforthome.bitrix24.ru&PROTOCOL=1&LANG=ru&APP_SID=7d6fa3cae2feb232579d2145310e7cf9 HTTP/1.0" 200 236 "-" "Bitrix24 Webhook Engine"
158.160.84.45 - - [29/Jan/2025:09:03:50 +0300] "POST /realtycalendar/action-callback.php?bitrix24=homelike.bitrix24.ru HTTP/1.0" 200 176 "-" "-"
89.208.228.219 - - [29/Jan/2025:09:03:39 +0300] "POST /bp/wolfdigits_bp.php?DOMAIN=comforthome.bitrix24.ru&PROTOCOL=1&LANG=ru&APP_SID=7d6fa3cae2feb232579d2145310e7cf9 HTTP/1.0" 200 236 "-" "Bitrix24 Webhook Engine"
62.76.205.129 - - [29/Jan/2025:09:03:51 +0300] "GET /public/payment/action-callback.php?domain=asap.bitrix24.ru&orderNumber=1052%2F2-5&sign_alias=merchantCallbackKeyPair&checksum=8DF616ECED9A778F509E15675BBBEB8D340407EFAF5C16145CF8F4348E76699C50AA43F0BF947F9ACF9CFB4B59882F6A62F9E056F0F2DF5AC2ABD9C991BE20890E43B196EBEEFA9F79CB03571F94D625469D9577A2623C5EF6C948BABA03D585CE254F1F0B04E84849DEBB01F850E85556327093FD04E282199EE502E3E0A0AAA79FF788DB3CEF935536750FD2999CF53C4211A56C440FC5A0DB2D9ADD80ACA78EAC2A960AEA2219CE18B77E226DA4A80F29C712C04F91DBBADC66F62091E59C0EE8266BB8B98163648B25CBB194E76CE8632B541F0E32F9C0B79A10B9C10035137CFACB6501184D18E7AEAB3F210853CC63B7800DEFC33B20423938BF1F8FFA&mdOrder=04ba097d-45bc-7ee0-929c-995201d29dcf&operation=deposited&status=1 HTTP/1.0" 200 236 "-" "Chrome/80.0.3987.116"
195.208.184.200 - - [29/Jan/2025:09:03:55 +0300] "POST /bp/wolfdigits_bp.php?DOMAIN=comforthome.bitrix24.ru&PROTOCOL=1&LANG=ru&APP_SID=7d6fa3cae2feb232579d2145310e7cf9 HTTP/1.0" 200 236 "-" "Bitrix24 Webhook Engine"
158.160.84.45 - - [29/Jan/2025:09:04:19 +0300] "POST /realtycalendar/action-callback.php?bitrix24=sibirhouse.bitrix24.ru HTTP/1.0" 200 176 "-" "-"
89.208.230.2 - - [29/Jan/2025:09:04:11 +0300] "POST /bp/wolfdigits_bp.php?DOMAIN=comforthome.bitrix24.ru&PROTOCOL=1&LANG=ru&APP_SID=7d6fa3cae2feb232579d2145310e7cf9 HTTP/1.0" 200 236 "-" "Bitrix24 Webhook Engine"
158.160.84.45 - - [29/Jan/2025:09:04:28 +0300] "POST /realtycalendar/action-callback.php?bitrix24=sibirhouse.bitrix24.ru HTTP/1.0" 200 176 "-" "-"
158.160.84.45 - - [29/Jan/2025:09:04:38 +0300] "POST /realtycalendar/action-callback.php?bitrix24=panthouse8.bitrix24.ru HTTP/1.0" 200 176 "-" "-"
195.208.184.34 - - [29/Jan/2025:09:04:26 +0300] "POST /bp/wolfdigits_bp.php?DOMAIN=comforthome.bitrix24.ru&PROTOCOL=1&LANG=ru&APP_SID=7d6fa3cae2feb232579d2145310e7cf9 HTTP/1.0" 200 236 "-" "Bitrix24 Webhook Engine"
195.208.184.34 - - [29/Jan/2025:09:04:42 +0300] "POST /bp/wolfdigits_bp.php?DOMAIN=comforthome.bitrix24.ru&PROTOCOL=1&LANG=ru&APP_SID=7d6fa3cae2feb232579d2145310e7cf9 HTTP/1.0" 200 236 "-" "Bitrix24 Webhook Engine"
62.76.205.129 - - [29/Jan/2025:09:05:07 +0300] "GET /public/payment/action-callback.php?domain=myhomeyourhome.bitrix24.ru&checksum=A172F6960F6499F0C1D04C62436F94E3EBCA314B1BA894CFBBF9DEEE3012182E&orderNumber=9329%2F1-9&mdOrder=04dc613d-c4e8-7feb-991e-d89f00c0913c&operation=declinedByTimeout&status=1 HTTP/1.0" 200 236 "-" "Chrome/80.0.3987.116"
195.208.184.34 - - [29/Jan/2025:09:04:58 +0300] "POST /bp/wolfdigits_bp.php?DOMAIN=comforthome.bitrix24.ru&PROTOCOL=1&LANG=ru&APP_SID=7d6fa3cae2feb232579d2145310e7cf9 HTTP/1.0" 200 236 "-" "Bitrix24 Webhook Engine"
89.113.102.106 - - [29/Jan/2025:09:05:16 +0300] "GET /payment/action.php?paymentId=9642&paySystemId=14&domain=tophouse.bitrix24.ru&orderId=04dc598f-0d64-770a-a025-f99d016df81d&lang=ru HTTP/1.0" 302 652 "-" "Mozilla/5.0 (Linux; Android 10; K) AppleWebKit/537.36 (KHTML, like Gecko) Chrome/132.0.0.0 Mobile Safari/537.36"
178.154.246.58 - - [29/Jan/2025:09:05:24 +0300] "POST /projects/cian/onebed/service/webhook HTTP/1.0" 302 1509 "-" "Cian-chats-webhooks"
178.154.246.58 - - [29/Jan/2025:09:05:24 +0300] "GET / HTTP/1.0" 200 5463 "-" "Cian-chats-webhooks"
89.208.228.219 - - [29/Jan/2025:09:05:13 +0300] "POST /bp/wolfdigits_bp.php?DOMAIN=comforthome.bitrix24.ru&PROTOCOL=1&LANG=ru&APP_SID=7d6fa3cae2feb232579d2145310e7cf9 HTTP/1.0" 200 236 "-" "Bitrix24 Webhook Engine"
158.160.84.45 - - [29/Jan/2025:09:05:39 +0300] "POST /realtycalendar/action-callback.php?bitrix24=kv68.bitrix24.ru HTTP/1.0" 200 176 "-" "-"
158.160.84.45 - - [29/Jan/2025:09:05:41 +0300] "POST /realtycalendar/action-callback.php?bitrix24=homelike.bitrix24.ru HTTP/1.0" 200 176 "-" "-"
195.208.184.200 - - [29/Jan/2025:09:05:29 +0300] "POST /bp/wolfdigits_bp.php?DOMAIN=comforthome.bitrix24.ru&PROTOCOL=1&LANG=ru&APP_SID=7d6fa3cae2feb232579d2145310e7cf9 HTTP/1.0" 200 236 "-" "Bitrix24 Webhook Engine"
89.208.228.219 - - [29/Jan/2025:09:05:44 +0300] "POST /bp/wolfdigits_bp.php?DOMAIN=comforthome.bitrix24.ru&PROTOCOL=1&LANG=ru&APP_SID=7d6fa3cae2feb232579d2145310e7cf9 HTTP/1.0" 200 236 "-" "Bitrix24 Webhook Engine"
178.154.246.58 - - [29/Jan/2025:09:06:10 +0300] "POST /projects/cian/onebed/service/webhook HTTP/1.0" 302 1509 "-" "Cian-chats-webhooks"
178.154.246.58 - - [29/Jan/2025:09:06:10 +0300] "GET / HTTP/1.0" 200 5463 "-" "Cian-chats-webhooks"
195.208.184.200 - - [29/Jan/2025:09:06:00 +0300] "POST /bp/wolfdigits_bp.php?DOMAIN=comforthome.bitrix24.ru&PROTOCOL=1&LANG=ru&APP_SID=7d6fa3cae2feb232579d2145310e7cf9 HTTP/1.0" 200 236 "-" "Bitrix24 Webhook Engine"
89.208.228.219 - - [29/Jan/2025:09:06:16 +0300] "POST /bp/wolfdigits_bp.php?DOMAIN=comforthome.bitrix24.ru&PROTOCOL=1&LANG=ru&APP_SID=7d6fa3cae2feb232579d2145310e7cf9 HTTP/1.0" 200 236 "-" "Bitrix24 Webhook Engine"
195.208.184.34 - - [29/Jan/2025:09:06:32 +0300] "POST /bp/wolfdigits_bp.php?DOMAIN=comforthome.bitrix24.ru&PROTOCOL=1&LANG=ru&APP_SID=7d6fa3cae2feb232579d2145310e7cf9 HTTP/1.0" 200 236 "-" "Bitrix24 Webhook Engine"
195.208.184.200 - - [29/Jan/2025:09:06:47 +0300] "POST /bp/wolfdigits_bp.php?DOMAIN=comforthome.bitrix24.ru&PROTOCOL=1&LANG=ru&APP_SID=7d6fa3cae2feb232579d2145310e7cf9 HTTP/1.0" 200 236 "-" "Bitrix24 Webhook Engine"
195.208.184.200 - - [29/Jan/2025:09:07:03 +0300] "POST /bp/wolfdigits_bp.php?DOMAIN=comforthome.bitrix24.ru&PROTOCOL=1&LANG=ru&APP_SID=7d6fa3cae2feb232579d2145310e7cf9 HTTP/1.0" 200 236 "-" "Bitrix24 Webhook Engine"
158.160.84.45 - - [29/Jan/2025:09:07:25 +0300] "POST /realtycalendar/action-callback.php?bitrix24=mir-ujuta65.bitrix24.ru HTTP/1.0" 200 180 "-" "-"
195.208.184.200 - - [29/Jan/2025:09:07:19 +0300] "POST /bp/wolfdigits_bp.php?DOMAIN=comforthome.bitrix24.ru&PROTOCOL=1&LANG=ru&APP_SID=7d6fa3cae2feb232579d2145310e7cf9 HTTP/1.0" 200 236 "-" "Bitrix24 Webhook Engine"
77.75.154.206 - - [29/Jan/2025:09:07:43 +0300] "POST /public/payment/action-callback.php?domain=renthouse.bitrix24.ru HTTP/1.0" 200 187 "-" "AHC/2.1"
158.160.84.45 - - [29/Jan/2025:09:07:45 +0300] "POST /realtycalendar/action-callback.php?bitrix24=posutochno50.bitrix24.ru HTTP/1.0" 200 180 "-" "-"
89.208.230.2 - - [29/Jan/2025:09:07:34 +0300] "POST /bp/wolfdigits_bp.php?DOMAIN=comforthome.bitrix24.ru&PROTOCOL=1&LANG=ru&APP_SID=7d6fa3cae2feb232579d2145310e7cf9 HTTP/1.0" 200 236 "-" "Bitrix24 Webhook Engine"
195.208.184.34 - - [29/Jan/2025:09:07:50 +0300] "POST /bp/wolfdigits_bp.php?DOMAIN=comforthome.bitrix24.ru&PROTOCOL=1&LANG=ru&APP_SID=7d6fa3cae2feb232579d2145310e7cf9 HTTP/1.0" 200 236 "-" "Bitrix24 Webhook Engine"
89.208.228.219 - - [29/Jan/2025:09:08:06 +0300] "POST /bp/wolfdigits_bp.php?DOMAIN=comforthome.bitrix24.ru&PROTOCOL=1&LANG=ru&APP_SID=7d6fa3cae2feb232579d2145310e7cf9 HTTP/1.0" 200 236 "-" "Bitrix24 Webhook Engine"
77.75.154.206 - - [29/Jan/2025:09:08:33 +0300] "POST /public/payment/action-callback.php?domain=renthouse.bitrix24.ru HTTP/1.0" 200 187 "-" "AHC/2.1"
89.208.230.2 - - [29/Jan/2025:09:08:21 +0300] "POST /bp/wolfdigits_bp.php?DOMAIN=comforthome.bitrix24.ru&PROTOCOL=1&LANG=ru&APP_SID=7d6fa3cae2feb232579d2145310e7cf9 HTTP/1.0" 200 236 "-" "Bitrix24 Webhook Engine"
89.208.228.219 - - [29/Jan/2025:09:08:37 +0300] "POST /bp/wolfdigits_bp.php?DOMAIN=comforthome.bitrix24.ru&PROTOCOL=1&LANG=ru&APP_SID=7d6fa3cae2feb232579d2145310e7cf9 HTTP/1.0" 200 236 "-" "Bitrix24 Webhook Engine"
195.208.184.34 - - [29/Jan/2025:09:08:52 +0300] "POST /bp/wolfdigits_bp.php?DOMAIN=comforthome.bitrix24.ru&PROTOCOL=1&LANG=ru&APP_SID=7d6fa3cae2feb232579d2145310e7cf9 HTTP/1.0" 200 236 "-" "Bitrix24 Webhook Engine"
195.208.184.200 - - [29/Jan/2025:09:09:08 +0300] "POST /bp/wolfdigits_bp.php?DOMAIN=comforthome.bitrix24.ru&PROTOCOL=1&LANG=ru&APP_SID=7d6fa3cae2feb232579d2145310e7cf9 HTTP/1.0" 200 236 "-" "Bitrix24 Webhook Engine"
195.208.184.200 - - [29/Jan/2025:09:09:23 +0300] "POST /bp/wolfdigits_bp.php?DOMAIN=comforthome.bitrix24.ru&PROTOCOL=1&LANG=ru&APP_SID=7d6fa3cae2feb232579d2145310e7cf9 HTTP/1.0" 200 236 "-" "Bitrix24 Webhook Engine"
158.160.84.45 - - [29/Jan/2025:09:09:44 +0300] "POST /realtycalendar/action-callback.php?bitrix24=ternvcv.bitrix24.ru HTTP/1.0" 200 180 "-" "-"
89.208.228.219 - - [29/Jan/2025:09:09:39 +0300] "POST /bp/wolfdigits_bp.php?DOMAIN=comforthome.bitrix24.ru&PROTOCOL=1&LANG=ru&APP_SID=7d6fa3cae2feb232579d2145310e7cf9 HTTP/1.0" 200 236 "-" "Bitrix24 Webhook Engine"
62.76.205.129 - - [29/Jan/2025:09:10:02 +0300] "GET /public/payment/action-callback.php?domain=prudius.bitrix24.ru&orderNumber=399%2F2-8&sign_alias=merchantCallbackKeyPair&checksum=043D1DA93BE57392148A81B7B8CE712F5E0C2320C3C55C40B2EE396D5B59293284BDBDB56CA794ACD65F5BE5B973E460AB8D48F3821FBF7EE37F267B1D834A2560DDF17CC64F11C082CDB0A8F9DDFFD99D4DB5EAEBB7B9F3BCC12ADC0979A0D16AEE1EB992542D2600284548E73174426E902CB569BB0A2A29B54329C2615D9650DD19EBE3B66C900848D2CDD87B742DBBED1DD514CE0E5B5C09731D501A549C9C8C57E08EC53157319C2272C0B5516FB144E719F887AC2144B8B3EE57386AE1F2A2C72B2948DB69B922E4ECB0F7BA73BAEC241C484C192336216D7E4A5CBAD00C35EAEF874F883A4880AEA9D34F232E939F16327BDB8ADB1A5834D56A63C6B5&mdOrder=04dc6355-3848-750d-8d8e-d30a01d8b822&operation=declinedByTimeout&status=1 HTTP/1.0" 200 236 "-" "Chrome/80.0.3987.116"
195.208.184.200 - - [29/Jan/2025:09:10:05 +0300] "POST /public/ttlock/action-bp-code.php HTTP/1.0" 200 238 "-" "Bitrix24 Webhook Engine"
195.208.184.200 - - [29/Jan/2025:09:09:54 +0300] "POST /bp/wolfdigits_bp.php?DOMAIN=comforthome.bitrix24.ru&PROTOCOL=1&LANG=ru&APP_SID=7d6fa3cae2feb232579d2145310e7cf9 HTTP/1.0" 200 236 "-" "Bitrix24 Webhook Engine"
89.208.230.2 - - [29/Jan/2025:09:10:11 +0300] "POST /public/ttlock/action-bp-code.php HTTP/1.0" 200 238 "-" "Bitrix24 Webhook Engine"
89.208.230.2 - - [29/Jan/2025:09:10:10 +0300] "POST /bp/wolfdigits_bp.php?DOMAIN=comforthome.bitrix24.ru&PROTOCOL=1&LANG=ru&APP_SID=7d6fa3cae2feb232579d2145310e7cf9 HTTP/1.0" 200 236 "-" "Bitrix24 Webhook Engine"
158.160.84.45 - - [29/Jan/2025:09:10:29 +0300] "POST /realtycalendar/action-callback.php?bitrix24=posutochno50.bitrix24.ru HTTP/1.0" 200 176 "-" "-"
195.208.184.34 - - [29/Jan/2025:09:10:25 +0300] "POST /bp/wolfdigits_bp.php?DOMAIN=comforthome.bitrix24.ru&PROTOCOL=1&LANG=ru&APP_SID=7d6fa3cae2feb232579d2145310e7cf9 HTTP/1.0" 200 236 "-" "Bitrix24 Webhook Engine"
89.208.230.2 - - [29/Jan/2025:09:10:41 +0300] "POST /bp/wolfdigits_bp.php?DOMAIN=comforthome.bitrix24.ru&PROTOCOL=1&LANG=ru&APP_SID=7d6fa3cae2feb232579d2145310e7cf9 HTTP/1.0" 200 236 "-" "Bitrix24 Webhook Engine"
31.207.209.66 - - [29/Jan/2025:09:11:02 +0300] "POST /public/payment/action.php HTTP/1.0" 301 553 "https://b24-e2m0a2.bitrix24.shop/" "Mozilla/5.0 (Linux; Android 10; K) AppleWebKit/537.36 (KHTML, like Gecko) Chrome/123.0.6312.118 Mobile Safari/537.36 XiaoMi/MiuiBrowser/14.25.0-gn"
89.208.228.219 - - [29/Jan/2025:09:10:57 +0300] "POST /bp/wolfdigits_bp.php?DOMAIN=comforthome.bitrix24.ru&PROTOCOL=1&LANG=ru&APP_SID=7d6fa3cae2feb232579d2145310e7cf9 HTTP/1.0" 200 236 "-" "Bitrix24 Webhook Engine"