195.208.184.34 - - [29/Jan/2025:08:17:32 +0300] "POST /bp/wolfdigits_bp.php?DOMAIN=comforthome.bitrix24.ru&PROTOCOL=1&LANG=ru&APP_SID=7d6fa3cae2feb232579d2145310e7cf9 HTTP/1.0" 200 236 "-" "Bitrix24 Webhook Engine"
158.160.84.45 - - [29/Jan/2025:08:17:49 +0300] "POST /realtycalendar/action-callback.php?bitrix24=panthouse8.bitrix24.ru HTTP/1.0" 200 176 "-" "-"
158.160.84.45 - - [29/Jan/2025:08:17:59 +0300] "POST /realtycalendar/action-callback.php?bitrix24=panthouse8.bitrix24.ru HTTP/1.0" 200 176 "-" "-"
176.15.240.110 - - [29/Jan/2025:08:17:59 +0300] "POST /public/payment/action.php HTTP/1.0" 301 397 "https://b24-w9ymg1.bitrix24shop.ru/" "Mozilla/5.0 (Linux; Android 10; K) AppleWebKit/537.36 (KHTML, like Gecko) Chrome/131.0.0.0 Mobile Safari/537.36"
89.208.230.2 - - [29/Jan/2025:08:17:47 +0300] "POST /bp/wolfdigits_bp.php?DOMAIN=comforthome.bitrix24.ru&PROTOCOL=1&LANG=ru&APP_SID=7d6fa3cae2feb232579d2145310e7cf9 HTTP/1.0" 200 236 "-" "Bitrix24 Webhook Engine"
89.208.230.2 - - [29/Jan/2025:08:18:03 +0300] "POST /bp/wolfdigits_bp.php?DOMAIN=comforthome.bitrix24.ru&PROTOCOL=1&LANG=ru&APP_SID=7d6fa3cae2feb232579d2145310e7cf9 HTTP/1.0" 200 236 "-" "Bitrix24 Webhook Engine"
158.160.84.45 - - [29/Jan/2025:08:18:22 +0300] "POST /realtycalendar/action-callback.php?bitrix24=panthouse8.bitrix24.ru HTTP/1.0" 200 176 "-" "-"
158.160.84.45 - - [29/Jan/2025:08:18:31 +0300] "POST /realtycalendar/action-callback.php?bitrix24=homelike.bitrix24.ru HTTP/1.0" 200 176 "-" "-"
195.208.184.200 - - [29/Jan/2025:08:18:18 +0300] "POST /bp/wolfdigits_bp.php?DOMAIN=comforthome.bitrix24.ru&PROTOCOL=1&LANG=ru&APP_SID=7d6fa3cae2feb232579d2145310e7cf9 HTTP/1.0" 200 236 "-" "Bitrix24 Webhook Engine"
77.75.154.206 - - [29/Jan/2025:08:18:38 +0300] "POST /public/payment/action-callback.php?domain=renthouse.bitrix24.ru HTTP/1.0" 200 187 "-" "AHC/2.1"
89.208.228.219 - - [29/Jan/2025:08:18:34 +0300] "POST /bp/wolfdigits_bp.php?DOMAIN=comforthome.bitrix24.ru&PROTOCOL=1&LANG=ru&APP_SID=7d6fa3cae2feb232579d2145310e7cf9 HTTP/1.0" 200 236 "-" "Bitrix24 Webhook Engine"
212.233.80.7 - - [29/Jan/2025:08:18:59 +0300] "POST /public/payment/action-callback.php?domain=yourkomfort.bitrix24.ru HTTP/1.0" 200 236 "-" "HTTP Client"
176.15.240.110 - - [29/Jan/2025:08:19:02 +0300] "GET /payment/action.php?paymentId=613&paySystemId=21&domain=yourkomfort.bitrix24.ru HTTP/1.0" 302 367 "https://securepayments.tinkoff.ru/" "Mozilla/5.0 (Linux; Android 10; K) AppleWebKit/537.36 (KHTML, like Gecko) Chrome/131.0.0.0 Mobile Safari/537.36"
89.208.228.219 - - [29/Jan/2025:08:18:49 +0300] "POST /bp/wolfdigits_bp.php?DOMAIN=comforthome.bitrix24.ru&PROTOCOL=1&LANG=ru&APP_SID=7d6fa3cae2feb232579d2145310e7cf9 HTTP/1.0" 200 236 "-" "Bitrix24 Webhook Engine"
158.160.84.45 - - [29/Jan/2025:08:19:04 +0300] "POST /realtycalendar/action-callback.php?bitrix24=homelike.bitrix24.ru HTTP/1.0" 200 176 "-" "-"
176.15.240.110 - - [29/Jan/2025:08:19:05 +0300] "GET /payment/action.php?paymentId=613&paySystemId=21&domain=yourkomfort.bitrix24.ru HTTP/1.0" 302 204 "https://securepayments.tinkoff.ru/" "Mozilla/5.0 (Linux; Android 10; K) AppleWebKit/537.36 (KHTML, like Gecko) Chrome/131.0.0.0 Mobile Safari/537.36"
176.15.240.110 - - [29/Jan/2025:08:19:06 +0300] "GET /payment/yourkomfort.bitrix24.ru HTTP/1.0" 404 6822 "https://securepayments.tinkoff.ru/" "Mozilla/5.0 (Linux; Android 10; K) AppleWebKit/537.36 (KHTML, like Gecko) Chrome/131.0.0.0 Mobile Safari/537.36"
176.15.240.110 - - [29/Jan/2025:08:19:07 +0300] "GET /favicon.ico HTTP/1.0" 200 259 "https://api.wolfdigits.com/payment/yourkomfort.bitrix24.ru" "Mozilla/5.0 (Linux; Android 10; K) AppleWebKit/537.36 (KHTML, like Gecko) Chrome/131.0.0.0 Mobile Safari/537.36"
66.249.83.80 - - [29/Jan/2025:08:19:16 +0300] "GET /payment/yourkomfort.bitrix24.ru HTTP/1.0" 404 6822 "-" "Mozilla/5.0 (Linux; Android 7.0; SM-G930V Build/NRD90M) AppleWebKit/537.36 (KHTML, like Gecko) Chrome/59.0.3071.125 Mobile Safari/537.36 (compatible; Google-Read-Aloud; +https://support.google.com/webmasters/answer/1061943)"
66.249.83.80 - - [29/Jan/2025:08:19:16 +0300] "GET /payment/yourkomfort.bitrix24.ru HTTP/1.0" 404 6822 "-" "Mozilla/5.0 (Linux; Android 7.0; SM-G930V Build/NRD90M) AppleWebKit/537.36 (KHTML, like Gecko) Chrome/59.0.3071.125 Mobile Safari/537.36 (compatible; Google-Read-Aloud; +https://support.google.com/webmasters/answer/1061943)"
66.249.83.79 - - [29/Jan/2025:08:19:17 +0300] "GET /payment/yourkomfort.bitrix24.ru HTTP/1.0" 404 6822 "-" "Mozilla/5.0 (Linux; Android 7.0; SM-G930V Build/NRD90M) AppleWebKit/537.36 (KHTML, like Gecko) Chrome/59.0.3071.125 Mobile Safari/537.36 (compatible; Google-Read-Aloud; +https://support.google.com/webmasters/answer/1061943)"
158.160.84.45 - - [29/Jan/2025:08:19:17 +0300] "POST /realtycalendar/action-callback.php?bitrix24=homelike.bitrix24.ru HTTP/1.0" 200 176 "-" "-"
195.208.184.34 - - [29/Jan/2025:08:19:05 +0300] "POST /bp/wolfdigits_bp.php?DOMAIN=comforthome.bitrix24.ru&PROTOCOL=1&LANG=ru&APP_SID=7d6fa3cae2feb232579d2145310e7cf9 HTTP/1.0" 200 236 "-" "Bitrix24 Webhook Engine"
158.160.84.45 - - [29/Jan/2025:08:19:34 +0300] "POST /realtycalendar/action-callback.php?bitrix24=homelike.bitrix24.ru HTTP/1.0" 200 176 "-" "-"
89.208.228.219 - - [29/Jan/2025:08:19:20 +0300] "POST /bp/wolfdigits_bp.php?DOMAIN=comforthome.bitrix24.ru&PROTOCOL=1&LANG=ru&APP_SID=7d6fa3cae2feb232579d2145310e7cf9 HTTP/1.0" 200 236 "-" "Bitrix24 Webhook Engine"
89.208.228.219 - - [29/Jan/2025:08:19:36 +0300] "POST /bp/wolfdigits_bp.php?DOMAIN=comforthome.bitrix24.ru&PROTOCOL=1&LANG=ru&APP_SID=7d6fa3cae2feb232579d2145310e7cf9 HTTP/1.0" 200 236 "-" "Bitrix24 Webhook Engine"
158.160.84.45 - - [29/Jan/2025:08:20:04 +0300] "POST /realtycalendar/action-callback.php?bitrix24=homelike.bitrix24.ru HTTP/1.0" 200 176 "-" "-"
89.208.230.2 - - [29/Jan/2025:08:19:51 +0300] "POST /bp/wolfdigits_bp.php?DOMAIN=comforthome.bitrix24.ru&PROTOCOL=1&LANG=ru&APP_SID=7d6fa3cae2feb232579d2145310e7cf9 HTTP/1.0" 200 236 "-" "Bitrix24 Webhook Engine"
158.160.84.45 - - [29/Jan/2025:08:20:11 +0300] "POST /realtycalendar/action-callback.php?bitrix24=sibirhouse.bitrix24.ru HTTP/1.0" 200 176 "-" "-"
89.208.230.2 - - [29/Jan/2025:08:20:07 +0300] "POST /bp/wolfdigits_bp.php?DOMAIN=comforthome.bitrix24.ru&PROTOCOL=1&LANG=ru&APP_SID=7d6fa3cae2feb232579d2145310e7cf9 HTTP/1.0" 200 236 "-" "Bitrix24 Webhook Engine"
89.208.228.219 - - [29/Jan/2025:08:20:22 +0300] "POST /bp/wolfdigits_bp.php?DOMAIN=comforthome.bitrix24.ru&PROTOCOL=1&LANG=ru&APP_SID=7d6fa3cae2feb232579d2145310e7cf9 HTTP/1.0" 200 236 "-" "Bitrix24 Webhook Engine"
195.208.184.34 - - [29/Jan/2025:08:20:38 +0300] "POST /bp/wolfdigits_bp.php?DOMAIN=comforthome.bitrix24.ru&PROTOCOL=1&LANG=ru&APP_SID=7d6fa3cae2feb232579d2145310e7cf9 HTTP/1.0" 200 236 "-" "Bitrix24 Webhook Engine"
158.160.84.45 - - [29/Jan/2025:08:20:59 +0300] "POST /realtycalendar/action-callback.php?bitrix24=sibirhouse.bitrix24.ru HTTP/1.0" 500 170 "-" "-"
89.208.228.219 - - [29/Jan/2025:08:20:53 +0300] "POST /bp/wolfdigits_bp.php?DOMAIN=comforthome.bitrix24.ru&PROTOCOL=1&LANG=ru&APP_SID=7d6fa3cae2feb232579d2145310e7cf9 HTTP/1.0" 200 236 "-" "Bitrix24 Webhook Engine"
178.154.246.58 - - [29/Jan/2025:08:21:12 +0300] "POST /projects/cian/commune/service/webhook HTTP/1.0" 302 1509 "-" "Cian-chats-webhooks"
178.154.246.58 - - [29/Jan/2025:08:21:12 +0300] "GET / HTTP/1.0" 200 5463 "-" "Cian-chats-webhooks"
195.208.184.200 - - [29/Jan/2025:08:21:09 +0300] "POST /bp/wolfdigits_bp.php?DOMAIN=comforthome.bitrix24.ru&PROTOCOL=1&LANG=ru&APP_SID=7d6fa3cae2feb232579d2145310e7cf9 HTTP/1.0" 200 236 "-" "Bitrix24 Webhook Engine"
158.160.84.45 - - [29/Jan/2025:08:21:22 +0300] "POST /realtycalendar/action-callback.php?bitrix24=homelike.bitrix24.ru HTTP/1.0" 200 176 "-" "-"
89.208.228.219 - - [29/Jan/2025:08:21:16 +0300] "POST /bp/wolfdigits_bp.php?DOMAIN=easy-rent.bitrix24.ru&PROTOCOL=1&LANG=ru&APP_SID=46f90dabf902c65183add9e8142ed6de HTTP/1.0" 200 236 "-" "Bitrix24 Webhook Engine"
195.208.184.34 - - [29/Jan/2025:08:21:24 +0300] "POST /bp/wolfdigits_bp.php?DOMAIN=comforthome.bitrix24.ru&PROTOCOL=1&LANG=ru&APP_SID=7d6fa3cae2feb232579d2145310e7cf9 HTTP/1.0" 200 236 "-" "Bitrix24 Webhook Engine"
178.154.246.58 - - [29/Jan/2025:08:21:43 +0300] "POST /projects/cian/commune/service/webhook HTTP/1.0" 302 1509 "-" "Cian-chats-webhooks"
178.154.246.58 - - [29/Jan/2025:08:21:43 +0300] "GET / HTTP/1.0" 200 5463 "-" "Cian-chats-webhooks"
195.208.184.200 - - [29/Jan/2025:08:21:40 +0300] "POST /bp/wolfdigits_bp.php?DOMAIN=comforthome.bitrix24.ru&PROTOCOL=1&LANG=ru&APP_SID=7d6fa3cae2feb232579d2145310e7cf9 HTTP/1.0" 200 236 "-" "Bitrix24 Webhook Engine"
89.208.228.219 - - [29/Jan/2025:08:21:55 +0300] "POST /bp/wolfdigits_bp.php?DOMAIN=comforthome.bitrix24.ru&PROTOCOL=1&LANG=ru&APP_SID=7d6fa3cae2feb232579d2145310e7cf9 HTTP/1.0" 200 236 "-" "Bitrix24 Webhook Engine"
178.154.246.58 - - [29/Jan/2025:08:22:12 +0300] "POST /projects/cian/commune/service/webhook HTTP/1.0" 302 1509 "-" "Cian-chats-webhooks"
178.154.246.58 - - [29/Jan/2025:08:22:12 +0300] "GET / HTTP/1.0" 200 5463 "-" "Cian-chats-webhooks"
158.160.84.45 - - [29/Jan/2025:08:22:22 +0300] "POST /realtycalendar/action-callback.php?bitrix24=sibirhouse.bitrix24.ru HTTP/1.0" 200 180 "-" "-"
195.208.184.200 - - [29/Jan/2025:08:22:11 +0300] "POST /bp/wolfdigits_bp.php?DOMAIN=comforthome.bitrix24.ru&PROTOCOL=1&LANG=ru&APP_SID=7d6fa3cae2feb232579d2145310e7cf9 HTTP/1.0" 200 236 "-" "Bitrix24 Webhook Engine"
158.160.84.45 - - [29/Jan/2025:08:22:28 +0300] "POST /realtycalendar/action-callback.php?bitrix24=sibirhouse.bitrix24.ru HTTP/1.0" 200 180 "-" "-"
89.208.230.2 - - [29/Jan/2025:08:22:26 +0300] "POST /bp/wolfdigits_bp.php?DOMAIN=comforthome.bitrix24.ru&PROTOCOL=1&LANG=ru&APP_SID=7d6fa3cae2feb232579d2145310e7cf9 HTTP/1.0" 200 236 "-" "Bitrix24 Webhook Engine"
178.154.246.58 - - [29/Jan/2025:08:22:49 +0300] "POST /projects/cian/commune/service/webhook HTTP/1.0" 302 1509 "-" "Cian-chats-webhooks"
178.154.246.58 - - [29/Jan/2025:08:22:49 +0300] "GET / HTTP/1.0" 200 5463 "-" "Cian-chats-webhooks"
195.208.184.200 - - [29/Jan/2025:08:22:42 +0300] "POST /bp/wolfdigits_bp.php?DOMAIN=comforthome.bitrix24.ru&PROTOCOL=1&LANG=ru&APP_SID=7d6fa3cae2feb232579d2145310e7cf9 HTTP/1.0" 200 236 "-" "Bitrix24 Webhook Engine"
195.208.184.34 - - [29/Jan/2025:08:22:57 +0300] "POST /bp/wolfdigits_bp.php?DOMAIN=comforthome.bitrix24.ru&PROTOCOL=1&LANG=ru&APP_SID=7d6fa3cae2feb232579d2145310e7cf9 HTTP/1.0" 200 236 "-" "Bitrix24 Webhook Engine"
89.208.228.219 - - [29/Jan/2025:08:23:13 +0300] "POST /bp/wolfdigits_bp.php?DOMAIN=comforthome.bitrix24.ru&PROTOCOL=1&LANG=ru&APP_SID=7d6fa3cae2feb232579d2145310e7cf9 HTTP/1.0" 200 236 "-" "Bitrix24 Webhook Engine"
195.208.184.200 - - [29/Jan/2025:08:23:28 +0300] "POST /bp/wolfdigits_bp.php?DOMAIN=comforthome.bitrix24.ru&PROTOCOL=1&LANG=ru&APP_SID=7d6fa3cae2feb232579d2145310e7cf9 HTTP/1.0" 200 236 "-" "Bitrix24 Webhook Engine"
89.208.230.2 - - [29/Jan/2025:08:23:44 +0300] "POST /bp/wolfdigits_bp.php?DOMAIN=comforthome.bitrix24.ru&PROTOCOL=1&LANG=ru&APP_SID=7d6fa3cae2feb232579d2145310e7cf9 HTTP/1.0" 200 236 "-" "Bitrix24 Webhook Engine"
158.160.84.45 - - [29/Jan/2025:08:24:07 +0300] "POST /realtycalendar/action-callback.php?bitrix24=sutochno24.bitrix24.ru HTTP/1.0" 500 170 "-" "-"
195.208.184.200 - - [29/Jan/2025:08:23:59 +0300] "POST /bp/wolfdigits_bp.php?DOMAIN=comforthome.bitrix24.ru&PROTOCOL=1&LANG=ru&APP_SID=7d6fa3cae2feb232579d2145310e7cf9 HTTP/1.0" 200 236 "-" "Bitrix24 Webhook Engine"
89.208.230.2 - - [29/Jan/2025:08:24:16 +0300] "POST /bp/wolfdigits_bp.php?DOMAIN=asap.bitrix24.ru&PROTOCOL=1&LANG=ru&APP_SID=90aaf8cc2ebb9459b0885dc88b29047f HTTP/1.0" 200 236 "-" "Bitrix24 Webhook Engine"
158.160.84.45 - - [29/Jan/2025:08:24:23 +0300] "POST /realtycalendar/action-callback.php?bitrix24=homelike.bitrix24.ru HTTP/1.0" 200 176 "-" "-"
89.208.228.219 - - [29/Jan/2025:08:24:14 +0300] "POST /bp/wolfdigits_bp.php?DOMAIN=comforthome.bitrix24.ru&PROTOCOL=1&LANG=ru&APP_SID=7d6fa3cae2feb232579d2145310e7cf9 HTTP/1.0" 200 236 "-" "Bitrix24 Webhook Engine"
195.208.184.200 - - [29/Jan/2025:08:24:30 +0300] "POST /bp/wolfdigits_bp.php?DOMAIN=comforthome.bitrix24.ru&PROTOCOL=1&LANG=ru&APP_SID=7d6fa3cae2feb232579d2145310e7cf9 HTTP/1.0" 200 236 "-" "Bitrix24 Webhook Engine"
89.208.228.219 - - [29/Jan/2025:08:24:45 +0300] "POST /bp/wolfdigits_bp.php?DOMAIN=comforthome.bitrix24.ru&PROTOCOL=1&LANG=ru&APP_SID=7d6fa3cae2feb232579d2145310e7cf9 HTTP/1.0" 200 236 "-" "Bitrix24 Webhook Engine"
89.208.230.2 - - [29/Jan/2025:08:25:01 +0300] "POST /bp/wolfdigits_bp.php?DOMAIN=comforthome.bitrix24.ru&PROTOCOL=1&LANG=ru&APP_SID=7d6fa3cae2feb232579d2145310e7cf9 HTTP/1.0" 200 236 "-" "Bitrix24 Webhook Engine"
195.208.184.200 - - [29/Jan/2025:08:25:18 +0300] "POST /bp/wolfdigits_bp.php?DOMAIN=comforthome.bitrix24.ru&PROTOCOL=1&LANG=ru&APP_SID=7d6fa3cae2feb232579d2145310e7cf9 HTTP/1.0" 200 236 "-" "Bitrix24 Webhook Engine"
158.160.84.45 - - [29/Jan/2025:08:25:43 +0300] "POST /realtycalendar/action-callback.php?bitrix24=homelike.bitrix24.ru HTTP/1.0" 200 176 "-" "-"
89.208.230.2 - - [29/Jan/2025:08:25:33 +0300] "POST /bp/wolfdigits_bp.php?DOMAIN=comforthome.bitrix24.ru&PROTOCOL=1&LANG=ru&APP_SID=7d6fa3cae2feb232579d2145310e7cf9 HTTP/1.0" 200 236 "-" "Bitrix24 Webhook Engine"
158.160.84.45 - - [29/Jan/2025:08:25:53 +0300] "POST /realtycalendar/action-callback.php?bitrix24=homelike.bitrix24.ru HTTP/1.0" 200 176 "-" "-"
158.160.84.45 - - [29/Jan/2025:08:26:02 +0300] "POST /realtycalendar/action-callback.php?bitrix24=kvartburo.bitrix24.ru HTTP/1.0" 200 176 "-" "-"
195.208.184.34 - - [29/Jan/2025:08:25:49 +0300] "POST /bp/wolfdigits_bp.php?DOMAIN=comforthome.bitrix24.ru&PROTOCOL=1&LANG=ru&APP_SID=7d6fa3cae2feb232579d2145310e7cf9 HTTP/1.0" 200 236 "-" "Bitrix24 Webhook Engine"
89.208.228.219 - - [29/Jan/2025:08:26:04 +0300] "POST /bp/wolfdigits_bp.php?DOMAIN=comforthome.bitrix24.ru&PROTOCOL=1&LANG=ru&APP_SID=7d6fa3cae2feb232579d2145310e7cf9 HTTP/1.0" 200 236 "-" "Bitrix24 Webhook Engine"
178.154.246.58 - - [29/Jan/2025:08:26:25 +0300] "POST /projects/cian/myhomeyourhome/service/webhook HTTP/1.0" 302 1509 "-" "Cian-chats-webhooks"
178.154.246.58 - - [29/Jan/2025:08:26:25 +0300] "GET / HTTP/1.0" 200 5463 "-" "Cian-chats-webhooks"
89.208.228.219 - - [29/Jan/2025:08:26:20 +0300] "POST /bp/wolfdigits_bp.php?DOMAIN=comforthome.bitrix24.ru&PROTOCOL=1&LANG=ru&APP_SID=7d6fa3cae2feb232579d2145310e7cf9 HTTP/1.0" 200 236 "-" "Bitrix24 Webhook Engine"
89.208.228.219 - - [29/Jan/2025:08:26:35 +0300] "POST /bp/wolfdigits_bp.php?DOMAIN=comforthome.bitrix24.ru&PROTOCOL=1&LANG=ru&APP_SID=7d6fa3cae2feb232579d2145310e7cf9 HTTP/1.0" 200 236 "-" "Bitrix24 Webhook Engine"
195.208.184.34 - - [29/Jan/2025:08:26:51 +0300] "POST /bp/wolfdigits_bp.php?DOMAIN=comforthome.bitrix24.ru&PROTOCOL=1&LANG=ru&APP_SID=7d6fa3cae2feb232579d2145310e7cf9 HTTP/1.0" 200 236 "-" "Bitrix24 Webhook Engine"
77.75.153.78 - - [29/Jan/2025:08:27:11 +0300] "POST /public/payment/action-callback.php?domain=renthouse.bitrix24.ru HTTP/1.0" 200 187 "-" "AHC/2.1"
158.160.84.45 - - [29/Jan/2025:08:27:16 +0300] "POST /realtycalendar/action-callback.php?bitrix24=sibirhouse.bitrix24.ru HTTP/1.0" 200 176 "-" "-"
158.160.84.45 - - [29/Jan/2025:08:27:16 +0300] "POST /realtycalendar/action-callback.php?bitrix24=sibirhouse.bitrix24.ru HTTP/1.0" 200 176 "-" "-"
89.208.228.219 - - [29/Jan/2025:08:27:06 +0300] "POST /bp/wolfdigits_bp.php?DOMAIN=comforthome.bitrix24.ru&PROTOCOL=1&LANG=ru&APP_SID=7d6fa3cae2feb232579d2145310e7cf9 HTTP/1.0" 200 236 "-" "Bitrix24 Webhook Engine"
89.208.228.219 - - [29/Jan/2025:08:27:22 +0300] "POST /bp/wolfdigits_bp.php?DOMAIN=comforthome.bitrix24.ru&PROTOCOL=1&LANG=ru&APP_SID=7d6fa3cae2feb232579d2145310e7cf9 HTTP/1.0" 200 236 "-" "Bitrix24 Webhook Engine"
195.208.184.200 - - [29/Jan/2025:08:27:37 +0300] "POST /bp/wolfdigits_bp.php?DOMAIN=comforthome.bitrix24.ru&PROTOCOL=1&LANG=ru&APP_SID=7d6fa3cae2feb232579d2145310e7cf9 HTTP/1.0" 200 236 "-" "Bitrix24 Webhook Engine"
158.160.84.45 - - [29/Jan/2025:08:28:01 +0300] "POST /realtycalendar/action-callback.php?bitrix24=sibirhouse.bitrix24.ru HTTP/1.0" 200 176 "-" "-"
195.208.184.34 - - [29/Jan/2025:08:27:53 +0300] "POST /bp/wolfdigits_bp.php?DOMAIN=comforthome.bitrix24.ru&PROTOCOL=1&LANG=ru&APP_SID=7d6fa3cae2feb232579d2145310e7cf9 HTTP/1.0" 200 236 "-" "Bitrix24 Webhook Engine"
158.160.84.45 - - [29/Jan/2025:08:28:07 +0300] "POST /realtycalendar/action-callback.php?bitrix24=homelike.bitrix24.ru HTTP/1.0" 200 176 "-" "-"
178.154.246.58 - - [29/Jan/2025:08:28:10 +0300] "POST /projects/cian/kvartiraest/service/webhook HTTP/1.0" 200 1137 "-" "Cian-chats-webhooks"
89.208.230.2 - - [29/Jan/2025:08:28:08 +0300] "POST /bp/wolfdigits_bp.php?DOMAIN=comforthome.bitrix24.ru&PROTOCOL=1&LANG=ru&APP_SID=7d6fa3cae2feb232579d2145310e7cf9 HTTP/1.0" 200 236 "-" "Bitrix24 Webhook Engine"
158.160.84.45 - - [29/Jan/2025:08:28:22 +0300] "POST /realtycalendar/action-callback.php?bitrix24=sibirhouse.bitrix24.ru HTTP/1.0" 200 176 "-" "-"
195.208.184.200 - - [29/Jan/2025:08:28:24 +0300] "POST /bp/wolfdigits_bp.php?DOMAIN=comforthome.bitrix24.ru&PROTOCOL=1&LANG=ru&APP_SID=7d6fa3cae2feb232579d2145310e7cf9 HTTP/1.0" 200 236 "-" "Bitrix24 Webhook Engine"
195.208.184.200 - - [29/Jan/2025:08:28:39 +0300] "POST /bp/wolfdigits_bp.php?DOMAIN=comforthome.bitrix24.ru&PROTOCOL=1&LANG=ru&APP_SID=7d6fa3cae2feb232579d2145310e7cf9 HTTP/1.0" 200 236 "-" "Bitrix24 Webhook Engine"
89.208.228.219 - - [29/Jan/2025:08:28:55 +0300] "POST /bp/wolfdigits_bp.php?DOMAIN=comforthome.bitrix24.ru&PROTOCOL=1&LANG=ru&APP_SID=7d6fa3cae2feb232579d2145310e7cf9 HTTP/1.0" 200 236 "-" "Bitrix24 Webhook Engine"
158.160.84.45 - - [29/Jan/2025:08:29:09 +0300] "POST /realtycalendar/action-callback.php?bitrix24=homelike.bitrix24.ru HTTP/1.0" 200 176 "-" "-"
158.160.84.45 - - [29/Jan/2025:08:29:20 +0300] "POST /realtycalendar/action-callback.php?bitrix24=sibirhouse.bitrix24.ru HTTP/1.0" 200 176 "-" "-"
195.208.184.34 - - [29/Jan/2025:08:29:10 +0300] "POST /bp/wolfdigits_bp.php?DOMAIN=comforthome.bitrix24.ru&PROTOCOL=1&LANG=ru&APP_SID=7d6fa3cae2feb232579d2145310e7cf9 HTTP/1.0" 200 236 "-" "Bitrix24 Webhook Engine"
178.154.246.58 - - [29/Jan/2025:08:29:28 +0300] "POST /projects/cian/kvartiraest/service/webhook HTTP/1.0" 200 1137 "-" "Cian-chats-webhooks"
195.208.184.34 - - [29/Jan/2025:08:29:26 +0300] "POST /bp/wolfdigits_bp.php?DOMAIN=comforthome.bitrix24.ru&PROTOCOL=1&LANG=ru&APP_SID=7d6fa3cae2feb232579d2145310e7cf9 HTTP/1.0" 200 236 "-" "Bitrix24 Webhook Engine"
178.154.246.58 - - [29/Jan/2025:08:29:41 +0300] "POST /projects/cian/onebed/service/webhook HTTP/1.0" 302 1509 "-" "Cian-chats-webhooks"
178.154.246.58 - - [29/Jan/2025:08:29:41 +0300] "GET / HTTP/1.0" 200 5463 "-" "Cian-chats-webhooks"
195.208.184.34 - - [29/Jan/2025:08:29:41 +0300] "POST /bp/wolfdigits_bp.php?DOMAIN=comforthome.bitrix24.ru&PROTOCOL=1&LANG=ru&APP_SID=7d6fa3cae2feb232579d2145310e7cf9 HTTP/1.0" 200 236 "-" "Bitrix24 Webhook Engine"
178.154.246.58 - - [29/Jan/2025:08:30:00 +0300] "POST /projects/cian/kvartiraest/service/webhook HTTP/1.0" 200 1137 "-" "Cian-chats-webhooks"
91.247.70.137 - - [29/Jan/2025:08:29:57 +0300] "GET /payment/action.php?paymentId=26780&paySystemId=20&domain=richotels.bitrix24.ru&orderId=0467aa30-489d-7a77-a69d-f2e600be21f2&lang=ru HTTP/1.0" 302 664 "https://payment.alfabank.ru/" "Mozilla/5.0 (iPhone; CPU iPhone OS 18_1_1 like Mac OS X) AppleWebKit/605.1.15 (KHTML, like Gecko) Version/18.1.1 Mobile/15E148 Safari/604.1"
178.154.246.58 - - [29/Jan/2025:08:30:06 +0300] "POST /projects/cian/onebed/service/webhook HTTP/1.0" 302 1509 "-" "Cian-chats-webhooks"
178.154.246.58 - - [29/Jan/2025:08:30:06 +0300] "GET / HTTP/1.0" 200 5463 "-" "Cian-chats-webhooks"
89.208.228.219 - - [29/Jan/2025:08:29:57 +0300] "POST /bp/wolfdigits_bp.php?DOMAIN=comforthome.bitrix24.ru&PROTOCOL=1&LANG=ru&APP_SID=7d6fa3cae2feb232579d2145310e7cf9 HTTP/1.0" 200 236 "-" "Bitrix24 Webhook Engine"
158.160.84.45 - - [29/Jan/2025:08:30:16 +0300] "POST /realtycalendar/action-callback.php?bitrix24=homelike.bitrix24.ru HTTP/1.0" 200 176 "-" "-"
89.208.228.219 - - [29/Jan/2025:08:30:12 +0300] "POST /bp/wolfdigits_bp.php?DOMAIN=comforthome.bitrix24.ru&PROTOCOL=1&LANG=ru&APP_SID=7d6fa3cae2feb232579d2145310e7cf9 HTTP/1.0" 200 236 "-" "Bitrix24 Webhook Engine"
158.160.84.45 - - [29/Jan/2025:08:30:31 +0300] "POST /realtycalendar/action-callback.php?bitrix24=homelike.bitrix24.ru HTTP/1.0" 200 176 "-" "-"
195.208.184.34 - - [29/Jan/2025:08:30:28 +0300] "POST /bp/wolfdigits_bp.php?DOMAIN=comforthome.bitrix24.ru&PROTOCOL=1&LANG=ru&APP_SID=7d6fa3cae2feb232579d2145310e7cf9 HTTP/1.0" 200 236 "-" "Bitrix24 Webhook Engine"
89.208.228.219 - - [29/Jan/2025:08:30:43 +0300] "POST /bp/wolfdigits_bp.php?DOMAIN=comforthome.bitrix24.ru&PROTOCOL=1&LANG=ru&APP_SID=7d6fa3cae2feb232579d2145310e7cf9 HTTP/1.0" 200 236 "-" "Bitrix24 Webhook Engine"
195.208.184.34 - - [29/Jan/2025:08:30:59 +0300] "POST /bp/wolfdigits_bp.php?DOMAIN=comforthome.bitrix24.ru&PROTOCOL=1&LANG=ru&APP_SID=7d6fa3cae2feb232579d2145310e7cf9 HTTP/1.0" 200 236 "-" "Bitrix24 Webhook Engine"
158.160.84.45 - - [29/Jan/2025:08:31:15 +0300] "POST /realtycalendar/action-callback.php?bitrix24=sibirhouse.bitrix24.ru HTTP/1.0" 200 176 "-" "-"
158.160.84.45 - - [29/Jan/2025:08:31:23 +0300] "POST /realtycalendar/action-callback.php?bitrix24=homelike.bitrix24.ru HTTP/1.0" 200 176 "-" "-"
158.160.84.45 - - [29/Jan/2025:08:31:30 +0300] "POST /realtycalendar/action-callback.php?bitrix24=homelike.bitrix24.ru HTTP/1.0" 200 176 "-" "-"
195.208.184.200 - - [29/Jan/2025:08:31:14 +0300] "POST /bp/wolfdigits_bp.php?DOMAIN=comforthome.bitrix24.ru&PROTOCOL=1&LANG=ru&APP_SID=7d6fa3cae2feb232579d2145310e7cf9 HTTP/1.0" 200 236 "-" "Bitrix24 Webhook Engine"
77.75.154.206 - - [29/Jan/2025:08:31:38 +0300] "POST /public/payment/action-callback.php?domain=renthouse.bitrix24.ru HTTP/1.0" 200 187 "-" "AHC/2.1"
178.154.246.58 - - [29/Jan/2025:08:31:47 +0300] "POST /projects/cian/onebed/service/webhook HTTP/1.0" 302 1509 "-" "Cian-chats-webhooks"
178.154.246.58 - - [29/Jan/2025:08:31:47 +0300] "GET / HTTP/1.0" 200 5463 "-" "Cian-chats-webhooks"
195.208.184.200 - - [29/Jan/2025:08:31:33 +0300] "POST /bp/wolfdigits_bp.php?DOMAIN=comforthome.bitrix24.ru&PROTOCOL=1&LANG=ru&APP_SID=7d6fa3cae2feb232579d2145310e7cf9 HTTP/1.0" 200 236 "-" "Bitrix24 Webhook Engine"
178.154.246.58 - - [29/Jan/2025:08:31:55 +0300] "POST /projects/cian/onebed/service/webhook HTTP/1.0" 302 1509 "-" "Cian-chats-webhooks"
178.154.246.58 - - [29/Jan/2025:08:31:55 +0300] "GET / HTTP/1.0" 200 5463 "-" "Cian-chats-webhooks"
195.208.184.34 - - [29/Jan/2025:08:31:48 +0300] "POST /bp/wolfdigits_bp.php?DOMAIN=comforthome.bitrix24.ru&PROTOCOL=1&LANG=ru&APP_SID=7d6fa3cae2feb232579d2145310e7cf9 HTTP/1.0" 200 236 "-" "Bitrix24 Webhook Engine"
89.208.230.2 - - [29/Jan/2025:08:32:03 +0300] "POST /bp/wolfdigits_bp.php?DOMAIN=comforthome.bitrix24.ru&PROTOCOL=1&LANG=ru&APP_SID=7d6fa3cae2feb232579d2145310e7cf9 HTTP/1.0" 200 236 "-" "Bitrix24 Webhook Engine"
195.208.184.200 - - [29/Jan/2025:08:32:19 +0300] "POST /bp/wolfdigits_bp.php?DOMAIN=comforthome.bitrix24.ru&PROTOCOL=1&LANG=ru&APP_SID=7d6fa3cae2feb232579d2145310e7cf9 HTTP/1.0" 200 236 "-" "Bitrix24 Webhook Engine"
158.160.84.45 - - [29/Jan/2025:08:32:49 +0300] "POST /realtycalendar/action-callback.php?bitrix24=kvartburo.bitrix24.ru HTTP/1.0" 200 176 "-" "-"
195.208.184.200 - - [29/Jan/2025:08:32:35 +0300] "POST /bp/wolfdigits_bp.php?DOMAIN=comforthome.bitrix24.ru&PROTOCOL=1&LANG=ru&APP_SID=7d6fa3cae2feb232579d2145310e7cf9 HTTP/1.0" 200 236 "-" "Bitrix24 Webhook Engine"
195.208.184.34 - - [29/Jan/2025:08:32:50 +0300] "POST /bp/wolfdigits_bp.php?DOMAIN=comforthome.bitrix24.ru&PROTOCOL=1&LANG=ru&APP_SID=7d6fa3cae2feb232579d2145310e7cf9 HTTP/1.0" 200 236 "-" "Bitrix24 Webhook Engine"
77.75.154.206 - - [29/Jan/2025:08:33:17 +0300] "POST /public/payment/action-callback.php?domain=renthouse.bitrix24.ru HTTP/1.0" 200 187 "-" "AHC/2.1"
195.208.184.34 - - [29/Jan/2025:08:33:06 +0300] "POST /bp/wolfdigits_bp.php?DOMAIN=comforthome.bitrix24.ru&PROTOCOL=1&LANG=ru&APP_SID=7d6fa3cae2feb232579d2145310e7cf9 HTTP/1.0" 200 236 "-" "Bitrix24 Webhook Engine"
158.160.84.45 - - [29/Jan/2025:08:33:23 +0300] "POST /realtycalendar/action-callback.php?bitrix24=sibirhouse.bitrix24.ru HTTP/1.0" 200 176 "-" "-"
195.208.184.34 - - [29/Jan/2025:08:33:21 +0300] "POST /bp/wolfdigits_bp.php?DOMAIN=comforthome.bitrix24.ru&PROTOCOL=1&LANG=ru&APP_SID=7d6fa3cae2feb232579d2145310e7cf9 HTTP/1.0" 200 236 "-" "Bitrix24 Webhook Engine"
89.208.228.219 - - [29/Jan/2025:08:33:37 +0300] "POST /bp/wolfdigits_bp.php?DOMAIN=comforthome.bitrix24.ru&PROTOCOL=1&LANG=ru&APP_SID=7d6fa3cae2feb232579d2145310e7cf9 HTTP/1.0" 200 236 "-" "Bitrix24 Webhook Engine"
195.208.184.200 - - [29/Jan/2025:08:33:52 +0300] "POST /bp/wolfdigits_bp.php?DOMAIN=comforthome.bitrix24.ru&PROTOCOL=1&LANG=ru&APP_SID=7d6fa3cae2feb232579d2145310e7cf9 HTTP/1.0" 200 236 "-" "Bitrix24 Webhook Engine"
89.208.230.2 - - [29/Jan/2025:08:34:08 +0300] "POST /bp/wolfdigits_bp.php?DOMAIN=comforthome.bitrix24.ru&PROTOCOL=1&LANG=ru&APP_SID=7d6fa3cae2feb232579d2145310e7cf9 HTTP/1.0" 200 236 "-" "Bitrix24 Webhook Engine"
195.208.184.34 - - [29/Jan/2025:08:34:23 +0300] "POST /bp/wolfdigits_bp.php?DOMAIN=comforthome.bitrix24.ru&PROTOCOL=1&LANG=ru&APP_SID=7d6fa3cae2feb232579d2145310e7cf9 HTTP/1.0" 200 236 "-" "Bitrix24 Webhook Engine"
89.208.228.219 - - [29/Jan/2025:08:34:39 +0300] "POST /bp/wolfdigits_bp.php?DOMAIN=comforthome.bitrix24.ru&PROTOCOL=1&LANG=ru&APP_SID=7d6fa3cae2feb232579d2145310e7cf9 HTTP/1.0" 200 236 "-" "Bitrix24 Webhook Engine"
89.113.102.106 - - [29/Jan/2025:08:35:08 +0300] "POST /public/payment/action.php HTTP/1.0" 301 607 "https://b24-5wc0a7.bitrix24.shop/" "Mozilla/5.0 (Linux; Android 10; K) AppleWebKit/537.36 (KHTML, like Gecko) Chrome/132.0.0.0 Mobile Safari/537.36"
195.208.184.200 - - [29/Jan/2025:08:34:54 +0300] "POST /bp/wolfdigits_bp.php?DOMAIN=comforthome.bitrix24.ru&PROTOCOL=1&LANG=ru&APP_SID=7d6fa3cae2feb232579d2145310e7cf9 HTTP/1.0" 200 236 "-" "Bitrix24 Webhook Engine"
195.208.184.34 - - [29/Jan/2025:08:35:10 +0300] "POST /bp/wolfdigits_bp.php?DOMAIN=comforthome.bitrix24.ru&PROTOCOL=1&LANG=ru&APP_SID=7d6fa3cae2feb232579d2145310e7cf9 HTTP/1.0" 200 236 "-" "Bitrix24 Webhook Engine"
90.151.86.42 - - [29/Jan/2025:08:35:34 +0300] "POST /public/payment/action.php HTTP/1.0" 301 397 "https://b24-i4di1v.bitrix24shop.ru/" "Mozilla/5.0 (iPhone; CPU iPhone OS 18_1_1 like Mac OS X) AppleWebKit/605.1.15 (KHTML, like Gecko) Version/18.1.1 Mobile/15E148 Safari/604.1"
195.208.184.34 - - [29/Jan/2025:08:35:25 +0300] "POST /bp/wolfdigits_bp.php?DOMAIN=comforthome.bitrix24.ru&PROTOCOL=1&LANG=ru&APP_SID=7d6fa3cae2feb232579d2145310e7cf9 HTTP/1.0" 200 236 "-" "Bitrix24 Webhook Engine"
195.208.184.200 - - [29/Jan/2025:08:35:41 +0300] "POST /bp/wolfdigits_bp.php?DOMAIN=comforthome.bitrix24.ru&PROTOCOL=1&LANG=ru&APP_SID=7d6fa3cae2feb232579d2145310e7cf9 HTTP/1.0" 200 236 "-" "Bitrix24 Webhook Engine"
90.151.86.42 - - [29/Jan/2025:08:35:59 +0300] "POST /public/payment/action.php HTTP/1.0" 301 397 "https://b24-i4di1v.bitrix24shop.ru/" "Mozilla/5.0 (iPhone; CPU iPhone OS 18_1_1 like Mac OS X) AppleWebKit/605.1.15 (KHTML, like Gecko) Version/18.1.1 Mobile/15E148 Safari/604.1"
62.76.205.129 - - [29/Jan/2025:08:36:05 +0300] "GET /public/payment/action-callback.php?domain=tophouse.bitrix24.ru&orderNumber=6312%2F1-6&sign_alias=merchantCallbackKeyPair&checksum=43B92855130679ABAB2FF447A332AEBFF9AABD3914322F9625EF1F4AE255E73DC9A5CC6B0264E16FE1244511A12F77A8561D333DB9E8F8C2E50509828802EC2E2178A33F67FE7834865D53676761C42923249C40D89B6D4FF655DB0C3FF47ACFEF80D73A03BC3C8B25447D80D139E0F48D1D9E5839F9FF38496EBB75A5B93E7C47F8EFAFE8412C244BB267CF4FB533439A60E0BB2E267E4FAFDB341209E342BA78830BA0832E0944D7412AFEC361798703C411F68150D228B5ABB22F402905140E7C4853ACDC1AAA8D98589A430343052FB07A0FDDCC9E1E93FE00C1EDB350E4DE92C9A136D0F9C8773BA7096B35FB3D8318AFF97A83266396E60B8695752617&mdOrder=04dc598f-0d64-770a-a025-f99d016df81d&operation=deposited&status=1 HTTP/1.0" 200 236 "-" "Chrome/80.0.3987.116"
195.208.184.34 - - [29/Jan/2025:08:35:56 +0300] "POST /bp/wolfdigits_bp.php?DOMAIN=comforthome.bitrix24.ru&PROTOCOL=1&LANG=ru&APP_SID=7d6fa3cae2feb232579d2145310e7cf9 HTTP/1.0" 200 236 "-" "Bitrix24 Webhook Engine"
91.218.132.2 - - [29/Jan/2025:08:36:16 +0300] "POST /public/payment/action-callback.php?domain=goshrent.bitrix24.ru HTTP/1.0" 200 236 "-" "HTTP Client"
90.151.86.42 - - [29/Jan/2025:08:36:17 +0300] "GET /payment/action.php?paymentId=11453&paySystemId=17&domain=goshrent.bitrix24.ru HTTP/1.0" 302 313 "https://securepayments.tinkoff.ru/" "Mozilla/5.0 (iPhone; CPU iPhone OS 18_1_1 like Mac OS X) AppleWebKit/605.1.15 (KHTML, like Gecko) Version/18.1.1 Mobile/15E148 Safari/604.1"
31.173.82.172 - - [29/Jan/2025:08:36:23 +0300] "POST /public/payment/action.php HTTP/1.0" 301 607 "https://b24-diq0fw.bitrix24shop.ru/" "Mozilla/5.0 (Linux; Android 10; K) AppleWebKit/537.36 (KHTML, like Gecko) SamsungBrowser/27.0 Chrome/125.0.0.0 Mobile Safari/537.36"
195.208.184.200 - - [29/Jan/2025:08:36:25 +0300] "POST /bp/wolfdigits_bp.php?DOMAIN=dobryesutki.bitrix24.ru&PROTOCOL=1&LANG=ru&APP_SID=5a783657c9a37734be12c1add7b1fc75 HTTP/1.0" 200 236 "-" "Bitrix24 Webhook Engine"
195.208.184.34 - - [29/Jan/2025:08:36:11 +0300] "POST /bp/wolfdigits_bp.php?DOMAIN=comforthome.bitrix24.ru&PROTOCOL=1&LANG=ru&APP_SID=7d6fa3cae2feb232579d2145310e7cf9 HTTP/1.0" 200 236 "-" "Bitrix24 Webhook Engine"
158.160.84.45 - - [29/Jan/2025:08:36:37 +0300] "POST /realtycalendar/action-callback.php?bitrix24=homelike.bitrix24.ru HTTP/1.0" 200 176 "-" "-"
89.208.230.2 - - [29/Jan/2025:08:36:27 +0300] "POST /bp/wolfdigits_bp.php?DOMAIN=comforthome.bitrix24.ru&PROTOCOL=1&LANG=ru&APP_SID=7d6fa3cae2feb232579d2145310e7cf9 HTTP/1.0" 200 236 "-" "Bitrix24 Webhook Engine"
212.233.80.7 - - [29/Jan/2025:08:36:49 +0300] "POST /public/payment/action-callback.php?domain=goshrent.bitrix24.ru HTTP/1.0" 200 236 "-" "HTTP Client"
158.160.84.45 - - [29/Jan/2025:08:36:57 +0300] "POST /realtycalendar/action-callback.php?bitrix24=homelike.bitrix24.ru HTTP/1.0" 500 170 "-" "-"
89.208.230.2 - - [29/Jan/2025:08:36:42 +0300] "POST /bp/wolfdigits_bp.php?DOMAIN=comforthome.bitrix24.ru&PROTOCOL=1&LANG=ru&APP_SID=7d6fa3cae2feb232579d2145310e7cf9 HTTP/1.0" 200 236 "-" "Bitrix24 Webhook Engine"
158.160.84.45 - - [29/Jan/2025:08:36:56 +0300] "POST /realtycalendar/action-callback.php?bitrix24=kvartburo.bitrix24.ru HTTP/1.0" 200 176 "-" "-"
212.233.80.7 - - [29/Jan/2025:08:37:00 +0300] "POST /public/payment/action-callback.php?domain=goshrent.bitrix24.ru HTTP/1.0" 200 236 "-" "HTTP Client"
89.208.230.2 - - [29/Jan/2025:08:36:58 +0300] "POST /bp/wolfdigits_bp.php?DOMAIN=comforthome.bitrix24.ru&PROTOCOL=1&LANG=ru&APP_SID=7d6fa3cae2feb232579d2145310e7cf9 HTTP/1.0" 200 236 "-" "Bitrix24 Webhook Engine"
31.173.82.172 - - [29/Jan/2025:08:37:17 +0300] "GET /payment/action.php?paymentId=16528&paySystemId=40&domain=bizap.bitrix24.ru&orderId=04dc5aab-3653-7b99-90cf-d93e00bbb0b7&lang=ru HTTP/1.0" 302 337 "https://acs.vtb.ru/" "Mozilla/5.0 (Linux; Android 10; K) AppleWebKit/537.36 (KHTML, like Gecko) SamsungBrowser/27.0 Chrome/125.0.0.0 Mobile Safari/537.36"
178.154.246.58 - - [29/Jan/2025:08:37:26 +0300] "POST /projects/cian/onebed/service/webhook HTTP/1.0" 302 1509 "-" "Cian-chats-webhooks"
178.154.246.58 - - [29/Jan/2025:08:37:26 +0300] "GET / HTTP/1.0" 200 5463 "-" "Cian-chats-webhooks"
89.208.230.2 - - [29/Jan/2025:08:37:13 +0300] "POST /bp/wolfdigits_bp.php?DOMAIN=comforthome.bitrix24.ru&PROTOCOL=1&LANG=ru&APP_SID=7d6fa3cae2feb232579d2145310e7cf9 HTTP/1.0" 200 236 "-" "Bitrix24 Webhook Engine"
158.160.84.45 - - [29/Jan/2025:08:37:37 +0300] "POST /realtycalendar/action-callback.php?bitrix24=kak-do-ma.bitrix24.ru HTTP/1.0" 200 176 "-" "-"
91.218.132.2 - - [29/Jan/2025:08:37:43 +0300] "POST /public/payment/action-callback.php?domain=goshrent.bitrix24.ru HTTP/1.0" 200 236 "-" "HTTP Client"
195.208.184.200 - - [29/Jan/2025:08:37:41 +0300] "POST /public/payment/action-holding.php HTTP/1.0" 200 236 "-" "Bitrix24 Webhook Engine"
89.208.228.219 - - [29/Jan/2025:08:37:29 +0300] "POST /bp/wolfdigits_bp.php?DOMAIN=comforthome.bitrix24.ru&PROTOCOL=1&LANG=ru&APP_SID=7d6fa3cae2feb232579d2145310e7cf9 HTTP/1.0" 200 236 "-" "Bitrix24 Webhook Engine"
158.160.84.45 - - [29/Jan/2025:08:37:53 +0300] "POST /realtycalendar/action-callback.php?bitrix24=sutkirent.bitrix24.ru HTTP/1.0" 200 176 "-" "-"
195.208.184.34 - - [29/Jan/2025:08:37:44 +0300] "POST /bp/wolfdigits_bp.php?DOMAIN=comforthome.bitrix24.ru&PROTOCOL=1&LANG=ru&APP_SID=7d6fa3cae2feb232579d2145310e7cf9 HTTP/1.0" 200 236 "-" "Bitrix24 Webhook Engine"
89.208.230.2 - - [29/Jan/2025:08:38:00 +0300] "POST /bp/wolfdigits_bp.php?DOMAIN=comforthome.bitrix24.ru&PROTOCOL=1&LANG=ru&APP_SID=7d6fa3cae2feb232579d2145310e7cf9 HTTP/1.0" 200 236 "-" "Bitrix24 Webhook Engine"
195.208.184.200 - - [29/Jan/2025:08:38:15 +0300] "POST /bp/wolfdigits_bp.php?DOMAIN=comforthome.bitrix24.ru&PROTOCOL=1&LANG=ru&APP_SID=7d6fa3cae2feb232579d2145310e7cf9 HTTP/1.0" 200 236 "-" "Bitrix24 Webhook Engine"
195.208.184.34 - - [29/Jan/2025:08:38:31 +0300] "POST /bp/wolfdigits_bp.php?DOMAIN=comforthome.bitrix24.ru&PROTOCOL=1&LANG=ru&APP_SID=7d6fa3cae2feb232579d2145310e7cf9 HTTP/1.0" 200 236 "-" "Bitrix24 Webhook Engine"
195.208.184.34 - - [29/Jan/2025:08:38:46 +0300] "POST /bp/wolfdigits_bp.php?DOMAIN=comforthome.bitrix24.ru&PROTOCOL=1&LANG=ru&APP_SID=7d6fa3cae2feb232579d2145310e7cf9 HTTP/1.0" 200 236 "-" "Bitrix24 Webhook Engine"
195.208.184.34 - - [29/Jan/2025:08:39:02 +0300] "POST /bp/wolfdigits_bp.php?DOMAIN=comforthome.bitrix24.ru&PROTOCOL=1&LANG=ru&APP_SID=7d6fa3cae2feb232579d2145310e7cf9 HTTP/1.0" 200 236 "-" "Bitrix24 Webhook Engine"
89.208.230.2 - - [29/Jan/2025:08:39:17 +0300] "POST /bp/wolfdigits_bp.php?DOMAIN=comforthome.bitrix24.ru&PROTOCOL=1&LANG=ru&APP_SID=7d6fa3cae2feb232579d2145310e7cf9 HTTP/1.0" 200 236 "-" "Bitrix24 Webhook Engine"
77.75.154.206 - - [29/Jan/2025:08:39:43 +0300] "POST /public/payment/action-callback.php?domain=renthouse.bitrix24.ru HTTP/1.0" 200 187 "-" "AHC/2.1"
195.208.184.200 - - [29/Jan/2025:08:39:33 +0300] "POST /bp/wolfdigits_bp.php?DOMAIN=comforthome.bitrix24.ru&PROTOCOL=1&LANG=ru&APP_SID=7d6fa3cae2feb232579d2145310e7cf9 HTTP/1.0" 200 236 "-" "Bitrix24 Webhook Engine"
178.154.246.58 - - [29/Jan/2025:08:39:49 +0300] "POST /projects/cian/kvartiraest/service/webhook HTTP/1.0" 200 1137 "-" "Cian-chats-webhooks"
176.59.214.217 - - [29/Jan/2025:08:39:53 +0300] "POST /public/payment/action.php HTTP/1.0" 301 397 "https://b24-z32ch3.bitrix24shop.ru/" "Mozilla/5.0 (iPhone; CPU iPhone OS 18_1_1 like Mac OS X) AppleWebKit/605.1.15 (KHTML, like Gecko) Version/18.1.1 Mobile/15E148 Safari/604.1"
195.208.184.200 - - [29/Jan/2025:08:39:49 +0300] "POST /bp/wolfdigits_bp.php?DOMAIN=comforthome.bitrix24.ru&PROTOCOL=1&LANG=ru&APP_SID=7d6fa3cae2feb232579d2145310e7cf9 HTTP/1.0" 200 236 "-" "Bitrix24 Webhook Engine"
178.154.246.58 - - [29/Jan/2025:08:40:10 +0300] "POST /projects/cian/kvartiraest/service/webhook HTTP/1.0" 200 1137 "-" "Cian-chats-webhooks"
195.208.184.200 - - [29/Jan/2025:08:40:04 +0300] "POST /bp/wolfdigits_bp.php?DOMAIN=comforthome.bitrix24.ru&PROTOCOL=1&LANG=ru&APP_SID=7d6fa3cae2feb232579d2145310e7cf9 HTTP/1.0" 200 236 "-" "Bitrix24 Webhook Engine"
91.218.132.2 - - [29/Jan/2025:08:40:25 +0300] "POST /public/payment/action-callback.php?domain=apartunit.bitrix24.ru HTTP/1.0" 200 236 "-" "HTTP Client"
195.208.184.34 - - [29/Jan/2025:08:40:20 +0300] "POST /bp/wolfdigits_bp.php?DOMAIN=comforthome.bitrix24.ru&PROTOCOL=1&LANG=ru&APP_SID=7d6fa3cae2feb232579d2145310e7cf9 HTTP/1.0" 200 236 "-" "Bitrix24 Webhook Engine"
178.154.246.58 - - [29/Jan/2025:08:40:43 +0300] "POST /projects/cian/kvartiraest/service/webhook HTTP/1.0" 200 1137 "-" "Cian-chats-webhooks"
89.208.230.2 - - [29/Jan/2025:08:40:36 +0300] "POST /bp/wolfdigits_bp.php?DOMAIN=comforthome.bitrix24.ru&PROTOCOL=1&LANG=ru&APP_SID=7d6fa3cae2feb232579d2145310e7cf9 HTTP/1.0" 200 236 "-" "Bitrix24 Webhook Engine"
89.208.230.2 - - [29/Jan/2025:08:41:04 +0300] "POST /public/ttlock/action-bp-code.php HTTP/1.0" 200 238 "-" "Bitrix24 Webhook Engine"
89.208.228.219 - - [29/Jan/2025:08:40:51 +0300] "POST /bp/wolfdigits_bp.php?DOMAIN=comforthome.bitrix24.ru&PROTOCOL=1&LANG=ru&APP_SID=7d6fa3cae2feb232579d2145310e7cf9 HTTP/1.0" 200 236 "-" "Bitrix24 Webhook Engine"
89.208.228.219 - - [29/Jan/2025:08:41:06 +0300] "POST /public/ttlock/action-bp-code.php HTTP/1.0" 500 170 "-" "Bitrix24 Webhook Engine"
158.160.84.45 - - [29/Jan/2025:08:41:13 +0300] "POST /realtycalendar/action-callback.php?bitrix24=prudius.bitrix24.ru HTTP/1.0" 200 176 "-" "-"
188.162.194.34 - - [29/Jan/2025:08:41:14 +0300] "POST /public/payment/action.php HTTP/1.0" 301 607 "https://b24-rha1g2.bitrix24shop.ru/" "Mozilla/5.0 (iPhone; CPU iPhone OS 18_1 like Mac OS X) AppleWebKit/605.1.15 (KHTML, like Gecko) Version/18.1 Mobile/15E148 Safari/604.1"
195.208.184.34 - - [29/Jan/2025:08:41:06 +0300] "POST /bp/wolfdigits_bp.php?DOMAIN=comforthome.bitrix24.ru&PROTOCOL=1&LANG=ru&APP_SID=7d6fa3cae2feb232579d2145310e7cf9 HTTP/1.0" 200 236 "-" "Bitrix24 Webhook Engine"
158.160.84.45 - - [29/Jan/2025:08:41:21 +0300] "POST /realtycalendar/action-callback.php?bitrix24=kvartburo.bitrix24.ru HTTP/1.0" 200 176 "-" "-"
195.208.184.34 - - [29/Jan/2025:08:41:16 +0300] "POST /bp/wolfdigits_bp.php?DOMAIN=good-day.bitrix24.ru&PROTOCOL=1&LANG=ru&APP_SID=2030d7fb94dde329b847373f57dc5afb HTTP/1.0" 200 236 "-" "Bitrix24 Webhook Engine"
195.208.184.200 - - [29/Jan/2025:08:41:22 +0300] "POST /bp/wolfdigits_bp.php?DOMAIN=comforthome.bitrix24.ru&PROTOCOL=1&LANG=ru&APP_SID=7d6fa3cae2feb232579d2145310e7cf9 HTTP/1.0" 200 236 "-" "Bitrix24 Webhook Engine"
195.208.184.34 - - [29/Jan/2025:08:41:40 +0300] "POST /public/ttlock/action-bp-code.php HTTP/1.0" 200 238 "-" "Bitrix24 Webhook Engine"
89.208.228.219 - - [29/Jan/2025:08:41:37 +0300] "POST /bp/wolfdigits_bp.php?DOMAIN=comforthome.bitrix24.ru&PROTOCOL=1&LANG=ru&APP_SID=7d6fa3cae2feb232579d2145310e7cf9 HTTP/1.0" 200 236 "-" "Bitrix24 Webhook Engine"
62.76.205.129 - - [29/Jan/2025:08:41:52 +0300] "GET /public/payment/action-callback.php?domain=richotels.bitrix24.ru&orderNumber=17180%2F1-3&sign_alias=merchantCallbackKeyPair&checksum=40C90D7A07708FB709644203C08D82D921ECCF00FB0FA96E55C821813D6BD9760F7664107FDD78696519BFD914FD53206F8F4897F0B6EAB7F246B7517E84A0CFAC606184847637F4FECC60EC96C1BC3CC05FB7F7CE228E21F4574B8733F4F40E5BD945A942E3913B906D36098308A87919A7A10119F13F7B517112FE6372D2110E990C9AEC4E83C72678ACD91D082975986F0B0E28BE9AE64FA37399F47C045B2BF81C173364631C20D0B832BA88A11E0F5369B2B0717FC1084D6BCA3020C54621FAD2104750FE32B010FC3818B2B72EC8FC49CF4395D7CF5CA8AA23C4A8B309581E18D1A6F5E8754CD68101EA46BF644EE617B2047304E9B5D6A8FDD727D254&mdOrder=04dc5ee5-41fa-7c12-ab81-6a2300be21f2&operation=deposited&status=1 HTTP/1.0" 200 236 "-" "Chrome/80.0.3987.116"
158.160.84.45 - - [29/Jan/2025:08:42:03 +0300] "POST /realtycalendar/action-callback.php?bitrix24=apartunit.bitrix24.ru HTTP/1.0" 200 176 "-" "-"
89.208.230.2 - - [29/Jan/2025:08:41:53 +0300] "POST /bp/wolfdigits_bp.php?DOMAIN=comforthome.bitrix24.ru&PROTOCOL=1&LANG=ru&APP_SID=7d6fa3cae2feb232579d2145310e7cf9 HTTP/1.0" 200 236 "-" "Bitrix24 Webhook Engine"
158.160.84.45 - - [29/Jan/2025:08:42:13 +0300] "POST /realtycalendar/action-callback.php?bitrix24=apartunit.bitrix24.ru HTTP/1.0" 200 176 "-" "-"
89.208.230.2 - - [29/Jan/2025:08:41:56 +0300] "POST /public/ttlock/action-bp-code.php HTTP/1.0" 200 238 "-" "Bitrix24 Webhook Engine"
89.208.230.2 - - [29/Jan/2025:08:42:15 +0300] "POST /public/ttlock/action-bp-code.php HTTP/1.0" 200 238 "-" "Bitrix24 Webhook Engine"
158.160.84.45 - - [29/Jan/2025:08:42:20 +0300] "POST /realtycalendar/action-callback.php?bitrix24=homelike.bitrix24.ru HTTP/1.0" 200 180 "-" "-"
89.208.228.219 - - [29/Jan/2025:08:42:08 +0300] "POST /bp/wolfdigits_bp.php?DOMAIN=comforthome.bitrix24.ru&PROTOCOL=1&LANG=ru&APP_SID=7d6fa3cae2feb232579d2145310e7cf9 HTTP/1.0" 200 236 "-" "Bitrix24 Webhook Engine"
89.208.228.219 - - [29/Jan/2025:08:42:24 +0300] "POST /bp/wolfdigits_bp.php?DOMAIN=comforthome.bitrix24.ru&PROTOCOL=1&LANG=ru&APP_SID=7d6fa3cae2feb232579d2145310e7cf9 HTTP/1.0" 200 236 "-" "Bitrix24 Webhook Engine"
195.208.184.34 - - [29/Jan/2025:08:42:39 +0300] "POST /bp/wolfdigits_bp.php?DOMAIN=comforthome.bitrix24.ru&PROTOCOL=1&LANG=ru&APP_SID=7d6fa3cae2feb232579d2145310e7cf9 HTTP/1.0" 200 236 "-" "Bitrix24 Webhook Engine"
195.208.184.34 - - [29/Jan/2025:08:42:51 +0300] "POST /public/ttlock/action-bp-code.php HTTP/1.0" 200 238 "-" "Bitrix24 Webhook Engine"
158.160.84.45 - - [29/Jan/2025:08:42:58 +0300] "POST /realtycalendar/action-callback.php?bitrix24=kak-do-ma.bitrix24.ru HTTP/1.0" 200 176 "-" "-"
89.208.228.219 - - [29/Jan/2025:08:42:55 +0300] "POST /bp/wolfdigits_bp.php?DOMAIN=comforthome.bitrix24.ru&PROTOCOL=1&LANG=ru&APP_SID=7d6fa3cae2feb232579d2145310e7cf9 HTTP/1.0" 200 236 "-" "Bitrix24 Webhook Engine"
89.208.228.219 - - [29/Jan/2025:08:43:11 +0300] "POST /bp/wolfdigits_bp.php?DOMAIN=comforthome.bitrix24.ru&PROTOCOL=1&LANG=ru&APP_SID=7d6fa3cae2feb232579d2145310e7cf9 HTTP/1.0" 200 236 "-" "Bitrix24 Webhook Engine"
89.208.230.2 - - [29/Jan/2025:08:43:26 +0300] "POST /bp/wolfdigits_bp.php?DOMAIN=comforthome.bitrix24.ru&PROTOCOL=1&LANG=ru&APP_SID=7d6fa3cae2feb232579d2145310e7cf9 HTTP/1.0" 200 236 "-" "Bitrix24 Webhook Engine"
89.208.228.219 - - [29/Jan/2025:08:41:43 +0300] "POST /bp/wolfdigits_bp.php?DOMAIN=prudius.bitrix24.ru&PROTOCOL=1&LANG=ru&APP_SID=ac94ad8a07f84d5b05348815d9847cb3 HTTP/1.0" 200 236 "-" "Bitrix24 Webhook Engine"
158.160.84.45 - - [29/Jan/2025:08:43:42 +0300] "POST /realtycalendar/action-callback.php?bitrix24=sutochno24.bitrix24.ru HTTP/1.0" 200 176 "-" "-"
89.208.228.219 - - [29/Jan/2025:08:43:43 +0300] "POST /public/ttlock/action-bp-code.php HTTP/1.0" 200 238 "-" "Bitrix24 Webhook Engine"
213.87.156.95 - - [29/Jan/2025:08:43:49 +0300] "POST /public/payment/action.php HTTP/1.0" 301 607 "https://b24-olmjvv.bitrix24.shop/" "Mozilla/5.0 (Linux; Android 10; K) AppleWebKit/537.36 (KHTML, like Gecko) SamsungBrowser/27.0 Chrome/125.0.0.0 Mobile Safari/537.36"
176.59.2.63 - - [29/Jan/2025:08:43:55 +0300] "POST /public/payment/action.php HTTP/1.0" 301 607 "https://myhomeyourhome.bitrix24shop.ru/" "Mozilla/5.0 (iPhone; CPU iPhone OS 17_5_1 like Mac OS X) AppleWebKit/605.1.15 (KHTML, like Gecko) Version/17.5 Mobile/15E148 Safari/604.1"
89.208.230.2 - - [29/Jan/2025:08:43:42 +0300] "POST /bp/wolfdigits_bp.php?DOMAIN=comforthome.bitrix24.ru&PROTOCOL=1&LANG=ru&APP_SID=7d6fa3cae2feb232579d2145310e7cf9 HTTP/1.0" 200 236 "-" "Bitrix24 Webhook Engine"
158.160.84.45 - - [29/Jan/2025:08:44:03 +0300] "POST /realtycalendar/action-callback.php?bitrix24=sutkirent.bitrix24.ru HTTP/1.0" 200 176 "-" "-"
195.208.184.200 - - [29/Jan/2025:08:43:57 +0300] "POST /bp/wolfdigits_bp.php?DOMAIN=comforthome.bitrix24.ru&PROTOCOL=1&LANG=ru&APP_SID=7d6fa3cae2feb232579d2145310e7cf9 HTTP/1.0" 200 236 "-" "Bitrix24 Webhook Engine"
89.208.230.2 - - [29/Jan/2025:08:44:13 +0300] "POST /bp/wolfdigits_bp.php?DOMAIN=comforthome.bitrix24.ru&PROTOCOL=1&LANG=ru&APP_SID=7d6fa3cae2feb232579d2145310e7cf9 HTTP/1.0" 200 236 "-" "Bitrix24 Webhook Engine"
158.160.84.45 - - [29/Jan/2025:08:44:40 +0300] "POST /realtycalendar/action-callback.php?bitrix24=sutochno24.bitrix24.ru HTTP/1.0" 200 176 "-" "-"
89.208.230.2 - - [29/Jan/2025:08:44:28 +0300] "POST /bp/wolfdigits_bp.php?DOMAIN=comforthome.bitrix24.ru&PROTOCOL=1&LANG=ru&APP_SID=7d6fa3cae2feb232579d2145310e7cf9 HTTP/1.0" 200 236 "-" "Bitrix24 Webhook Engine"
89.208.228.219 - - [29/Jan/2025:08:43:44 +0300] "POST /bp/wolfdigits_bp.php?DOMAIN=sutochno24.bitrix24.ru&PROTOCOL=1&LANG=ru&APP_SID=755fd32a25a04818d581add94d696168 HTTP/1.0" 200 236 "-" "Bitrix24 Webhook Engine"
176.15.167.139 - - [29/Jan/2025:08:44:57 +0300] "POST /public/payment/action.php HTTP/1.0" 301 607 "https://prudius.bitrix24shop.ru/" "Mozilla/5.0 (iPhone; CPU iPhone OS 17_7 like Mac OS X) AppleWebKit/605.1.15 (KHTML, like Gecko) Version/17.7 Mobile/15E148 Safari/604.1"
195.208.184.200 - - [29/Jan/2025:08:44:44 +0300] "POST /bp/wolfdigits_bp.php?DOMAIN=comforthome.bitrix24.ru&PROTOCOL=1&LANG=ru&APP_SID=7d6fa3cae2feb232579d2145310e7cf9 HTTP/1.0" 200 236 "-" "Bitrix24 Webhook Engine"
176.59.2.63 - - [29/Jan/2025:08:45:05 +0300] "POST /public/payment/action.php HTTP/1.0" 301 607 "https://myhomeyourhome.bitrix24shop.ru/" "Mozilla/5.0 (iPhone; CPU iPhone OS 17_5_1 like Mac OS X) AppleWebKit/605.1.15 (KHTML, like Gecko) Version/17.5 Mobile/15E148 Safari/604.1"
89.208.228.219 - - [29/Jan/2025:08:45:00 +0300] "POST /bp/wolfdigits_bp.php?DOMAIN=comforthome.bitrix24.ru&PROTOCOL=1&LANG=ru&APP_SID=7d6fa3cae2feb232579d2145310e7cf9 HTTP/1.0" 200 236 "-" "Bitrix24 Webhook Engine"
158.160.84.45 - - [29/Jan/2025:08:45:28 +0300] "POST /realtycalendar/action-callback.php?bitrix24=sutkirent.bitrix24.ru HTTP/1.0" 200 176 "-" "-"
195.208.184.34 - - [29/Jan/2025:08:45:15 +0300] "POST /bp/wolfdigits_bp.php?DOMAIN=comforthome.bitrix24.ru&PROTOCOL=1&LANG=ru&APP_SID=7d6fa3cae2feb232579d2145310e7cf9 HTTP/1.0" 200 236 "-" "Bitrix24 Webhook Engine"
158.160.84.45 - - [29/Jan/2025:08:45:30 +0300] "POST /realtycalendar/action-callback.php?bitrix24=sutkirent.bitrix24.ru HTTP/1.0" 200 176 "-" "-"
62.76.205.129 - - [29/Jan/2025:08:45:34 +0300] "GET /public/payment/action-callback.php?domain=jivikakdoma.bitrix24.ru&orderNumber=18481%2F1-2&sign_alias=merchantCallbackKeyPair&checksum=81DB70773A4F88F859DDCB5754E8D6D200B848266241F8B4CC69C80EC98008A1AE5C00BD8620FF29A88D60E6FCE0ED26E23B76DD2D97E886FCA2800F15C609A07E3C367123ED94E64E567DA3E0739245656E76EC4837B22DD4F5ED050C9E72275B9A1E41808E2A41D6038756F9B44272C41FC63E0764C669BF458EC076BEA5CD83871C1170B349C37B1329DEA905615AE73356BF2E8A3E12BAA483F5E104F03A45A619424618F1DE80AD6B55E347C6C0AFE9015ADD04606D64CA57209A6EEE3ADB11A9E23AA27FF27A721EDE1313A6372FA15E80BC06BE16FBF6B20BC5AE6BF05BC7BA6E76B1D456672674941058E64774EDF06C27ABBC43D86700D41737B5DF&mdOrder=04dc6126-5d0a-7a5c-ade7-d19b00c092c5&operation=deposited&status=1 HTTP/1.0" 200 236 "-" "Chrome/80.0.3987.116"
62.76.205.129 - - [29/Jan/2025:08:45:39 +0300] "GET /public/payment/action-callback.php?domain=prudius.bitrix24.ru&orderNumber=399%2F1-1&sign_alias=merchantCallbackKeyPair&checksum=05A4205B6831E94D60139171EF161480FF9ACF167DA9600BDF4DF6D62C3F218B34EEF5A65AFD4E77ACE20686D3047E7F1495966E2EDE694918B17EF3E93B0802664C7530731D6B3CFE7E098DCD4976E753092CB809E7FF39A8FAAFA7A7B4387DC483D03E3D1D576B7A72F7E2A1DED62C444603BA5E3BA1E977A209D8AA359F0185D10066585AAFC101504C8FB22D78AFEAA8D0B3C18D0F2DEA1401477649193858BE859B6C8F15B6AE890B09E338CF98F00D9024445755176EBAD2AFD9EED25758EC3FFE43E7D47CD420FC4B9E6DC3C068BCDC5727023C805D102E65BDDD7B84BFC3BB069FBCDFF60F7476EF36F52A43ABF0B5FF5B4269FAC62C05B91BB4F6B6&mdOrder=04dc6226-3967-7396-969a-b12601d5ad44&operation=deposited&status=1 HTTP/1.0" 200 236 "-" "Chrome/80.0.3987.116"
195.208.184.200 - - [29/Jan/2025:08:45:31 +0300] "POST /bp/wolfdigits_bp.php?DOMAIN=comforthome.bitrix24.ru&PROTOCOL=1&LANG=ru&APP_SID=7d6fa3cae2feb232579d2145310e7cf9 HTTP/1.0" 200 236 "-" "Bitrix24 Webhook Engine"
89.208.230.2 - - [29/Jan/2025:08:43:47 +0300] "POST /bp/wolfdigits_bp.php?DOMAIN=prudius.bitrix24.ru&PROTOCOL=1&LANG=ru&APP_SID=ac94ad8a07f84d5b05348815d9847cb3 HTTP/1.0" 200 236 "-" "Bitrix24 Webhook Engine"
195.208.184.200 - - [29/Jan/2025:08:45:47 +0300] "POST /public/ttlock/action-bp-code.php HTTP/1.0" 200 238 "-" "Bitrix24 Webhook Engine"
195.208.184.34 - - [29/Jan/2025:08:45:50 +0300] "POST /public/ttlock/action-bp-code.php HTTP/1.0" 200 238 "-" "Bitrix24 Webhook Engine"
195.208.184.200 - - [29/Jan/2025:08:45:46 +0300] "POST /bp/wolfdigits_bp.php?DOMAIN=comforthome.bitrix24.ru&PROTOCOL=1&LANG=ru&APP_SID=7d6fa3cae2feb232579d2145310e7cf9 HTTP/1.0" 200 236 "-" "Bitrix24 Webhook Engine"
178.130.141.153 - - [29/Jan/2025:08:46:05 +0300] "POST /public/payment/action.php HTTP/1.0" 301 553 "https://b24-e2m0a2.bitrix24.shop/" "Mozilla/5.0 (iPhone; CPU iPhone OS 18_1_1 like Mac OS X) AppleWebKit/605.1.15 (KHTML, like Gecko) Version/18.1.1 Mobile/15E148 Safari/604.1"
195.208.184.34 - - [29/Jan/2025:08:45:50 +0300] "POST /bp/wolfdigits_bp.php?DOMAIN=good-day.bitrix24.ru&PROTOCOL=1&LANG=ru&APP_SID=2030d7fb94dde329b847373f57dc5afb HTTP/1.0" 200 236 "-" "Bitrix24 Webhook Engine"
89.208.228.219 - - [29/Jan/2025:08:46:02 +0300] "POST /bp/wolfdigits_bp.php?DOMAIN=comforthome.bitrix24.ru&PROTOCOL=1&LANG=ru&APP_SID=7d6fa3cae2feb232579d2145310e7cf9 HTTP/1.0" 200 236 "-" "Bitrix24 Webhook Engine"
158.160.84.45 - - [29/Jan/2025:08:46:16 +0300] "POST /realtycalendar/action-callback.php?bitrix24=prudius.bitrix24.ru HTTP/1.0" 200 176 "-" "-"
176.15.167.139 - - [29/Jan/2025:08:46:19 +0300] "POST /public/payment/action.php HTTP/1.0" 301 607 "https://prudius.bitrix24shop.ru/" "Mozilla/5.0 (iPhone; CPU iPhone OS 17_7 like Mac OS X) AppleWebKit/605.1.15 (KHTML, like Gecko) Version/17.7 Mobile/15E148 Safari/604.1"
89.208.230.2 - - [29/Jan/2025:08:46:18 +0300] "POST /bp/wolfdigits_bp.php?DOMAIN=comforthome.bitrix24.ru&PROTOCOL=1&LANG=ru&APP_SID=7d6fa3cae2feb232579d2145310e7cf9 HTTP/1.0" 200 236 "-" "Bitrix24 Webhook Engine"
77.75.153.78 - - [29/Jan/2025:08:46:42 +0300] "POST /public/payment/action-callback.php?domain=renthouse.bitrix24.ru HTTP/1.0" 200 172 "-" "AHC/2.1"
195.208.184.34 - - [29/Jan/2025:08:46:33 +0300] "POST /bp/wolfdigits_bp.php?DOMAIN=comforthome.bitrix24.ru&PROTOCOL=1&LANG=ru&APP_SID=7d6fa3cae2feb232579d2145310e7cf9 HTTP/1.0" 200 236 "-" "Bitrix24 Webhook Engine"
89.208.228.219 - - [29/Jan/2025:08:46:48 +0300] "POST /bp/wolfdigits_bp.php?DOMAIN=comforthome.bitrix24.ru&PROTOCOL=1&LANG=ru&APP_SID=7d6fa3cae2feb232579d2145310e7cf9 HTTP/1.0" 200 236 "-" "Bitrix24 Webhook Engine"
158.160.84.45 - - [29/Jan/2025:08:47:04 +0300] "POST /realtycalendar/action-callback.php?bitrix24=sibirhouse.bitrix24.ru HTTP/1.0" 200 176 "-" "-"
