195.208.184.200 - - [29/Jan/2025:07:42:59 +0300] "POST /bp/wolfdigits_bp.php?DOMAIN=comforthome.bitrix24.ru&PROTOCOL=1&LANG=ru&APP_SID=7d6fa3cae2feb232579d2145310e7cf9 HTTP/1.0" 200 236 "-" "Bitrix24 Webhook Engine"
89.208.230.2 - - [29/Jan/2025:07:43:14 +0300] "POST /bp/wolfdigits_bp.php?DOMAIN=comforthome.bitrix24.ru&PROTOCOL=1&LANG=ru&APP_SID=7d6fa3cae2feb232579d2145310e7cf9 HTTP/1.0" 200 236 "-" "Bitrix24 Webhook Engine"
195.208.184.34 - - [29/Jan/2025:07:43:30 +0300] "POST /bp/wolfdigits_bp.php?DOMAIN=comforthome.bitrix24.ru&PROTOCOL=1&LANG=ru&APP_SID=7d6fa3cae2feb232579d2145310e7cf9 HTTP/1.0" 200 236 "-" "Bitrix24 Webhook Engine"
158.160.84.45 - - [29/Jan/2025:07:43:45 +0300] "POST /realtycalendar/action-callback.php?bitrix24=apartunit.bitrix24.ru HTTP/1.0" 200 176 "-" "-"
195.208.184.200 - - [29/Jan/2025:07:43:45 +0300] "POST /bp/wolfdigits_bp.php?DOMAIN=comforthome.bitrix24.ru&PROTOCOL=1&LANG=ru&APP_SID=7d6fa3cae2feb232579d2145310e7cf9 HTTP/1.0" 200 236 "-" "Bitrix24 Webhook Engine"
89.208.228.219 - - [29/Jan/2025:07:44:01 +0300] "POST /bp/wolfdigits_bp.php?DOMAIN=comforthome.bitrix24.ru&PROTOCOL=1&LANG=ru&APP_SID=7d6fa3cae2feb232579d2145310e7cf9 HTTP/1.0" 200 236 "-" "Bitrix24 Webhook Engine"
89.208.230.2 - - [29/Jan/2025:07:44:16 +0300] "POST /bp/wolfdigits_bp.php?DOMAIN=comforthome.bitrix24.ru&PROTOCOL=1&LANG=ru&APP_SID=7d6fa3cae2feb232579d2145310e7cf9 HTTP/1.0" 200 236 "-" "Bitrix24 Webhook Engine"
158.160.84.45 - - [29/Jan/2025:07:44:40 +0300] "POST /realtycalendar/action-callback.php?bitrix24=sutochno24.bitrix24.ru HTTP/1.0" 200 176 "-" "-"
89.208.228.219 - - [29/Jan/2025:07:44:32 +0300] "POST /bp/wolfdigits_bp.php?DOMAIN=comforthome.bitrix24.ru&PROTOCOL=1&LANG=ru&APP_SID=7d6fa3cae2feb232579d2145310e7cf9 HTTP/1.0" 200 236 "-" "Bitrix24 Webhook Engine"
158.160.84.45 - - [29/Jan/2025:07:44:48 +0300] "POST /realtycalendar/action-callback.php?bitrix24=kvartburo.bitrix24.ru HTTP/1.0" 200 180 "-" "-"
89.208.230.2 - - [29/Jan/2025:07:44:48 +0300] "POST /bp/wolfdigits_bp.php?DOMAIN=comforthome.bitrix24.ru&PROTOCOL=1&LANG=ru&APP_SID=7d6fa3cae2feb232579d2145310e7cf9 HTTP/1.0" 200 236 "-" "Bitrix24 Webhook Engine"
89.208.228.219 - - [29/Jan/2025:07:45:03 +0300] "POST /bp/wolfdigits_bp.php?DOMAIN=comforthome.bitrix24.ru&PROTOCOL=1&LANG=ru&APP_SID=7d6fa3cae2feb232579d2145310e7cf9 HTTP/1.0" 200 236 "-" "Bitrix24 Webhook Engine"
89.208.228.219 - - [29/Jan/2025:07:45:24 +0300] "POST /bp/wolfdigits_bp.php?DOMAIN=dobryesutki.bitrix24.ru&PROTOCOL=1&LANG=ru&APP_SID=5a783657c9a37734be12c1add7b1fc75 HTTP/1.0" 200 236 "-" "Bitrix24 Webhook Engine"
195.208.184.200 - - [29/Jan/2025:07:45:18 +0300] "POST /bp/wolfdigits_bp.php?DOMAIN=comforthome.bitrix24.ru&PROTOCOL=1&LANG=ru&APP_SID=7d6fa3cae2feb232579d2145310e7cf9 HTTP/1.0" 200 236 "-" "Bitrix24 Webhook Engine"
89.208.228.219 - - [29/Jan/2025:07:45:34 +0300] "POST /bp/wolfdigits_bp.php?DOMAIN=comforthome.bitrix24.ru&PROTOCOL=1&LANG=ru&APP_SID=7d6fa3cae2feb232579d2145310e7cf9 HTTP/1.0" 200 236 "-" "Bitrix24 Webhook Engine"
89.208.230.2 - - [29/Jan/2025:07:45:50 +0300] "POST /bp/wolfdigits_bp.php?DOMAIN=comforthome.bitrix24.ru&PROTOCOL=1&LANG=ru&APP_SID=7d6fa3cae2feb232579d2145310e7cf9 HTTP/1.0" 200 236 "-" "Bitrix24 Webhook Engine"
158.160.84.45 - - [29/Jan/2025:07:46:16 +0300] "POST /realtycalendar/action-callback.php?bitrix24=arendagrad.bitrix24.ru HTTP/1.0" 200 176 "-" "-"
5.249.134.108 - - [29/Jan/2025:07:46:20 +0300] "POST /octorate/action-callback.php HTTP/1.0" 200 294 "-" "Java/11.0.18"
195.208.184.34 - - [29/Jan/2025:07:46:05 +0300] "POST /bp/wolfdigits_bp.php?DOMAIN=comforthome.bitrix24.ru&PROTOCOL=1&LANG=ru&APP_SID=7d6fa3cae2feb232579d2145310e7cf9 HTTP/1.0" 200 236 "-" "Bitrix24 Webhook Engine"
158.160.84.45 - - [29/Jan/2025:07:46:27 +0300] "POST /realtycalendar/action-callback.php?bitrix24=apartunit.bitrix24.ru HTTP/1.0" 200 176 "-" "-"
195.208.184.200 - - [29/Jan/2025:07:46:21 +0300] "POST /bp/wolfdigits_bp.php?DOMAIN=comforthome.bitrix24.ru&PROTOCOL=1&LANG=ru&APP_SID=7d6fa3cae2feb232579d2145310e7cf9 HTTP/1.0" 200 236 "-" "Bitrix24 Webhook Engine"
195.208.184.200 - - [29/Jan/2025:07:46:36 +0300] "POST /bp/wolfdigits_bp.php?DOMAIN=comforthome.bitrix24.ru&PROTOCOL=1&LANG=ru&APP_SID=7d6fa3cae2feb232579d2145310e7cf9 HTTP/1.0" 200 236 "-" "Bitrix24 Webhook Engine"
195.208.184.200 - - [29/Jan/2025:07:46:51 +0300] "POST /bp/wolfdigits_bp.php?DOMAIN=comforthome.bitrix24.ru&PROTOCOL=1&LANG=ru&APP_SID=7d6fa3cae2feb232579d2145310e7cf9 HTTP/1.0" 200 236 "-" "Bitrix24 Webhook Engine"
158.160.84.45 - - [29/Jan/2025:07:47:12 +0300] "POST /realtycalendar/action-callback.php?bitrix24=sutochno24.bitrix24.ru HTTP/1.0" 500 170 "-" "-"
89.208.230.2 - - [29/Jan/2025:07:47:07 +0300] "POST /bp/wolfdigits_bp.php?DOMAIN=comforthome.bitrix24.ru&PROTOCOL=1&LANG=ru&APP_SID=7d6fa3cae2feb232579d2145310e7cf9 HTTP/1.0" 200 236 "-" "Bitrix24 Webhook Engine"
158.160.84.45 - - [29/Jan/2025:07:47:25 +0300] "POST /realtycalendar/action-callback.php?bitrix24=homelike.bitrix24.ru HTTP/1.0" 200 176 "-" "-"
195.208.184.200 - - [29/Jan/2025:07:47:22 +0300] "POST /bp/wolfdigits_bp.php?DOMAIN=comforthome.bitrix24.ru&PROTOCOL=1&LANG=ru&APP_SID=7d6fa3cae2feb232579d2145310e7cf9 HTTP/1.0" 200 236 "-" "Bitrix24 Webhook Engine"
89.208.230.2 - - [29/Jan/2025:07:47:38 +0300] "POST /bp/wolfdigits_bp.php?DOMAIN=comforthome.bitrix24.ru&PROTOCOL=1&LANG=ru&APP_SID=7d6fa3cae2feb232579d2145310e7cf9 HTTP/1.0" 200 236 "-" "Bitrix24 Webhook Engine"
195.208.184.34 - - [29/Jan/2025:07:47:53 +0300] "POST /bp/wolfdigits_bp.php?DOMAIN=comforthome.bitrix24.ru&PROTOCOL=1&LANG=ru&APP_SID=7d6fa3cae2feb232579d2145310e7cf9 HTTP/1.0" 200 236 "-" "Bitrix24 Webhook Engine"
89.208.230.2 - - [29/Jan/2025:07:43:17 +0300] "POST /bp/wolfdigits_bp.php?DOMAIN=sutochno24.bitrix24.ru&PROTOCOL=1&LANG=ru&APP_SID=755fd32a25a04818d581add94d696168 HTTP/1.0" 200 236 "-" "Bitrix24 Webhook Engine"
89.208.228.219 - - [29/Jan/2025:07:48:08 +0300] "POST /bp/wolfdigits_bp.php?DOMAIN=comforthome.bitrix24.ru&PROTOCOL=1&LANG=ru&APP_SID=7d6fa3cae2feb232579d2145310e7cf9 HTTP/1.0" 200 236 "-" "Bitrix24 Webhook Engine"
188.162.0.82 - - [29/Jan/2025:07:48:23 +0300] "POST /public/payment/action.php HTTP/1.0" 301 553 "https://b24-e2m0a2.bitrix24.shop/" "Mozilla/5.0 (iPhone; CPU iPhone OS 17_0 like Mac OS X) AppleWebKit/605.1.15 (KHTML, like Gecko) Version/17.0 YaBrowser/23.5.7.76.10 SA/3 Mobile/15E148 Safari/604.1"
195.208.184.200 - - [29/Jan/2025:07:48:24 +0300] "POST /bp/wolfdigits_bp.php?DOMAIN=comforthome.bitrix24.ru&PROTOCOL=1&LANG=ru&APP_SID=7d6fa3cae2feb232579d2145310e7cf9 HTTP/1.0" 200 236 "-" "Bitrix24 Webhook Engine"
77.75.154.206 - - [29/Jan/2025:07:48:46 +0300] "POST /public/payment/action-callback.php?domain=renthouse.bitrix24.ru HTTP/1.0" 200 172 "-" "AHC/2.1"
89.208.228.219 - - [29/Jan/2025:07:48:39 +0300] "POST /bp/wolfdigits_bp.php?DOMAIN=comforthome.bitrix24.ru&PROTOCOL=1&LANG=ru&APP_SID=7d6fa3cae2feb232579d2145310e7cf9 HTTP/1.0" 200 236 "-" "Bitrix24 Webhook Engine"
89.208.228.219 - - [29/Jan/2025:07:48:55 +0300] "POST /bp/wolfdigits_bp.php?DOMAIN=comforthome.bitrix24.ru&PROTOCOL=1&LANG=ru&APP_SID=7d6fa3cae2feb232579d2145310e7cf9 HTTP/1.0" 200 236 "-" "Bitrix24 Webhook Engine"
89.208.228.219 - - [29/Jan/2025:07:49:10 +0300] "POST /bp/wolfdigits_bp.php?DOMAIN=comforthome.bitrix24.ru&PROTOCOL=1&LANG=ru&APP_SID=7d6fa3cae2feb232579d2145310e7cf9 HTTP/1.0" 200 236 "-" "Bitrix24 Webhook Engine"
178.154.246.58 - - [29/Jan/2025:07:49:40 +0300] "POST /projects/cian/kvartiraest/service/webhook HTTP/1.0" 200 1137 "-" "Cian-chats-webhooks"
89.208.230.2 - - [29/Jan/2025:07:49:26 +0300] "POST /bp/wolfdigits_bp.php?DOMAIN=comforthome.bitrix24.ru&PROTOCOL=1&LANG=ru&APP_SID=7d6fa3cae2feb232579d2145310e7cf9 HTTP/1.0" 200 236 "-" "Bitrix24 Webhook Engine"
89.208.230.2 - - [29/Jan/2025:07:49:41 +0300] "POST /bp/wolfdigits_bp.php?DOMAIN=comforthome.bitrix24.ru&PROTOCOL=1&LANG=ru&APP_SID=7d6fa3cae2feb232579d2145310e7cf9 HTTP/1.0" 200 236 "-" "Bitrix24 Webhook Engine"
188.162.0.82 - - [29/Jan/2025:07:50:10 +0300] "POST /public/payment/action.php HTTP/1.0" 301 553 "https://b24-e2m0a2.bitrix24.shop/" "Mozilla/5.0 (iPhone; CPU iPhone OS 17_0 like Mac OS X) AppleWebKit/605.1.15 (KHTML, like Gecko) Version/17.0 YaBrowser/23.5.7.76.10 SA/3 Mobile/15E148 Safari/604.1"
89.208.230.2 - - [29/Jan/2025:07:49:57 +0300] "POST /bp/wolfdigits_bp.php?DOMAIN=comforthome.bitrix24.ru&PROTOCOL=1&LANG=ru&APP_SID=7d6fa3cae2feb232579d2145310e7cf9 HTTP/1.0" 200 236 "-" "Bitrix24 Webhook Engine"
158.160.84.45 - - [29/Jan/2025:07:50:20 +0300] "POST /realtycalendar/action-callback.php?bitrix24=apartunit.bitrix24.ru HTTP/1.0" 200 176 "-" "-"
89.208.230.2 - - [29/Jan/2025:07:50:12 +0300] "POST /bp/wolfdigits_bp.php?DOMAIN=comforthome.bitrix24.ru&PROTOCOL=1&LANG=ru&APP_SID=7d6fa3cae2feb232579d2145310e7cf9 HTTP/1.0" 200 236 "-" "Bitrix24 Webhook Engine"
77.75.154.206 - - [29/Jan/2025:07:50:23 +0300] "POST /public/payment/action-callback.php?domain=renthouse.bitrix24.ru HTTP/1.0" 200 172 "-" "AHC/2.1"
89.208.230.2 - - [29/Jan/2025:07:50:28 +0300] "POST /bp/wolfdigits_bp.php?DOMAIN=comforthome.bitrix24.ru&PROTOCOL=1&LANG=ru&APP_SID=7d6fa3cae2feb232579d2145310e7cf9 HTTP/1.0" 200 236 "-" "Bitrix24 Webhook Engine"
89.208.228.219 - - [29/Jan/2025:07:50:44 +0300] "POST /bp/wolfdigits_bp.php?DOMAIN=comforthome.bitrix24.ru&PROTOCOL=1&LANG=ru&APP_SID=7d6fa3cae2feb232579d2145310e7cf9 HTTP/1.0" 200 236 "-" "Bitrix24 Webhook Engine"
195.208.184.200 - - [29/Jan/2025:07:50:59 +0300] "POST /bp/wolfdigits_bp.php?DOMAIN=comforthome.bitrix24.ru&PROTOCOL=1&LANG=ru&APP_SID=7d6fa3cae2feb232579d2145310e7cf9 HTTP/1.0" 200 236 "-" "Bitrix24 Webhook Engine"
89.208.228.219 - - [29/Jan/2025:07:51:15 +0300] "POST /bp/wolfdigits_bp.php?DOMAIN=comforthome.bitrix24.ru&PROTOCOL=1&LANG=ru&APP_SID=7d6fa3cae2feb232579d2145310e7cf9 HTTP/1.0" 200 236 "-" "Bitrix24 Webhook Engine"
178.154.246.58 - - [29/Jan/2025:07:51:33 +0300] "POST /projects/cian/kvartiraest/service/webhook HTTP/1.0" 200 1137 "-" "Cian-chats-webhooks"
178.154.246.58 - - [29/Jan/2025:07:51:45 +0300] "POST /projects/cian/kvartiraest/service/webhook HTTP/1.0" 200 1137 "-" "Cian-chats-webhooks"
89.208.230.2 - - [29/Jan/2025:07:51:30 +0300] "POST /bp/wolfdigits_bp.php?DOMAIN=comforthome.bitrix24.ru&PROTOCOL=1&LANG=ru&APP_SID=7d6fa3cae2feb232579d2145310e7cf9 HTTP/1.0" 200 236 "-" "Bitrix24 Webhook Engine"
195.208.184.200 - - [29/Jan/2025:07:51:45 +0300] "POST /bp/wolfdigits_bp.php?DOMAIN=comforthome.bitrix24.ru&PROTOCOL=1&LANG=ru&APP_SID=7d6fa3cae2feb232579d2145310e7cf9 HTTP/1.0" 200 236 "-" "Bitrix24 Webhook Engine"
89.208.228.219 - - [29/Jan/2025:07:52:01 +0300] "POST /bp/wolfdigits_bp.php?DOMAIN=comforthome.bitrix24.ru&PROTOCOL=1&LANG=ru&APP_SID=7d6fa3cae2feb232579d2145310e7cf9 HTTP/1.0" 200 236 "-" "Bitrix24 Webhook Engine"
195.208.184.34 - - [29/Jan/2025:07:52:16 +0300] "POST /bp/wolfdigits_bp.php?DOMAIN=comforthome.bitrix24.ru&PROTOCOL=1&LANG=ru&APP_SID=7d6fa3cae2feb232579d2145310e7cf9 HTTP/1.0" 200 236 "-" "Bitrix24 Webhook Engine"
195.208.184.200 - - [29/Jan/2025:07:52:32 +0300] "POST /bp/wolfdigits_bp.php?DOMAIN=comforthome.bitrix24.ru&PROTOCOL=1&LANG=ru&APP_SID=7d6fa3cae2feb232579d2145310e7cf9 HTTP/1.0" 200 236 "-" "Bitrix24 Webhook Engine"
195.208.184.200 - - [29/Jan/2025:07:52:47 +0300] "POST /bp/wolfdigits_bp.php?DOMAIN=comforthome.bitrix24.ru&PROTOCOL=1&LANG=ru&APP_SID=7d6fa3cae2feb232579d2145310e7cf9 HTTP/1.0" 200 236 "-" "Bitrix24 Webhook Engine"
158.160.84.45 - - [29/Jan/2025:07:53:08 +0300] "POST /realtycalendar/action-callback.php?bitrix24=homelike.bitrix24.ru HTTP/1.0" 200 180 "-" "-"
89.208.230.2 - - [29/Jan/2025:07:53:03 +0300] "POST /bp/wolfdigits_bp.php?DOMAIN=comforthome.bitrix24.ru&PROTOCOL=1&LANG=ru&APP_SID=7d6fa3cae2feb232579d2145310e7cf9 HTTP/1.0" 200 236 "-" "Bitrix24 Webhook Engine"
178.154.246.58 - - [29/Jan/2025:07:53:27 +0300] "POST /projects/cian/kvartiraest/service/webhook HTTP/1.0" 200 1137 "-" "Cian-chats-webhooks"
195.208.184.200 - - [29/Jan/2025:07:53:18 +0300] "POST /bp/wolfdigits_bp.php?DOMAIN=comforthome.bitrix24.ru&PROTOCOL=1&LANG=ru&APP_SID=7d6fa3cae2feb232579d2145310e7cf9 HTTP/1.0" 200 236 "-" "Bitrix24 Webhook Engine"
195.208.184.34 - - [29/Jan/2025:07:53:33 +0300] "POST /bp/wolfdigits_bp.php?DOMAIN=comforthome.bitrix24.ru&PROTOCOL=1&LANG=ru&APP_SID=7d6fa3cae2feb232579d2145310e7cf9 HTTP/1.0" 200 236 "-" "Bitrix24 Webhook Engine"
89.208.228.219 - - [29/Jan/2025:07:53:49 +0300] "POST /bp/wolfdigits_bp.php?DOMAIN=comforthome.bitrix24.ru&PROTOCOL=1&LANG=ru&APP_SID=7d6fa3cae2feb232579d2145310e7cf9 HTTP/1.0" 200 236 "-" "Bitrix24 Webhook Engine"
77.75.154.206 - - [29/Jan/2025:07:54:05 +0300] "POST /public/payment/action-callback.php?domain=renthouse.bitrix24.ru HTTP/1.0" 200 187 "-" "AHC/2.1"
195.208.184.200 - - [29/Jan/2025:07:54:04 +0300] "POST /bp/wolfdigits_bp.php?DOMAIN=comforthome.bitrix24.ru&PROTOCOL=1&LANG=ru&APP_SID=7d6fa3cae2feb232579d2145310e7cf9 HTTP/1.0" 200 236 "-" "Bitrix24 Webhook Engine"
195.208.184.34 - - [29/Jan/2025:07:54:20 +0300] "POST /bp/wolfdigits_bp.php?DOMAIN=comforthome.bitrix24.ru&PROTOCOL=1&LANG=ru&APP_SID=7d6fa3cae2feb232579d2145310e7cf9 HTTP/1.0" 200 236 "-" "Bitrix24 Webhook Engine"
89.208.228.219 - - [29/Jan/2025:07:54:35 +0300] "POST /bp/wolfdigits_bp.php?DOMAIN=comforthome.bitrix24.ru&PROTOCOL=1&LANG=ru&APP_SID=7d6fa3cae2feb232579d2145310e7cf9 HTTP/1.0" 200 236 "-" "Bitrix24 Webhook Engine"
109.126.128.84 - - [29/Jan/2025:07:54:49 +0300] "POST /public/payment/action.php HTTP/1.0" 301 397 "https://arendagrad.bitrix24shop.ru/" "Mozilla/5.0 (Linux; Android 10; K) AppleWebKit/537.36 (KHTML, like Gecko) SamsungBrowser/27.0 Chrome/125.0.0.0 Mobile Safari/537.36"
158.160.84.45 - - [29/Jan/2025:07:55:00 +0300] "POST /realtycalendar/action-callback.php?bitrix24=panthouse8.bitrix24.ru HTTP/1.0" 500 170 "-" "-"
158.160.84.45 - - [29/Jan/2025:07:55:05 +0300] "POST /realtycalendar/action-callback.php?bitrix24=apartunit.bitrix24.ru HTTP/1.0" 200 180 "-" "-"
195.208.184.200 - - [29/Jan/2025:07:54:51 +0300] "POST /bp/wolfdigits_bp.php?DOMAIN=comforthome.bitrix24.ru&PROTOCOL=1&LANG=ru&APP_SID=7d6fa3cae2feb232579d2145310e7cf9 HTTP/1.0" 200 236 "-" "Bitrix24 Webhook Engine"
158.160.84.45 - - [29/Jan/2025:07:55:16 +0300] "POST /realtycalendar/action-callback.php?bitrix24=apartunit.bitrix24.ru HTTP/1.0" 200 180 "-" "-"
89.208.228.219 - - [29/Jan/2025:07:55:06 +0300] "POST /bp/wolfdigits_bp.php?DOMAIN=comforthome.bitrix24.ru&PROTOCOL=1&LANG=ru&APP_SID=7d6fa3cae2feb232579d2145310e7cf9 HTTP/1.0" 200 236 "-" "Bitrix24 Webhook Engine"
91.218.132.2 - - [29/Jan/2025:07:55:29 +0300] "POST /public/payment/action-callback.php?domain=arendagrad.bitrix24.ru HTTP/1.0" 200 236 "-" "HTTP Client"
91.218.132.2 - - [29/Jan/2025:07:55:29 +0300] "POST /public/payment/action-callback.php?domain=arendagrad.bitrix24.ru HTTP/1.0" 200 236 "-" "HTTP Client"
109.126.128.84 - - [29/Jan/2025:07:55:30 +0300] "GET /payment/action.php?paymentId=20338&paySystemId=40&domain=arendagrad.bitrix24.ru HTTP/1.0" 302 664 "https://securepayments.tinkoff.ru/" "Mozilla/5.0 (Linux; Android 10; K) AppleWebKit/537.36 (KHTML, like Gecko) SamsungBrowser/27.0 Chrome/125.0.0.0 Mobile Safari/537.36"
195.208.184.34 - - [29/Jan/2025:07:55:22 +0300] "POST /bp/wolfdigits_bp.php?DOMAIN=comforthome.bitrix24.ru&PROTOCOL=1&LANG=ru&APP_SID=7d6fa3cae2feb232579d2145310e7cf9 HTTP/1.0" 200 236 "-" "Bitrix24 Webhook Engine"
89.208.230.2 - - [29/Jan/2025:07:55:37 +0300] "POST /bp/wolfdigits_bp.php?DOMAIN=comforthome.bitrix24.ru&PROTOCOL=1&LANG=ru&APP_SID=7d6fa3cae2feb232579d2145310e7cf9 HTTP/1.0" 200 236 "-" "Bitrix24 Webhook Engine"
89.208.228.219 - - [29/Jan/2025:07:55:52 +0300] "POST /bp/wolfdigits_bp.php?DOMAIN=comforthome.bitrix24.ru&PROTOCOL=1&LANG=ru&APP_SID=7d6fa3cae2feb232579d2145310e7cf9 HTTP/1.0" 200 236 "-" "Bitrix24 Webhook Engine"
89.208.228.219 - - [29/Jan/2025:07:56:08 +0300] "POST /bp/wolfdigits_bp.php?DOMAIN=comforthome.bitrix24.ru&PROTOCOL=1&LANG=ru&APP_SID=7d6fa3cae2feb232579d2145310e7cf9 HTTP/1.0" 200 236 "-" "Bitrix24 Webhook Engine"
158.160.84.45 - - [29/Jan/2025:07:56:28 +0300] "POST /realtycalendar/action-callback.php?bitrix24=panthouse8.bitrix24.ru HTTP/1.0" 200 180 "-" "-"
213.87.146.2 - - [29/Jan/2025:07:56:27 +0300] "POST /public/payment/action.php HTTP/1.0" 301 397 "https://comforthome.bitrix24shop.ru/" "Mozilla/5.0 (iPhone; CPU iPhone OS 18_1_1 like Mac OS X) AppleWebKit/605.1.15 (KHTML, like Gecko) Version/18.1.1 Mobile/15E148 Safari/604.1"
195.208.184.34 - - [29/Jan/2025:07:56:23 +0300] "POST /bp/wolfdigits_bp.php?DOMAIN=comforthome.bitrix24.ru&PROTOCOL=1&LANG=ru&APP_SID=7d6fa3cae2feb232579d2145310e7cf9 HTTP/1.0" 200 236 "-" "Bitrix24 Webhook Engine"
195.208.184.34 - - [29/Jan/2025:07:56:39 +0300] "POST /bp/wolfdigits_bp.php?DOMAIN=comforthome.bitrix24.ru&PROTOCOL=1&LANG=ru&APP_SID=7d6fa3cae2feb232579d2145310e7cf9 HTTP/1.0" 200 236 "-" "Bitrix24 Webhook Engine"
89.208.228.219 - - [29/Jan/2025:07:56:54 +0300] "POST /bp/wolfdigits_bp.php?DOMAIN=comforthome.bitrix24.ru&PROTOCOL=1&LANG=ru&APP_SID=7d6fa3cae2feb232579d2145310e7cf9 HTTP/1.0" 200 236 "-" "Bitrix24 Webhook Engine"
195.208.184.34 - - [29/Jan/2025:07:57:10 +0300] "POST /bp/wolfdigits_bp.php?DOMAIN=comforthome.bitrix24.ru&PROTOCOL=1&LANG=ru&APP_SID=7d6fa3cae2feb232579d2145310e7cf9 HTTP/1.0" 200 236 "-" "Bitrix24 Webhook Engine"
158.160.84.45 - - [29/Jan/2025:07:57:28 +0300] "POST /realtycalendar/action-callback.php?bitrix24=apartunit.bitrix24.ru HTTP/1.0" 200 176 "-" "-"
109.126.128.84 - - [29/Jan/2025:07:57:28 +0300] "POST /public/payment/action.php HTTP/1.0" 301 607 "https://arendagrad.bitrix24shop.ru/" "Mozilla/5.0 (Linux; Android 10; K) AppleWebKit/537.36 (KHTML, like Gecko) SamsungBrowser/27.0 Chrome/125.0.0.0 Mobile Safari/537.36"
158.160.84.45 - - [29/Jan/2025:07:57:29 +0300] "POST /realtycalendar/action-callback.php?bitrix24=apartunit.bitrix24.ru HTTP/1.0" 200 180 "-" "-"
89.208.228.219 - - [29/Jan/2025:07:57:26 +0300] "POST /bp/wolfdigits_bp.php?DOMAIN=comforthome.bitrix24.ru&PROTOCOL=1&LANG=ru&APP_SID=7d6fa3cae2feb232579d2145310e7cf9 HTTP/1.0" 200 236 "-" "Bitrix24 Webhook Engine"
195.208.184.34 - - [29/Jan/2025:07:57:41 +0300] "POST /bp/wolfdigits_bp.php?DOMAIN=comforthome.bitrix24.ru&PROTOCOL=1&LANG=ru&APP_SID=7d6fa3cae2feb232579d2145310e7cf9 HTTP/1.0" 200 236 "-" "Bitrix24 Webhook Engine"
195.208.184.34 - - [29/Jan/2025:07:57:56 +0300] "POST /bp/wolfdigits_bp.php?DOMAIN=comforthome.bitrix24.ru&PROTOCOL=1&LANG=ru&APP_SID=7d6fa3cae2feb232579d2145310e7cf9 HTTP/1.0" 200 236 "-" "Bitrix24 Webhook Engine"
91.218.132.2 - - [29/Jan/2025:07:58:12 +0300] "POST /public/payment/action-callback.php?domain=comforthome.bitrix24.ru HTTP/1.0" 200 236 "-" "HTTP Client"
213.87.146.2 - - [29/Jan/2025:07:58:12 +0300] "GET /payment/action.php?paymentId=5443&paySystemId=17&domain=comforthome.bitrix24.ru HTTP/1.0" 302 343 "https://securepayments.tinkoff.ru/" "Mozilla/5.0 (iPhone; CPU iPhone OS 18_1_1 like Mac OS X) AppleWebKit/605.1.15 (KHTML, like Gecko) Version/18.1.1 Mobile/15E148 Safari/604.1"
62.76.205.129 - - [29/Jan/2025:07:58:22 +0300] "GET /public/payment/action-callback.php?domain=arendagrad.bitrix24.ru&orderNumber=16928%2F2-6&mdOrder=04dc38b0-da0e-765f-959c-402900b32483&operation=approved&status=1 HTTP/1.0" 200 236 "-" "Chrome/80.0.3987.116"
109.126.128.84 - - [29/Jan/2025:07:58:21 +0300] "GET /payment/action.php?paymentId=20346&paySystemId=36&domain=arendagrad.bitrix24.ru&orderId=04dc38b0-da0e-765f-959c-402900b32483&lang=ru HTTP/1.0" 302 385 "https://acs1.sbrf.ru/" "Mozilla/5.0 (Linux; Android 10; K) AppleWebKit/537.36 (KHTML, like Gecko) SamsungBrowser/27.0 Chrome/125.0.0.0 Mobile Safari/537.36"
89.208.228.219 - - [29/Jan/2025:07:58:12 +0300] "POST /bp/wolfdigits_bp.php?DOMAIN=comforthome.bitrix24.ru&PROTOCOL=1&LANG=ru&APP_SID=7d6fa3cae2feb232579d2145310e7cf9 HTTP/1.0" 200 236 "-" "Bitrix24 Webhook Engine"
188.65.244.151 - - [29/Jan/2025:07:58:25 +0300] "POST /public/payment/action.php HTTP/1.0" 301 607 "https://b24-xl3way.bitrix24shop.ru/" "Mozilla/5.0 (Linux; Android 10; K) AppleWebKit/537.36 (KHTML, like Gecko) Chrome/132.0.0.0 Mobile Safari/537.36"
195.208.184.200 - - [29/Jan/2025:07:58:27 +0300] "POST /bp/wolfdigits_bp.php?DOMAIN=comforthome.bitrix24.ru&PROTOCOL=1&LANG=ru&APP_SID=7d6fa3cae2feb232579d2145310e7cf9 HTTP/1.0" 200 236 "-" "Bitrix24 Webhook Engine"
62.76.205.129 - - [29/Jan/2025:07:58:52 +0300] "GET /public/payment/action-callback.php?domain=9nights.bitrix24.ru&orderNumber=6568%2F2-2&sign_alias=merchantCallbackKeyPair&checksum=0832308FAAC7E8CC7AC24D903D3D32B77F73ABAA4F1557B95DB028BBAD405398AB9A3713CDCD1B186357E4AAF5BD2855B828D3AE33669C825AD3F295F54F516A98D11CB8F73EFFBB24B0E8B6481E6608B7E9DAF430EE31FD3A7AECF91EADE6154BA917FD434E7208717DB23501DBD2D77A6E795424DBE42AA23A43652242E4694EBAC19D9C292F0787F2BEA381E1DDCB98D917E438124805CA108C40FD42885E629BDE46C8C5D0D3A1F66D078C43E1532492516C06AFC17915E8AABD86F7247C9C4A3BC2BE3E0ABCEBEBB3E6338929A492953DDEBA1129B56ED6825A1250E1826F50D689D810A0C3FBF1F92438A932AB48E75976D9E6E97AE5DB9934F3E313C5&mdOrder=04dc3985-dbbe-7b59-9a99-118900bdd4f6&operation=deposited&status=1 HTTP/1.0" 200 236 "-" "Chrome/80.0.3987.116"
195.208.184.200 - - [29/Jan/2025:07:58:43 +0300] "POST /bp/wolfdigits_bp.php?DOMAIN=comforthome.bitrix24.ru&PROTOCOL=1&LANG=ru&APP_SID=7d6fa3cae2feb232579d2145310e7cf9 HTTP/1.0" 200 236 "-" "Bitrix24 Webhook Engine"
158.160.84.45 - - [29/Jan/2025:07:58:58 +0300] "POST /realtycalendar/action-callback.php?bitrix24=apartunit.bitrix24.ru HTTP/1.0" 200 180 "-" "-"
195.208.184.34 - - [29/Jan/2025:07:58:58 +0300] "POST /bp/wolfdigits_bp.php?DOMAIN=comforthome.bitrix24.ru&PROTOCOL=1&LANG=ru&APP_SID=7d6fa3cae2feb232579d2145310e7cf9 HTTP/1.0" 200 236 "-" "Bitrix24 Webhook Engine"
188.65.244.151 - - [29/Jan/2025:07:59:19 +0300] "POST /public/payment/action.php HTTP/1.0" 301 607 "https://b24-xl3way.bitrix24shop.ru/" "Mozilla/5.0 (Linux; Android 10; K) AppleWebKit/537.36 (KHTML, like Gecko) Chrome/132.0.0.0 Mobile Safari/537.36"
89.208.230.2 - - [29/Jan/2025:07:59:13 +0300] "POST /bp/wolfdigits_bp.php?DOMAIN=comforthome.bitrix24.ru&PROTOCOL=1&LANG=ru&APP_SID=7d6fa3cae2feb232579d2145310e7cf9 HTTP/1.0" 200 236 "-" "Bitrix24 Webhook Engine"
195.208.184.200 - - [29/Jan/2025:07:59:29 +0300] "POST /bp/wolfdigits_bp.php?DOMAIN=comforthome.bitrix24.ru&PROTOCOL=1&LANG=ru&APP_SID=7d6fa3cae2feb232579d2145310e7cf9 HTTP/1.0" 200 236 "-" "Bitrix24 Webhook Engine"
188.65.244.151 - - [29/Jan/2025:07:59:51 +0300] "GET /payment/action.php?paymentId=13822&paySystemId=30&domain=9nights.bitrix24.ru&orderId=04dc3a4c-1b28-74b9-9083-293800bdd4f7&lang=ru HTTP/1.0" 302 316 "https://acs1.sbrf.ru/" "Mozilla/5.0 (Linux; Android 10; K) AppleWebKit/537.36 (KHTML, like Gecko) Chrome/132.0.0.0 Mobile Safari/537.36"
62.76.205.129 - - [29/Jan/2025:07:59:52 +0300] "GET /public/payment/action-callback.php?domain=9nights.bitrix24.ru&orderNumber=6568%2F3-5&sign_alias=merchantCallbackKeyPair&checksum=3559C029D7038CB7512A0E2A2D831D71089F09DD42A06A1C4C248098483C7A394260C3046CE636C4C1A7144AC0C25F7BBB7BF60F851CF7FE1FFE9957F261C7EAAA3F865545AA4F665E9120789609FB51026F42E88507EB937F2CFC1DE099E9F6D981044841376A6472981C61D10EC650F9A15D77A21EDC1034E469A0517CE36325E1CB6D2B1B2E97239333AF89AFD57203945902D51533BB7C95407586286B40E2FA0E6CD86335089EB4DE0AA7A64942B3356E7F432C5607E704C594800C5C6C85F3CD37E6C1B86F2BC727894F21C22A57B2B6B2634D6E5367D97091956E229D79C4CFEB850E87E8E86B5522FC4BC22B8B45011A2DDE361B06495E4D1289C8A6&mdOrder=04dc3a4c-1b28-74b9-9083-293800bdd4f7&operation=approved&status=1 HTTP/1.0" 200 236 "-" "Chrome/80.0.3987.116"
89.208.230.2 - - [29/Jan/2025:07:59:44 +0300] "POST /bp/wolfdigits_bp.php?DOMAIN=comforthome.bitrix24.ru&PROTOCOL=1&LANG=ru&APP_SID=7d6fa3cae2feb232579d2145310e7cf9 HTTP/1.0" 200 236 "-" "Bitrix24 Webhook Engine"
89.208.228.219 - - [29/Jan/2025:08:00:00 +0300] "POST /bp/wolfdigits_bp.php?DOMAIN=comforthome.bitrix24.ru&PROTOCOL=1&LANG=ru&APP_SID=7d6fa3cae2feb232579d2145310e7cf9 HTTP/1.0" 200 236 "-" "Bitrix24 Webhook Engine"
5.249.134.108 - - [29/Jan/2025:08:00:20 +0300] "POST /octorate/action-callback.php HTTP/1.0" 200 294 "-" "Java/11.0.18"
5.249.134.108 - - [29/Jan/2025:08:00:20 +0300] "POST /octorate/action-callback.php HTTP/1.0" 200 294 "-" "Java/11.0.18"
5.249.134.108 - - [29/Jan/2025:08:00:20 +0300] "POST /octorate/action-callback.php HTTP/1.0" 200 294 "-" "Java/11.0.18"
5.249.134.108 - - [29/Jan/2025:08:00:20 +0300] "POST /octorate/action-callback.php HTTP/1.0" 200 294 "-" "Java/11.0.18"
5.249.134.108 - - [29/Jan/2025:08:00:20 +0300] "POST /octorate/action-callback.php HTTP/1.0" 200 294 "-" "Java/11.0.18"
5.249.134.108 - - [29/Jan/2025:08:00:20 +0300] "POST /octorate/action-callback.php HTTP/1.0" 200 294 "-" "Java/11.0.18"
5.249.134.108 - - [29/Jan/2025:08:00:20 +0300] "POST /octorate/action-callback.php HTTP/1.0" 200 294 "-" "Java/11.0.18"
89.208.228.219 - - [29/Jan/2025:08:00:15 +0300] "POST /bp/wolfdigits_bp.php?DOMAIN=comforthome.bitrix24.ru&PROTOCOL=1&LANG=ru&APP_SID=7d6fa3cae2feb232579d2145310e7cf9 HTTP/1.0" 200 236 "-" "Bitrix24 Webhook Engine"
89.208.230.2 - - [29/Jan/2025:08:00:31 +0300] "POST /bp/wolfdigits_bp.php?DOMAIN=comforthome.bitrix24.ru&PROTOCOL=1&LANG=ru&APP_SID=7d6fa3cae2feb232579d2145310e7cf9 HTTP/1.0" 200 236 "-" "Bitrix24 Webhook Engine"
89.208.228.219 - - [29/Jan/2025:08:00:42 +0300] "POST /public/ttlock/action-bp-code.php HTTP/1.0" 200 238 "-" "Bitrix24 Webhook Engine"
89.208.228.219 - - [29/Jan/2025:08:00:42 +0300] "POST /bp/wolfdigits_bp.php?DOMAIN=asap.bitrix24.ru&PROTOCOL=1&LANG=ru&APP_SID=8ff66bf66a852266b5cfb8ceeb33104e HTTP/1.0" 200 236 "-" "Bitrix24 Webhook Engine"
195.208.184.200 - - [29/Jan/2025:08:00:46 +0300] "POST /bp/wolfdigits_bp.php?DOMAIN=comforthome.bitrix24.ru&PROTOCOL=1&LANG=ru&APP_SID=7d6fa3cae2feb232579d2145310e7cf9 HTTP/1.0" 200 236 "-" "Bitrix24 Webhook Engine"
195.208.184.34 - - [29/Jan/2025:08:00:57 +0300] "POST /public/ttlock/action-bp-code.php HTTP/1.0" 200 238 "-" "Bitrix24 Webhook Engine"
89.208.228.219 - - [29/Jan/2025:08:01:02 +0300] "POST /bp/wolfdigits_bp.php?DOMAIN=comforthome.bitrix24.ru&PROTOCOL=1&LANG=ru&APP_SID=7d6fa3cae2feb232579d2145310e7cf9 HTTP/1.0" 200 236 "-" "Bitrix24 Webhook Engine"
158.160.84.45 - - [29/Jan/2025:08:01:17 +0300] "POST /realtycalendar/action-callback.php?bitrix24=sutochno24.bitrix24.ru HTTP/1.0" 200 176 "-" "-"
195.208.184.34 - - [29/Jan/2025:08:01:17 +0300] "POST /bp/wolfdigits_bp.php?DOMAIN=comforthome.bitrix24.ru&PROTOCOL=1&LANG=ru&APP_SID=7d6fa3cae2feb232579d2145310e7cf9 HTTP/1.0" 200 236 "-" "Bitrix24 Webhook Engine"
89.208.228.219 - - [29/Jan/2025:08:01:32 +0300] "POST /bp/wolfdigits_bp.php?DOMAIN=comforthome.bitrix24.ru&PROTOCOL=1&LANG=ru&APP_SID=7d6fa3cae2feb232579d2145310e7cf9 HTTP/1.0" 200 236 "-" "Bitrix24 Webhook Engine"
89.208.228.219 - - [29/Jan/2025:08:01:48 +0300] "POST /bp/wolfdigits_bp.php?DOMAIN=comforthome.bitrix24.ru&PROTOCOL=1&LANG=ru&APP_SID=7d6fa3cae2feb232579d2145310e7cf9 HTTP/1.0" 200 236 "-" "Bitrix24 Webhook Engine"
195.208.184.200 - - [29/Jan/2025:08:02:03 +0300] "POST /bp/wolfdigits_bp.php?DOMAIN=comforthome.bitrix24.ru&PROTOCOL=1&LANG=ru&APP_SID=7d6fa3cae2feb232579d2145310e7cf9 HTTP/1.0" 200 236 "-" "Bitrix24 Webhook Engine"
5.249.134.108 - - [29/Jan/2025:08:02:20 +0300] "POST /octorate/action-callback.php HTTP/1.0" 200 294 "-" "Java/11.0.18"
89.208.228.219 - - [29/Jan/2025:08:01:19 +0300] "POST /bp/wolfdigits_bp.php?DOMAIN=sutochno24.bitrix24.ru&PROTOCOL=1&LANG=ru&APP_SID=755fd32a25a04818d581add94d696168 HTTP/1.0" 200 236 "-" "Bitrix24 Webhook Engine"
195.208.184.34 - - [29/Jan/2025:08:02:19 +0300] "POST /bp/wolfdigits_bp.php?DOMAIN=comforthome.bitrix24.ru&PROTOCOL=1&LANG=ru&APP_SID=7d6fa3cae2feb232579d2145310e7cf9 HTTP/1.0" 200 236 "-" "Bitrix24 Webhook Engine"
158.160.84.45 - - [29/Jan/2025:08:02:35 +0300] "POST /realtycalendar/action-callback.php?bitrix24=apartunit.bitrix24.ru HTTP/1.0" 200 176 "-" "-"
158.160.84.45 - - [29/Jan/2025:08:02:38 +0300] "POST /realtycalendar/action-callback.php?bitrix24=apartunit.bitrix24.ru HTTP/1.0" 200 176 "-" "-"
158.160.84.45 - - [29/Jan/2025:08:02:42 +0300] "POST /realtycalendar/action-callback.php?bitrix24=arendagrad.bitrix24.ru HTTP/1.0" 200 176 "-" "-"
89.208.228.219 - - [29/Jan/2025:08:02:34 +0300] "POST /bp/wolfdigits_bp.php?DOMAIN=comforthome.bitrix24.ru&PROTOCOL=1&LANG=ru&APP_SID=7d6fa3cae2feb232579d2145310e7cf9 HTTP/1.0" 200 236 "-" "Bitrix24 Webhook Engine"
195.208.184.200 - - [29/Jan/2025:08:02:50 +0300] "POST /bp/wolfdigits_bp.php?DOMAIN=comforthome.bitrix24.ru&PROTOCOL=1&LANG=ru&APP_SID=7d6fa3cae2feb232579d2145310e7cf9 HTTP/1.0" 200 236 "-" "Bitrix24 Webhook Engine"
195.208.184.34 - - [29/Jan/2025:08:03:05 +0300] "POST /bp/wolfdigits_bp.php?DOMAIN=comforthome.bitrix24.ru&PROTOCOL=1&LANG=ru&APP_SID=7d6fa3cae2feb232579d2145310e7cf9 HTTP/1.0" 200 236 "-" "Bitrix24 Webhook Engine"
89.208.228.219 - - [29/Jan/2025:08:03:21 +0300] "POST /bp/wolfdigits_bp.php?DOMAIN=comforthome.bitrix24.ru&PROTOCOL=1&LANG=ru&APP_SID=7d6fa3cae2feb232579d2145310e7cf9 HTTP/1.0" 200 236 "-" "Bitrix24 Webhook Engine"
158.160.84.45 - - [29/Jan/2025:08:03:46 +0300] "POST /realtycalendar/action-callback.php?bitrix24=apartunit.bitrix24.ru HTTP/1.0" 200 176 "-" "-"
89.208.230.2 - - [29/Jan/2025:08:03:36 +0300] "POST /bp/wolfdigits_bp.php?DOMAIN=comforthome.bitrix24.ru&PROTOCOL=1&LANG=ru&APP_SID=7d6fa3cae2feb232579d2145310e7cf9 HTTP/1.0" 200 236 "-" "Bitrix24 Webhook Engine"
89.208.228.219 - - [29/Jan/2025:08:03:52 +0300] "POST /bp/wolfdigits_bp.php?DOMAIN=comforthome.bitrix24.ru&PROTOCOL=1&LANG=ru&APP_SID=7d6fa3cae2feb232579d2145310e7cf9 HTTP/1.0" 200 236 "-" "Bitrix24 Webhook Engine"
158.160.84.45 - - [29/Jan/2025:08:04:07 +0300] "POST /realtycalendar/action-callback.php?bitrix24=kak-do-ma.bitrix24.ru HTTP/1.0" 200 176 "-" "-"
85.140.18.245 - - [29/Jan/2025:08:04:11 +0300] "POST /public/payment/action.php HTTP/1.0" 301 397 "https://b24-z32ch3.bitrix24shop.ru/" "Mozilla/5.0 (iPhone; CPU iPhone OS 16_7 like Mac OS X) AppleWebKit/605.1.15 (KHTML, like Gecko) Version/16.0 YaBrowser/24.12.5.932.10 SA/3 Mobile/15E148 Safari/604.1"
158.160.84.45 - - [29/Jan/2025:08:04:13 +0300] "POST /realtycalendar/action-callback.php?bitrix24=comforthome.bitrix24.ru HTTP/1.0" 200 176 "-" "-"
5.249.134.108 - - [29/Jan/2025:08:04:20 +0300] "POST /octorate/action-callback.php HTTP/1.0" 200 294 "-" "Java/11.0.18"
89.208.228.219 - - [29/Jan/2025:08:04:07 +0300] "POST /bp/wolfdigits_bp.php?DOMAIN=comforthome.bitrix24.ru&PROTOCOL=1&LANG=ru&APP_SID=7d6fa3cae2feb232579d2145310e7cf9 HTTP/1.0" 200 236 "-" "Bitrix24 Webhook Engine"
89.208.230.2 - - [29/Jan/2025:08:04:23 +0300] "POST /bp/wolfdigits_bp.php?DOMAIN=comforthome.bitrix24.ru&PROTOCOL=1&LANG=ru&APP_SID=7d6fa3cae2feb232579d2145310e7cf9 HTTP/1.0" 200 236 "-" "Bitrix24 Webhook Engine"
158.160.84.45 - - [29/Jan/2025:08:04:40 +0300] "POST /realtycalendar/action-callback.php?bitrix24=kak-do-ma.bitrix24.ru HTTP/1.0" 200 176 "-" "-"
89.208.230.2 - - [29/Jan/2025:08:04:38 +0300] "POST /bp/wolfdigits_bp.php?DOMAIN=comforthome.bitrix24.ru&PROTOCOL=1&LANG=ru&APP_SID=7d6fa3cae2feb232579d2145310e7cf9 HTTP/1.0" 200 236 "-" "Bitrix24 Webhook Engine"
212.233.80.7 - - [29/Jan/2025:08:04:53 +0300] "POST /public/payment/action-callback.php?domain=apartunit.bitrix24.ru HTTP/1.0" 200 236 "-" "HTTP Client"
212.233.80.7 - - [29/Jan/2025:08:04:54 +0300] "POST /public/payment/action-callback.php?domain=apartunit.bitrix24.ru HTTP/1.0" 200 236 "-" "HTTP Client"
85.140.18.245 - - [29/Jan/2025:08:04:56 +0300] "GET /payment/action.php?paymentId=4379&paySystemId=15&domain=apartunit.bitrix24.ru HTTP/1.0" 302 658 "https://securepayments.tinkoff.ru/" "Mozilla/5.0 (iPhone; CPU iPhone OS 16_7 like Mac OS X) AppleWebKit/605.1.15 (KHTML, like Gecko) Version/16.0 YaBrowser/24.12.5.932.10 SA/3 Mobile/15E148 Safari/604.1"
89.208.228.219 - - [29/Jan/2025:08:04:54 +0300] "POST /bp/wolfdigits_bp.php?DOMAIN=comforthome.bitrix24.ru&PROTOCOL=1&LANG=ru&APP_SID=7d6fa3cae2feb232579d2145310e7cf9 HTTP/1.0" 200 236 "-" "Bitrix24 Webhook Engine"
158.160.84.45 - - [29/Jan/2025:08:05:08 +0300] "POST /realtycalendar/action-callback.php?bitrix24=kak-do-ma.bitrix24.ru HTTP/1.0" 200 176 "-" "-"
195.208.184.200 - - [29/Jan/2025:08:05:09 +0300] "POST /bp/wolfdigits_bp.php?DOMAIN=comforthome.bitrix24.ru&PROTOCOL=1&LANG=ru&APP_SID=7d6fa3cae2feb232579d2145310e7cf9 HTTP/1.0" 200 236 "-" "Bitrix24 Webhook Engine"
176.59.208.12 - - [29/Jan/2025:08:05:23 +0300] "POST /public/payment/action.php HTTP/1.0" 301 397 "https://b24-i4di1v.bitrix24shop.ru/" "Mozilla/5.0 (Linux; Android 10; K) AppleWebKit/537.36 (KHTML, like Gecko) SamsungBrowser/27.0 Chrome/125.0.0.0 Mobile Safari/537.36"
89.208.228.219 - - [29/Jan/2025:08:05:24 +0300] "POST /bp/wolfdigits_bp.php?DOMAIN=comforthome.bitrix24.ru&PROTOCOL=1&LANG=ru&APP_SID=7d6fa3cae2feb232579d2145310e7cf9 HTTP/1.0" 200 236 "-" "Bitrix24 Webhook Engine"
158.160.84.45 - - [29/Jan/2025:08:05:51 +0300] "POST /realtycalendar/action-callback.php?bitrix24=arendagrad.bitrix24.ru HTTP/1.0" 200 176 "-" "-"
89.208.230.2 - - [29/Jan/2025:08:05:40 +0300] "POST /bp/wolfdigits_bp.php?DOMAIN=comforthome.bitrix24.ru&PROTOCOL=1&LANG=ru&APP_SID=7d6fa3cae2feb232579d2145310e7cf9 HTTP/1.0" 200 236 "-" "Bitrix24 Webhook Engine"
89.208.230.2 - - [29/Jan/2025:08:05:55 +0300] "POST /bp/wolfdigits_bp.php?DOMAIN=comforthome.bitrix24.ru&PROTOCOL=1&LANG=ru&APP_SID=7d6fa3cae2feb232579d2145310e7cf9 HTTP/1.0" 200 236 "-" "Bitrix24 Webhook Engine"
158.160.84.45 - - [29/Jan/2025:08:06:24 +0300] "POST /realtycalendar/action-callback.php?bitrix24=sutochno24.bitrix24.ru HTTP/1.0" 200 180 "-" "-"
195.208.184.200 - - [29/Jan/2025:08:06:11 +0300] "POST /bp/wolfdigits_bp.php?DOMAIN=comforthome.bitrix24.ru&PROTOCOL=1&LANG=ru&APP_SID=7d6fa3cae2feb232579d2145310e7cf9 HTTP/1.0" 200 236 "-" "Bitrix24 Webhook Engine"
195.208.184.34 - - [29/Jan/2025:08:06:26 +0300] "POST /bp/wolfdigits_bp.php?DOMAIN=comforthome.bitrix24.ru&PROTOCOL=1&LANG=ru&APP_SID=7d6fa3cae2feb232579d2145310e7cf9 HTTP/1.0" 200 236 "-" "Bitrix24 Webhook Engine"
89.208.228.219 - - [29/Jan/2025:08:06:42 +0300] "POST /bp/wolfdigits_bp.php?DOMAIN=comforthome.bitrix24.ru&PROTOCOL=1&LANG=ru&APP_SID=7d6fa3cae2feb232579d2145310e7cf9 HTTP/1.0" 200 236 "-" "Bitrix24 Webhook Engine"
89.208.230.2 - - [29/Jan/2025:08:06:57 +0300] "POST /bp/wolfdigits_bp.php?DOMAIN=comforthome.bitrix24.ru&PROTOCOL=1&LANG=ru&APP_SID=7d6fa3cae2feb232579d2145310e7cf9 HTTP/1.0" 200 236 "-" "Bitrix24 Webhook Engine"
158.160.84.45 - - [29/Jan/2025:08:07:15 +0300] "POST /realtycalendar/action-callback.php?bitrix24=helloapartment.bitrix24.ru HTTP/1.0" 200 176 "-" "-"
195.208.184.200 - - [29/Jan/2025:08:07:12 +0300] "POST /bp/wolfdigits_bp.php?DOMAIN=comforthome.bitrix24.ru&PROTOCOL=1&LANG=ru&APP_SID=7d6fa3cae2feb232579d2145310e7cf9 HTTP/1.0" 200 236 "-" "Bitrix24 Webhook Engine"
195.208.184.34 - - [29/Jan/2025:08:07:28 +0300] "POST /bp/wolfdigits_bp.php?DOMAIN=comforthome.bitrix24.ru&PROTOCOL=1&LANG=ru&APP_SID=7d6fa3cae2feb232579d2145310e7cf9 HTTP/1.0" 200 236 "-" "Bitrix24 Webhook Engine"
185.189.19.251 - - [29/Jan/2025:08:07:44 +0300] "POST /public/payment/action.php HTTP/1.0" 301 607 "https://okeybook.bitrix24shop.ru/" "Mozilla/5.0 (iPhone; CPU iPhone OS 18_1_1 like Mac OS X) AppleWebKit/605.1.15 (KHTML, like Gecko) Version/18.1.1 Mobile/15E148 Safari/604.1"
158.160.84.45 - - [29/Jan/2025:08:07:48 +0300] "POST /realtycalendar/action-callback.php?bitrix24=apartunit.bitrix24.ru HTTP/1.0" 200 176 "-" "-"
158.160.84.45 - - [29/Jan/2025:08:07:52 +0300] "POST /realtycalendar/action-callback.php?bitrix24=homelike.bitrix24.ru HTTP/1.0" 200 176 "-" "-"
158.160.84.45 - - [29/Jan/2025:08:07:57 +0300] "POST /realtycalendar/action-callback.php?bitrix24=apartunit.bitrix24.ru HTTP/1.0" 200 176 "-" "-"
89.208.230.2 - - [29/Jan/2025:08:07:43 +0300] "POST /bp/wolfdigits_bp.php?DOMAIN=helloapartment.bitrix24.ru&PROTOCOL=1&LANG=ru&APP_SID=8548d1f55386e30a78bdd54dfbf350fc HTTP/1.0" 200 236 "-" "Bitrix24 Webhook Engine"
195.208.184.34 - - [29/Jan/2025:08:07:44 +0300] "POST /bp/wolfdigits_bp.php?DOMAIN=comforthome.bitrix24.ru&PROTOCOL=1&LANG=ru&APP_SID=7d6fa3cae2feb232579d2145310e7cf9 HTTP/1.0" 200 236 "-" "Bitrix24 Webhook Engine"
62.76.205.129 - - [29/Jan/2025:08:08:02 +0300] "GET /public/payment/action-callback.php?domain=okeybook.bitrix24.ru&orderNumber=3811%2F1-6&sign_alias=merchantCallbackKeyPair&checksum=47FAFE8A6CF7CE7332DA2E654469249CB789C9B0E2AB87EB5BFA2D10B984430870D30D0E3B549CE24E99E70861382F20E6344B9C1D325CB3B07037BA1FCD1FB5BC62A4495339EF0498EF52D950904057206908D877A36BEC255230A093519F4462BDDC6B2431E5F70B5BDBEB8AB30EDDA08D9501FAE232E2AFB30B93DBA1FBE2F4742C635C66B9AE61CB695B40F3CA4CA457707138ADEEF11F1C1710CFDFEDCEE53B8BB149F977AFDF59CF6757ABAE24A30D3F8399D3A795676572BAD625D72F873A8D9E00DE443C74BCF7AFC139FA46FF18FDC48F6C6DD41C87CB1A4EFB6ED5D2BDE0C4ACC90CAD70E78169648FC58D8CDCE79DEB007B1D9AE7DB43E3C521B0&mdOrder=04dc41a5-5b86-7f25-8077-88a000bdd269&operation=deposited&status=1 HTTP/1.0" 200 236 "-" "Chrome/80.0.3987.116"
193.143.66.142 - - [29/Jan/2025:08:08:09 +0300] "POST /public/payment/action.php HTTP/1.0" 301 553 "https://b24-e2m0a2.bitrix24.shop/" "Mozilla/5.0 (Linux; arm_64; Android 14; SM-A546E) AppleWebKit/537.36 (KHTML, like Gecko) Chrome/130.0.6723.974 YaSearchBrowser/24.124.1 BroPP/1.0 YaSearchApp/24.124.1 webOmni SA/3 Mobile Safari/537.36"
185.189.19.251 - - [29/Jan/2025:08:08:09 +0300] "GET /payment/action.php?paymentId=7849&paySystemId=17&domain=okeybook.bitrix24.ru&orderId=04dc41a5-5b86-7f25-8077-88a000bdd269&lang=ru HTTP/1.0" 302 370 "-" "Mozilla/5.0 (iPhone; CPU iPhone OS 18_1_1 like Mac OS X) AppleWebKit/605.1.15 (KHTML, like Gecko) Version/18.1.1 Mobile/15E148 Safari/604.1"
195.208.184.200 - - [29/Jan/2025:08:07:59 +0300] "POST /bp/wolfdigits_bp.php?DOMAIN=comforthome.bitrix24.ru&PROTOCOL=1&LANG=ru&APP_SID=7d6fa3cae2feb232579d2145310e7cf9 HTTP/1.0" 200 236 "-" "Bitrix24 Webhook Engine"
158.160.84.45 - - [29/Jan/2025:08:08:15 +0300] "POST /realtycalendar/action-callback.php?bitrix24=apartunit.bitrix24.ru HTTP/1.0" 200 176 "-" "-"
80.83.234.172 - - [29/Jan/2025:08:08:25 +0300] "POST /public/payment/action.php HTTP/1.0" 301 607 "https://b24-5wc0a7.bitrix24.shop/" "Mozilla/5.0 (iPhone; CPU iPhone OS 18_1_1 like Mac OS X) AppleWebKit/605.1.15 (KHTML, like Gecko) Version/18.1.1 Mobile/15E148 Safari/604.1"
89.208.230.2 - - [29/Jan/2025:08:08:15 +0300] "POST /bp/wolfdigits_bp.php?DOMAIN=comforthome.bitrix24.ru&PROTOCOL=1&LANG=ru&APP_SID=7d6fa3cae2feb232579d2145310e7cf9 HTTP/1.0" 200 236 "-" "Bitrix24 Webhook Engine"
89.208.230.2 - - [29/Jan/2025:08:08:30 +0300] "POST /bp/wolfdigits_bp.php?DOMAIN=comforthome.bitrix24.ru&PROTOCOL=1&LANG=ru&APP_SID=7d6fa3cae2feb232579d2145310e7cf9 HTTP/1.0" 200 236 "-" "Bitrix24 Webhook Engine"
62.76.205.129 - - [29/Jan/2025:08:08:58 +0300] "GET /public/payment/action-callback.php?domain=tophouse.bitrix24.ru&orderNumber=6310%2F1-7&sign_alias=merchantCallbackKeyPair&checksum=06FB6D9F34ED0D2EA45A08AF5287FD9A957B6A6E1B10AA5DB61C9D310571D00E36F6DBFA160FDD1E0D2CE84AAC69FEA240E789ABF1ACC7F1C7C6A760ED32863E53491ACC27DC2493D0EB52A3E8CAEE99A92275AF63FAED75F9BDD450536AD7A873FE58161298F8F2E6B4733DE18E412A37E5F1192CF5930AB7084ABAC5449664344256E96875158036BDBFE4FD113A5E1DB196204799D775929A8C3CE58A603F18B0445EB0F75C236F70B6B802D213ED80A4CF5FB48F920AFB68CF16FC9476B1B8C21A3227009EBECC1FF266D8F41C0F262970B91881A4D9A6483F2C177A3FC0B43792C643933F0EB282CABA62D63CC9832505E9D6998EB609057F1ADC469A94&mdOrder=04dc423d-5a80-7c4f-8255-bcd5016df81d&operation=deposited&status=1 HTTP/1.0" 200 236 "-" "Chrome/80.0.3987.116"
89.208.228.219 - - [29/Jan/2025:08:08:46 +0300] "POST /bp/wolfdigits_bp.php?DOMAIN=comforthome.bitrix24.ru&PROTOCOL=1&LANG=ru&APP_SID=7d6fa3cae2feb232579d2145310e7cf9 HTTP/1.0" 200 236 "-" "Bitrix24 Webhook Engine"
77.75.154.206 - - [29/Jan/2025:08:09:00 +0300] "POST /public/payment/action-callback.php?domain=renthouse.bitrix24.ru HTTP/1.0" 200 172 "-" "AHC/2.1"
158.160.84.45 - - [29/Jan/2025:08:09:07 +0300] "POST /realtycalendar/action-callback.php?bitrix24=panthouse8.bitrix24.ru HTTP/1.0" 200 180 "-" "-"
89.208.228.219 - - [29/Jan/2025:08:09:01 +0300] "POST /bp/wolfdigits_bp.php?DOMAIN=comforthome.bitrix24.ru&PROTOCOL=1&LANG=ru&APP_SID=7d6fa3cae2feb232579d2145310e7cf9 HTTP/1.0" 200 236 "-" "Bitrix24 Webhook Engine"
158.160.84.45 - - [29/Jan/2025:08:09:21 +0300] "POST /realtycalendar/action-callback.php?bitrix24=arendagrad.bitrix24.ru HTTP/1.0" 200 176 "-" "-"
89.208.228.219 - - [29/Jan/2025:08:09:17 +0300] "POST /bp/wolfdigits_bp.php?DOMAIN=comforthome.bitrix24.ru&PROTOCOL=1&LANG=ru&APP_SID=7d6fa3cae2feb232579d2145310e7cf9 HTTP/1.0" 200 236 "-" "Bitrix24 Webhook Engine"
89.208.228.219 - - [29/Jan/2025:08:09:32 +0300] "POST /bp/wolfdigits_bp.php?DOMAIN=comforthome.bitrix24.ru&PROTOCOL=1&LANG=ru&APP_SID=7d6fa3cae2feb232579d2145310e7cf9 HTTP/1.0" 200 236 "-" "Bitrix24 Webhook Engine"
89.208.230.2 - - [29/Jan/2025:08:09:48 +0300] "POST /bp/wolfdigits_bp.php?DOMAIN=comforthome.bitrix24.ru&PROTOCOL=1&LANG=ru&APP_SID=7d6fa3cae2feb232579d2145310e7cf9 HTTP/1.0" 200 236 "-" "Bitrix24 Webhook Engine"
89.208.228.219 - - [29/Jan/2025:08:10:03 +0300] "POST /bp/wolfdigits_bp.php?DOMAIN=comforthome.bitrix24.ru&PROTOCOL=1&LANG=ru&APP_SID=7d6fa3cae2feb232579d2145310e7cf9 HTTP/1.0" 200 236 "-" "Bitrix24 Webhook Engine"
89.208.230.2 - - [29/Jan/2025:08:10:19 +0300] "POST /bp/wolfdigits_bp.php?DOMAIN=comforthome.bitrix24.ru&PROTOCOL=1&LANG=ru&APP_SID=7d6fa3cae2feb232579d2145310e7cf9 HTTP/1.0" 200 236 "-" "Bitrix24 Webhook Engine"
158.160.84.45 - - [29/Jan/2025:08:10:34 +0300] "POST /realtycalendar/action-callback.php?bitrix24=helloapartment.bitrix24.ru HTTP/1.0" 200 176 "-" "-"
195.208.184.34 - - [29/Jan/2025:08:10:35 +0300] "POST /bp/wolfdigits_bp.php?DOMAIN=comforthome.bitrix24.ru&PROTOCOL=1&LANG=ru&APP_SID=7d6fa3cae2feb232579d2145310e7cf9 HTTP/1.0" 200 236 "-" "Bitrix24 Webhook Engine"
158.160.84.45 - - [29/Jan/2025:08:11:00 +0300] "POST /realtycalendar/action-callback.php?bitrix24=posutochno50.bitrix24.ru HTTP/1.0" 200 180 "-" "-"
89.208.228.219 - - [29/Jan/2025:08:10:50 +0300] "POST /bp/wolfdigits_bp.php?DOMAIN=comforthome.bitrix24.ru&PROTOCOL=1&LANG=ru&APP_SID=7d6fa3cae2feb232579d2145310e7cf9 HTTP/1.0" 200 236 "-" "Bitrix24 Webhook Engine"
195.208.184.200 - - [29/Jan/2025:08:10:59 +0300] "POST /bp/wolfdigits_bp.php?DOMAIN=helloapartment.bitrix24.ru&PROTOCOL=1&LANG=ru&APP_SID=8548d1f55386e30a78bdd54dfbf350fc HTTP/1.0" 200 236 "-" "Bitrix24 Webhook Engine"
195.208.184.200 - - [29/Jan/2025:08:11:06 +0300] "POST /bp/wolfdigits_bp.php?DOMAIN=comforthome.bitrix24.ru&PROTOCOL=1&LANG=ru&APP_SID=7d6fa3cae2feb232579d2145310e7cf9 HTTP/1.0" 200 236 "-" "Bitrix24 Webhook Engine"
195.208.184.200 - - [29/Jan/2025:08:11:21 +0300] "POST /bp/wolfdigits_bp.php?DOMAIN=comforthome.bitrix24.ru&PROTOCOL=1&LANG=ru&APP_SID=7d6fa3cae2feb232579d2145310e7cf9 HTTP/1.0" 200 236 "-" "Bitrix24 Webhook Engine"
178.154.246.58 - - [29/Jan/2025:08:11:42 +0300] "POST /projects/cian/rentprofi.bitrix24.ru/service/webhook HTTP/1.0" 302 1509 "-" "Cian-chats-webhooks"
178.154.246.58 - - [29/Jan/2025:08:11:42 +0300] "POST /projects/cian/rentprofi/service/webhook HTTP/1.0" 302 1509 "-" "Cian-chats-webhooks"
178.154.246.58 - - [29/Jan/2025:08:11:42 +0300] "GET / HTTP/1.0" 200 5463 "-" "Cian-chats-webhooks"
178.154.246.58 - - [29/Jan/2025:08:11:42 +0300] "GET / HTTP/1.0" 200 5463 "-" "Cian-chats-webhooks"
158.160.84.45 - - [29/Jan/2025:08:11:45 +0300] "POST /realtycalendar/action-callback.php?bitrix24=sibirhouse.bitrix24.ru HTTP/1.0" 200 176 "-" "-"
195.208.184.34 - - [29/Jan/2025:08:11:36 +0300] "POST /bp/wolfdigits_bp.php?DOMAIN=comforthome.bitrix24.ru&PROTOCOL=1&LANG=ru&APP_SID=7d6fa3cae2feb232579d2145310e7cf9 HTTP/1.0" 200 236 "-" "Bitrix24 Webhook Engine"
89.208.230.2 - - [29/Jan/2025:08:11:52 +0300] "POST /bp/wolfdigits_bp.php?DOMAIN=comforthome.bitrix24.ru&PROTOCOL=1&LANG=ru&APP_SID=7d6fa3cae2feb232579d2145310e7cf9 HTTP/1.0" 200 236 "-" "Bitrix24 Webhook Engine"
195.208.184.200 - - [29/Jan/2025:08:12:07 +0300] "POST /bp/wolfdigits_bp.php?DOMAIN=comforthome.bitrix24.ru&PROTOCOL=1&LANG=ru&APP_SID=7d6fa3cae2feb232579d2145310e7cf9 HTTP/1.0" 200 236 "-" "Bitrix24 Webhook Engine"
195.208.184.200 - - [29/Jan/2025:08:12:23 +0300] "POST /bp/wolfdigits_bp.php?DOMAIN=comforthome.bitrix24.ru&PROTOCOL=1&LANG=ru&APP_SID=7d6fa3cae2feb232579d2145310e7cf9 HTTP/1.0" 200 236 "-" "Bitrix24 Webhook Engine"
195.208.184.34 - - [29/Jan/2025:08:12:38 +0300] "POST /bp/wolfdigits_bp.php?DOMAIN=comforthome.bitrix24.ru&PROTOCOL=1&LANG=ru&APP_SID=7d6fa3cae2feb232579d2145310e7cf9 HTTP/1.0" 200 236 "-" "Bitrix24 Webhook Engine"
89.208.230.2 - - [29/Jan/2025:08:12:54 +0300] "POST /bp/wolfdigits_bp.php?DOMAIN=comforthome.bitrix24.ru&PROTOCOL=1&LANG=ru&APP_SID=7d6fa3cae2feb232579d2145310e7cf9 HTTP/1.0" 200 236 "-" "Bitrix24 Webhook Engine"
195.208.184.34 - - [29/Jan/2025:08:13:09 +0300] "POST /bp/wolfdigits_bp.php?DOMAIN=comforthome.bitrix24.ru&PROTOCOL=1&LANG=ru&APP_SID=7d6fa3cae2feb232579d2145310e7cf9 HTTP/1.0" 200 236 "-" "Bitrix24 Webhook Engine"
158.160.84.45 - - [29/Jan/2025:08:13:35 +0300] "POST /realtycalendar/action-callback.php?bitrix24=kvartburo.bitrix24.ru HTTP/1.0" 200 176 "-" "-"
91.218.132.2 - - [29/Jan/2025:08:13:35 +0300] "POST /public/payment/action-callback.php?domain=goshrent.bitrix24.ru HTTP/1.0" 200 236 "-" "HTTP Client"
195.208.184.34 - - [29/Jan/2025:08:13:25 +0300] "POST /bp/wolfdigits_bp.php?DOMAIN=comforthome.bitrix24.ru&PROTOCOL=1&LANG=ru&APP_SID=7d6fa3cae2feb232579d2145310e7cf9 HTTP/1.0" 200 236 "-" "Bitrix24 Webhook Engine"
176.59.208.12 - - [29/Jan/2025:08:13:36 +0300] "GET /payment/action.php?paymentId=11451&paySystemId=17&domain=goshrent.bitrix24.ru HTTP/1.0" 302 313 "https://securepayments.tinkoff.ru/" "Mozilla/5.0 (Linux; Android 10; K) AppleWebKit/537.36 (KHTML, like Gecko) SamsungBrowser/27.0 Chrome/125.0.0.0 Mobile Safari/537.36"
158.160.84.45 - - [29/Jan/2025:08:13:50 +0300] "POST /realtycalendar/action-callback.php?bitrix24=arendagrad.bitrix24.ru HTTP/1.0" 200 176 "-" "-"
89.208.228.219 - - [29/Jan/2025:08:13:40 +0300] "POST /bp/wolfdigits_bp.php?DOMAIN=comforthome.bitrix24.ru&PROTOCOL=1&LANG=ru&APP_SID=7d6fa3cae2feb232579d2145310e7cf9 HTTP/1.0" 200 236 "-" "Bitrix24 Webhook Engine"
195.208.184.200 - - [29/Jan/2025:08:14:04 +0300] "POST /public/ttlock/action-bp-code.php HTTP/1.0" 200 238 "-" "Bitrix24 Webhook Engine"
89.208.230.2 - - [29/Jan/2025:08:13:56 +0300] "POST /bp/wolfdigits_bp.php?DOMAIN=comforthome.bitrix24.ru&PROTOCOL=1&LANG=ru&APP_SID=7d6fa3cae2feb232579d2145310e7cf9 HTTP/1.0" 200 236 "-" "Bitrix24 Webhook Engine"
89.208.230.2 - - [29/Jan/2025:08:14:11 +0300] "POST /bp/wolfdigits_bp.php?DOMAIN=comforthome.bitrix24.ru&PROTOCOL=1&LANG=ru&APP_SID=7d6fa3cae2feb232579d2145310e7cf9 HTTP/1.0" 200 236 "-" "Bitrix24 Webhook Engine"
89.208.228.219 - - [29/Jan/2025:08:14:26 +0300] "POST /bp/wolfdigits_bp.php?DOMAIN=comforthome.bitrix24.ru&PROTOCOL=1&LANG=ru&APP_SID=7d6fa3cae2feb232579d2145310e7cf9 HTTP/1.0" 200 236 "-" "Bitrix24 Webhook Engine"
195.208.184.34 - - [29/Jan/2025:08:14:42 +0300] "POST /bp/wolfdigits_bp.php?DOMAIN=comforthome.bitrix24.ru&PROTOCOL=1&LANG=ru&APP_SID=7d6fa3cae2feb232579d2145310e7cf9 HTTP/1.0" 200 236 "-" "Bitrix24 Webhook Engine"
195.208.184.200 - - [29/Jan/2025:08:14:57 +0300] "POST /bp/wolfdigits_bp.php?DOMAIN=comforthome.bitrix24.ru&PROTOCOL=1&LANG=ru&APP_SID=7d6fa3cae2feb232579d2145310e7cf9 HTTP/1.0" 200 236 "-" "Bitrix24 Webhook Engine"
195.208.184.34 - - [29/Jan/2025:08:15:13 +0300] "POST /bp/wolfdigits_bp.php?DOMAIN=comforthome.bitrix24.ru&PROTOCOL=1&LANG=ru&APP_SID=7d6fa3cae2feb232579d2145310e7cf9 HTTP/1.0" 200 236 "-" "Bitrix24 Webhook Engine"
158.160.84.45 - - [29/Jan/2025:08:15:36 +0300] "POST /realtycalendar/action-callback.php?bitrix24=homelike.bitrix24.ru HTTP/1.0" 200 176 "-" "-"
89.208.228.219 - - [29/Jan/2025:08:15:28 +0300] "POST /bp/wolfdigits_bp.php?DOMAIN=comforthome.bitrix24.ru&PROTOCOL=1&LANG=ru&APP_SID=7d6fa3cae2feb232579d2145310e7cf9 HTTP/1.0" 200 236 "-" "Bitrix24 Webhook Engine"
158.160.84.45 - - [29/Jan/2025:08:15:47 +0300] "POST /realtycalendar/action-callback.php?bitrix24=homelike.bitrix24.ru HTTP/1.0" 200 176 "-" "-"
89.208.228.219 - - [29/Jan/2025:08:15:44 +0300] "POST /bp/wolfdigits_bp.php?DOMAIN=comforthome.bitrix24.ru&PROTOCOL=1&LANG=ru&APP_SID=7d6fa3cae2feb232579d2145310e7cf9 HTTP/1.0" 200 236 "-" "Bitrix24 Webhook Engine"
158.160.84.45 - - [29/Jan/2025:08:16:01 +0300] "POST /realtycalendar/action-callback.php?bitrix24=sibirhouse.bitrix24.ru HTTP/1.0" 200 176 "-" "-"
195.208.184.200 - - [29/Jan/2025:08:15:59 +0300] "POST /bp/wolfdigits_bp.php?DOMAIN=comforthome.bitrix24.ru&PROTOCOL=1&LANG=ru&APP_SID=7d6fa3cae2feb232579d2145310e7cf9 HTTP/1.0" 200 236 "-" "Bitrix24 Webhook Engine"
158.160.84.45 - - [29/Jan/2025:08:16:28 +0300] "POST /realtycalendar/action-callback.php?bitrix24=sibirhouse.bitrix24.ru HTTP/1.0" 200 176 "-" "-"
195.208.184.200 - - [29/Jan/2025:08:16:14 +0300] "POST /bp/wolfdigits_bp.php?DOMAIN=comforthome.bitrix24.ru&PROTOCOL=1&LANG=ru&APP_SID=7d6fa3cae2feb232579d2145310e7cf9 HTTP/1.0" 200 236 "-" "Bitrix24 Webhook Engine"
89.208.228.219 - - [29/Jan/2025:08:16:30 +0300] "POST /bp/wolfdigits_bp.php?DOMAIN=comforthome.bitrix24.ru&PROTOCOL=1&LANG=ru&APP_SID=7d6fa3cae2feb232579d2145310e7cf9 HTTP/1.0" 200 236 "-" "Bitrix24 Webhook Engine"
195.208.184.34 - - [29/Jan/2025:08:16:45 +0300] "POST /bp/wolfdigits_bp.php?DOMAIN=comforthome.bitrix24.ru&PROTOCOL=1&LANG=ru&APP_SID=7d6fa3cae2feb232579d2145310e7cf9 HTTP/1.0" 200 236 "-" "Bitrix24 Webhook Engine"
89.208.230.2 - - [29/Jan/2025:08:17:01 +0300] "POST /bp/wolfdigits_bp.php?DOMAIN=comforthome.bitrix24.ru&PROTOCOL=1&LANG=ru&APP_SID=7d6fa3cae2feb232579d2145310e7cf9 HTTP/1.0" 200 236 "-" "Bitrix24 Webhook Engine"
158.160.84.45 - - [29/Jan/2025:08:17:19 +0300] "POST /realtycalendar/action-callback.php?bitrix24=panthouse8.bitrix24.ru HTTP/1.0" 200 176 "-" "-"
195.208.184.200 - - [29/Jan/2025:08:17:16 +0300] "POST /bp/wolfdigits_bp.php?DOMAIN=comforthome.bitrix24.ru&PROTOCOL=1&LANG=ru&APP_SID=7d6fa3cae2feb232579d2145310e7cf9 HTTP/1.0" 200 236 "-" "Bitrix24 Webhook Engine"
