195.208.184.200 - - [29/Jan/2025:05:28:42 +0300] "POST /bp/wolfdigits_bp.php?DOMAIN=comforthome.bitrix24.ru&PROTOCOL=1&LANG=ru&APP_SID=7d6fa3cae2feb232579d2145310e7cf9 HTTP/1.0" 200 236 "-" "Bitrix24 Webhook Engine"
89.208.228.219 - - [29/Jan/2025:05:28:57 +0300] "POST /bp/wolfdigits_bp.php?DOMAIN=comforthome.bitrix24.ru&PROTOCOL=1&LANG=ru&APP_SID=7d6fa3cae2feb232579d2145310e7cf9 HTTP/1.0" 200 236 "-" "Bitrix24 Webhook Engine"
89.208.230.2 - - [29/Jan/2025:05:29:12 +0300] "POST /bp/wolfdigits_bp.php?DOMAIN=comforthome.bitrix24.ru&PROTOCOL=1&LANG=ru&APP_SID=7d6fa3cae2feb232579d2145310e7cf9 HTTP/1.0" 200 236 "-" "Bitrix24 Webhook Engine"
89.208.228.219 - - [29/Jan/2025:05:29:28 +0300] "POST /bp/wolfdigits_bp.php?DOMAIN=comforthome.bitrix24.ru&PROTOCOL=1&LANG=ru&APP_SID=7d6fa3cae2feb232579d2145310e7cf9 HTTP/1.0" 200 236 "-" "Bitrix24 Webhook Engine"
89.208.230.2 - - [29/Jan/2025:05:29:43 +0300] "POST /bp/wolfdigits_bp.php?DOMAIN=comforthome.bitrix24.ru&PROTOCOL=1&LANG=ru&APP_SID=7d6fa3cae2feb232579d2145310e7cf9 HTTP/1.0" 200 236 "-" "Bitrix24 Webhook Engine"
195.208.184.34 - - [29/Jan/2025:05:29:59 +0300] "POST /bp/wolfdigits_bp.php?DOMAIN=comforthome.bitrix24.ru&PROTOCOL=1&LANG=ru&APP_SID=7d6fa3cae2feb232579d2145310e7cf9 HTTP/1.0" 200 236 "-" "Bitrix24 Webhook Engine"
5.249.134.108 - - [29/Jan/2025:05:30:20 +0300] "POST /octorate/action-callback.php HTTP/1.0" 200 294 "-" "Java/11.0.18"
5.249.134.108 - - [29/Jan/2025:05:30:20 +0300] "POST /octorate/action-callback.php HTTP/1.0" 200 294 "-" "Java/11.0.18"
5.249.134.108 - - [29/Jan/2025:05:30:20 +0300] "POST /octorate/action-callback.php HTTP/1.0" 200 294 "-" "Java/11.0.18"
5.249.134.108 - - [29/Jan/2025:05:30:20 +0300] "POST /octorate/action-callback.php HTTP/1.0" 200 294 "-" "Java/11.0.18"
5.249.134.108 - - [29/Jan/2025:05:30:20 +0300] "POST /octorate/action-callback.php HTTP/1.0" 200 294 "-" "Java/11.0.18"
5.249.134.108 - - [29/Jan/2025:05:30:20 +0300] "POST /octorate/action-callback.php HTTP/1.0" 200 294 "-" "Java/11.0.18"
5.249.134.108 - - [29/Jan/2025:05:30:20 +0300] "POST /octorate/action-callback.php HTTP/1.0" 200 294 "-" "Java/11.0.18"
5.249.134.108 - - [29/Jan/2025:05:30:20 +0300] "POST /octorate/action-callback.php HTTP/1.0" 200 294 "-" "Java/11.0.18"
5.249.134.108 - - [29/Jan/2025:05:30:20 +0300] "POST /octorate/action-callback.php HTTP/1.0" 200 294 "-" "Java/11.0.18"
5.249.134.108 - - [29/Jan/2025:05:30:20 +0300] "POST /octorate/action-callback.php HTTP/1.0" 200 294 "-" "Java/11.0.18"
195.208.184.34 - - [29/Jan/2025:05:30:14 +0300] "POST /bp/wolfdigits_bp.php?DOMAIN=comforthome.bitrix24.ru&PROTOCOL=1&LANG=ru&APP_SID=7d6fa3cae2feb232579d2145310e7cf9 HTTP/1.0" 200 236 "-" "Bitrix24 Webhook Engine"
195.208.184.200 - - [29/Jan/2025:05:30:29 +0300] "POST /bp/wolfdigits_bp.php?DOMAIN=comforthome.bitrix24.ru&PROTOCOL=1&LANG=ru&APP_SID=7d6fa3cae2feb232579d2145310e7cf9 HTTP/1.0" 200 236 "-" "Bitrix24 Webhook Engine"
89.208.230.2 - - [29/Jan/2025:05:30:45 +0300] "POST /bp/wolfdigits_bp.php?DOMAIN=comforthome.bitrix24.ru&PROTOCOL=1&LANG=ru&APP_SID=7d6fa3cae2feb232579d2145310e7cf9 HTTP/1.0" 200 236 "-" "Bitrix24 Webhook Engine"
89.208.228.219 - - [29/Jan/2025:05:31:00 +0300] "POST /bp/wolfdigits_bp.php?DOMAIN=comforthome.bitrix24.ru&PROTOCOL=1&LANG=ru&APP_SID=7d6fa3cae2feb232579d2145310e7cf9 HTTP/1.0" 200 236 "-" "Bitrix24 Webhook Engine"
89.208.228.219 - - [29/Jan/2025:05:31:16 +0300] "POST /bp/wolfdigits_bp.php?DOMAIN=comforthome.bitrix24.ru&PROTOCOL=1&LANG=ru&APP_SID=7d6fa3cae2feb232579d2145310e7cf9 HTTP/1.0" 200 236 "-" "Bitrix24 Webhook Engine"
195.208.184.34 - - [29/Jan/2025:05:31:31 +0300] "POST /bp/wolfdigits_bp.php?DOMAIN=comforthome.bitrix24.ru&PROTOCOL=1&LANG=ru&APP_SID=7d6fa3cae2feb232579d2145310e7cf9 HTTP/1.0" 200 236 "-" "Bitrix24 Webhook Engine"
195.208.184.200 - - [29/Jan/2025:05:31:47 +0300] "POST /bp/wolfdigits_bp.php?DOMAIN=comforthome.bitrix24.ru&PROTOCOL=1&LANG=ru&APP_SID=7d6fa3cae2feb232579d2145310e7cf9 HTTP/1.0" 200 236 "-" "Bitrix24 Webhook Engine"
195.208.184.34 - - [29/Jan/2025:05:32:02 +0300] "POST /bp/wolfdigits_bp.php?DOMAIN=comforthome.bitrix24.ru&PROTOCOL=1&LANG=ru&APP_SID=7d6fa3cae2feb232579d2145310e7cf9 HTTP/1.0" 200 236 "-" "Bitrix24 Webhook Engine"
195.208.184.34 - - [29/Jan/2025:05:32:18 +0300] "POST /bp/wolfdigits_bp.php?DOMAIN=comforthome.bitrix24.ru&PROTOCOL=1&LANG=ru&APP_SID=7d6fa3cae2feb232579d2145310e7cf9 HTTP/1.0" 200 236 "-" "Bitrix24 Webhook Engine"
195.208.184.200 - - [29/Jan/2025:05:32:33 +0300] "POST /bp/wolfdigits_bp.php?DOMAIN=comforthome.bitrix24.ru&PROTOCOL=1&LANG=ru&APP_SID=7d6fa3cae2feb232579d2145310e7cf9 HTTP/1.0" 200 236 "-" "Bitrix24 Webhook Engine"
188.65.242.71 - - [29/Jan/2025:05:32:50 +0300] "GET /payment/action.php?paymentId=790&paySystemId=16&domain=helloapartment.bitrix24.ru HTTP/1.0" 302 207 "https://securepayments.tinkoff.ru/" "Mozilla/5.0 (Linux; arm; Android 10; SM-A605FN) AppleWebKit/537.36 (KHTML, like Gecko) Chrome/128.0.6613.551 YaApp_Android/24.101.1 YaSearchBrowser/24.101.1 BroPP/1.0 SA/3 Mobile Safari/537.36"
188.65.242.71 - - [29/Jan/2025:05:32:52 +0300] "GET /payment/helloapartment.bitrix24.ru HTTP/1.0" 404 6822 "https://securepayments.tinkoff.ru/" "Mozilla/5.0 (Linux; arm; Android 10; SM-A605FN) AppleWebKit/537.36 (KHTML, like Gecko) Chrome/128.0.6613.551 YaApp_Android/24.101.1 YaSearchBrowser/24.101.1 BroPP/1.0 SA/3 Mobile Safari/537.36"
89.208.228.219 - - [29/Jan/2025:05:32:48 +0300] "POST /bp/wolfdigits_bp.php?DOMAIN=comforthome.bitrix24.ru&PROTOCOL=1&LANG=ru&APP_SID=7d6fa3cae2feb232579d2145310e7cf9 HTTP/1.0" 200 236 "-" "Bitrix24 Webhook Engine"
195.208.184.34 - - [29/Jan/2025:05:33:04 +0300] "POST /bp/wolfdigits_bp.php?DOMAIN=comforthome.bitrix24.ru&PROTOCOL=1&LANG=ru&APP_SID=7d6fa3cae2feb232579d2145310e7cf9 HTTP/1.0" 200 236 "-" "Bitrix24 Webhook Engine"
188.65.242.71 - - [29/Jan/2025:05:33:25 +0300] "GET /payment/helloapartment.bitrix24.ru HTTP/1.0" 404 6822 "https://securepayments.tinkoff.ru/" "Mozilla/5.0 (Linux; arm; Android 10; SM-A605FN) AppleWebKit/537.36 (KHTML, like Gecko) Chrome/128.0.6613.551 YaApp_Android/24.101.1 YaSearchBrowser/24.101.1 BroPP/1.0 SA/3 Mobile Safari/537.36"
195.208.184.200 - - [29/Jan/2025:05:33:19 +0300] "POST /bp/wolfdigits_bp.php?DOMAIN=comforthome.bitrix24.ru&PROTOCOL=1&LANG=ru&APP_SID=7d6fa3cae2feb232579d2145310e7cf9 HTTP/1.0" 200 236 "-" "Bitrix24 Webhook Engine"
89.208.228.219 - - [29/Jan/2025:05:33:35 +0300] "POST /bp/wolfdigits_bp.php?DOMAIN=comforthome.bitrix24.ru&PROTOCOL=1&LANG=ru&APP_SID=7d6fa3cae2feb232579d2145310e7cf9 HTTP/1.0" 200 236 "-" "Bitrix24 Webhook Engine"
195.208.184.34 - - [29/Jan/2025:05:33:50 +0300] "POST /bp/wolfdigits_bp.php?DOMAIN=comforthome.bitrix24.ru&PROTOCOL=1&LANG=ru&APP_SID=7d6fa3cae2feb232579d2145310e7cf9 HTTP/1.0" 200 236 "-" "Bitrix24 Webhook Engine"
5.249.134.108 - - [29/Jan/2025:05:34:20 +0300] "POST /octorate/action-callback.php HTTP/1.0" 200 294 "-" "Java/11.0.18"
5.249.134.108 - - [29/Jan/2025:05:34:20 +0300] "POST /octorate/action-callback.php HTTP/1.0" 200 294 "-" "Java/11.0.18"
5.249.134.108 - - [29/Jan/2025:05:34:20 +0300] "POST /octorate/action-callback.php HTTP/1.0" 200 294 "-" "Java/11.0.18"
5.249.134.108 - - [29/Jan/2025:05:34:20 +0300] "POST /octorate/action-callback.php HTTP/1.0" 200 294 "-" "Java/11.0.18"
89.208.230.2 - - [29/Jan/2025:05:34:05 +0300] "POST /bp/wolfdigits_bp.php?DOMAIN=comforthome.bitrix24.ru&PROTOCOL=1&LANG=ru&APP_SID=7d6fa3cae2feb232579d2145310e7cf9 HTTP/1.0" 200 236 "-" "Bitrix24 Webhook Engine"
195.208.184.34 - - [29/Jan/2025:05:34:21 +0300] "POST /bp/wolfdigits_bp.php?DOMAIN=comforthome.bitrix24.ru&PROTOCOL=1&LANG=ru&APP_SID=7d6fa3cae2feb232579d2145310e7cf9 HTTP/1.0" 200 236 "-" "Bitrix24 Webhook Engine"
77.221.149.101 - - [29/Jan/2025:05:34:39 +0300] "POST /public/payment/action.php HTTP/1.0" 301 607 "https://b24-rha1g2.bitrix24shop.ru/" "Mozilla/5.0 (iPhone; CPU iPhone OS 18_1_1 like Mac OS X) AppleWebKit/605.1.15 (KHTML, like Gecko) Version/18.1.1 Mobile/22B91 Safari/604.1"
195.208.184.34 - - [29/Jan/2025:05:34:36 +0300] "POST /bp/wolfdigits_bp.php?DOMAIN=comforthome.bitrix24.ru&PROTOCOL=1&LANG=ru&APP_SID=7d6fa3cae2feb232579d2145310e7cf9 HTTP/1.0" 200 236 "-" "Bitrix24 Webhook Engine"
195.208.184.34 - - [29/Jan/2025:05:34:52 +0300] "POST /bp/wolfdigits_bp.php?DOMAIN=comforthome.bitrix24.ru&PROTOCOL=1&LANG=ru&APP_SID=7d6fa3cae2feb232579d2145310e7cf9 HTTP/1.0" 200 236 "-" "Bitrix24 Webhook Engine"
89.208.230.2 - - [29/Jan/2025:05:35:07 +0300] "POST /bp/wolfdigits_bp.php?DOMAIN=comforthome.bitrix24.ru&PROTOCOL=1&LANG=ru&APP_SID=7d6fa3cae2feb232579d2145310e7cf9 HTTP/1.0" 200 236 "-" "Bitrix24 Webhook Engine"
195.208.184.200 - - [29/Jan/2025:05:35:23 +0300] "POST /bp/wolfdigits_bp.php?DOMAIN=comforthome.bitrix24.ru&PROTOCOL=1&LANG=ru&APP_SID=7d6fa3cae2feb232579d2145310e7cf9 HTTP/1.0" 200 236 "-" "Bitrix24 Webhook Engine"
195.208.184.200 - - [29/Jan/2025:05:35:38 +0300] "POST /bp/wolfdigits_bp.php?DOMAIN=comforthome.bitrix24.ru&PROTOCOL=1&LANG=ru&APP_SID=7d6fa3cae2feb232579d2145310e7cf9 HTTP/1.0" 200 236 "-" "Bitrix24 Webhook Engine"
89.208.228.219 - - [29/Jan/2025:05:35:53 +0300] "POST /bp/wolfdigits_bp.php?DOMAIN=comforthome.bitrix24.ru&PROTOCOL=1&LANG=ru&APP_SID=7d6fa3cae2feb232579d2145310e7cf9 HTTP/1.0" 200 236 "-" "Bitrix24 Webhook Engine"
5.249.134.108 - - [29/Jan/2025:05:36:20 +0300] "POST /octorate/action-callback.php HTTP/1.0" 200 294 "-" "Java/11.0.18"
5.249.134.108 - - [29/Jan/2025:05:36:20 +0300] "POST /octorate/action-callback.php HTTP/1.0" 200 294 "-" "Java/11.0.18"
5.249.134.108 - - [29/Jan/2025:05:36:20 +0300] "POST /octorate/action-callback.php HTTP/1.0" 200 294 "-" "Java/11.0.18"
5.249.134.108 - - [29/Jan/2025:05:36:20 +0300] "POST /octorate/action-callback.php HTTP/1.0" 200 294 "-" "Java/11.0.18"
5.249.134.108 - - [29/Jan/2025:05:36:20 +0300] "POST /octorate/action-callback.php HTTP/1.0" 200 294 "-" "Java/11.0.18"
5.249.134.108 - - [29/Jan/2025:05:36:20 +0300] "POST /octorate/action-callback.php HTTP/1.0" 200 294 "-" "Java/11.0.18"
5.249.134.108 - - [29/Jan/2025:05:36:20 +0300] "POST /octorate/action-callback.php HTTP/1.0" 200 294 "-" "Java/11.0.18"
5.249.134.108 - - [29/Jan/2025:05:36:20 +0300] "POST /octorate/action-callback.php HTTP/1.0" 200 294 "-" "Java/11.0.18"
5.249.134.108 - - [29/Jan/2025:05:36:20 +0300] "POST /octorate/action-callback.php HTTP/1.0" 200 294 "-" "Java/11.0.18"
5.249.134.108 - - [29/Jan/2025:05:36:20 +0300] "POST /octorate/action-callback.php HTTP/1.0" 200 294 "-" "Java/11.0.18"
5.249.134.108 - - [29/Jan/2025:05:36:20 +0300] "POST /octorate/action-callback.php HTTP/1.0" 200 294 "-" "Java/11.0.18"
5.249.134.108 - - [29/Jan/2025:05:36:20 +0300] "POST /octorate/action-callback.php HTTP/1.0" 200 294 "-" "Java/11.0.18"
5.249.134.108 - - [29/Jan/2025:05:36:20 +0300] "POST /octorate/action-callback.php HTTP/1.0" 200 294 "-" "Java/11.0.18"
5.249.134.108 - - [29/Jan/2025:05:36:20 +0300] "POST /octorate/action-callback.php HTTP/1.0" 200 294 "-" "Java/11.0.18"
195.208.184.200 - - [29/Jan/2025:05:36:09 +0300] "POST /bp/wolfdigits_bp.php?DOMAIN=comforthome.bitrix24.ru&PROTOCOL=1&LANG=ru&APP_SID=7d6fa3cae2feb232579d2145310e7cf9 HTTP/1.0" 200 236 "-" "Bitrix24 Webhook Engine"
195.208.184.34 - - [29/Jan/2025:05:36:24 +0300] "POST /bp/wolfdigits_bp.php?DOMAIN=comforthome.bitrix24.ru&PROTOCOL=1&LANG=ru&APP_SID=7d6fa3cae2feb232579d2145310e7cf9 HTTP/1.0" 200 236 "-" "Bitrix24 Webhook Engine"
188.65.242.71 - - [29/Jan/2025:05:36:46 +0300] "GET /payment/helloapartment.bitrix24.ru HTTP/1.0" 404 6822 "https://securepayments.tinkoff.ru/" "Mozilla/5.0 (Linux; arm; Android 10; SM-A605FN) AppleWebKit/537.36 (KHTML, like Gecko) Chrome/128.0.6613.551 YaApp_Android/24.101.1 YaSearchBrowser/24.101.1 BroPP/1.0 SA/3 Mobile Safari/537.36"
195.208.184.200 - - [29/Jan/2025:05:36:40 +0300] "POST /bp/wolfdigits_bp.php?DOMAIN=comforthome.bitrix24.ru&PROTOCOL=1&LANG=ru&APP_SID=7d6fa3cae2feb232579d2145310e7cf9 HTTP/1.0" 200 236 "-" "Bitrix24 Webhook Engine"
89.208.228.219 - - [29/Jan/2025:05:36:55 +0300] "POST /bp/wolfdigits_bp.php?DOMAIN=comforthome.bitrix24.ru&PROTOCOL=1&LANG=ru&APP_SID=7d6fa3cae2feb232579d2145310e7cf9 HTTP/1.0" 200 236 "-" "Bitrix24 Webhook Engine"
89.208.230.2 - - [29/Jan/2025:05:37:10 +0300] "POST /bp/wolfdigits_bp.php?DOMAIN=comforthome.bitrix24.ru&PROTOCOL=1&LANG=ru&APP_SID=7d6fa3cae2feb232579d2145310e7cf9 HTTP/1.0" 200 236 "-" "Bitrix24 Webhook Engine"
195.208.184.200 - - [29/Jan/2025:05:37:26 +0300] "POST /bp/wolfdigits_bp.php?DOMAIN=comforthome.bitrix24.ru&PROTOCOL=1&LANG=ru&APP_SID=7d6fa3cae2feb232579d2145310e7cf9 HTTP/1.0" 200 236 "-" "Bitrix24 Webhook Engine"
195.208.184.200 - - [29/Jan/2025:05:37:41 +0300] "POST /bp/wolfdigits_bp.php?DOMAIN=comforthome.bitrix24.ru&PROTOCOL=1&LANG=ru&APP_SID=7d6fa3cae2feb232579d2145310e7cf9 HTTP/1.0" 200 236 "-" "Bitrix24 Webhook Engine"
195.208.184.34 - - [29/Jan/2025:05:37:57 +0300] "POST /bp/wolfdigits_bp.php?DOMAIN=comforthome.bitrix24.ru&PROTOCOL=1&LANG=ru&APP_SID=7d6fa3cae2feb232579d2145310e7cf9 HTTP/1.0" 200 236 "-" "Bitrix24 Webhook Engine"
5.249.134.108 - - [29/Jan/2025:05:38:20 +0300] "POST /octorate/action-callback.php HTTP/1.0" 200 294 "-" "Java/11.0.18"
62.76.205.129 - - [29/Jan/2025:05:38:17 +0300] "GET /public/payment/action-callback.php?domain=richotels.bitrix24.ru&orderNumber=17176%2F1-3&sign_alias=merchantCallbackKeyPair&checksum=9B32751BBD0D8B503B570FD413711B2B83D19861CFDCCB98B03C1794C4DDFFBD14F2D537437F0966BEA22DFA9F4E8A64ED6047212B8B17B53B190BFE6ECC5087CEAF6A5416C7330A78B0173E778676A1DAE12786DC852EAE49C4FC0238A5DC1776741F6796C7CFC414F78A46012505978F3669E2EBD59CF3A7D05D910E8D369976779ECAAB804C2DDB1E3CF3E7ABD731AC22EF1295BD345C3E943A94D152AE88B16A404F899F1D70FE7A8CC18AE3B1BA9524DA6154D5CDD7D163797169C7B92DD347658FA3C91BBBBD946E68C744DA56F0FF49A5638656571EC14E531AC23D5BD9B9E0D3CA0969DE7B0F9F309443CA270B51628BDCA159D24929DAD8146B0846&mdOrder=04dbbbff-d050-7c5c-849a-79c000be21f2&operation=deposited&status=1 HTTP/1.0" 200 236 "-" "Chrome/80.0.3987.116"
77.221.149.101 - - [29/Jan/2025:05:38:18 +0300] "GET /payment/action.php?paymentId=28690&paySystemId=20&domain=richotels.bitrix24.ru&orderId=04dbbbff-d050-7c5c-849a-79c000be21f2&lang=ru HTTP/1.0" 302 664 "https://acs.alfabank.ru/" "Mozilla/5.0 (iPhone; CPU iPhone OS 18_1_1 like Mac OS X) AppleWebKit/605.1.15 (KHTML, like Gecko) Version/18.1.1 Mobile/22B91 Safari/604.1"
89.208.228.219 - - [29/Jan/2025:05:38:12 +0300] "POST /bp/wolfdigits_bp.php?DOMAIN=comforthome.bitrix24.ru&PROTOCOL=1&LANG=ru&APP_SID=7d6fa3cae2feb232579d2145310e7cf9 HTTP/1.0" 200 236 "-" "Bitrix24 Webhook Engine"
89.208.228.219 - - [29/Jan/2025:05:38:28 +0300] "POST /bp/wolfdigits_bp.php?DOMAIN=comforthome.bitrix24.ru&PROTOCOL=1&LANG=ru&APP_SID=7d6fa3cae2feb232579d2145310e7cf9 HTTP/1.0" 200 236 "-" "Bitrix24 Webhook Engine"
195.208.184.34 - - [29/Jan/2025:05:38:43 +0300] "POST /bp/wolfdigits_bp.php?DOMAIN=comforthome.bitrix24.ru&PROTOCOL=1&LANG=ru&APP_SID=7d6fa3cae2feb232579d2145310e7cf9 HTTP/1.0" 200 236 "-" "Bitrix24 Webhook Engine"
89.208.230.2 - - [29/Jan/2025:05:38:49 +0300] "POST /bp/wolfdigits_bp.php?DOMAIN=good-day.bitrix24.ru&PROTOCOL=1&LANG=ru&APP_SID=2030d7fb94dde329b847373f57dc5afb HTTP/1.0" 200 236 "-" "Bitrix24 Webhook Engine"
195.208.184.34 - - [29/Jan/2025:05:38:58 +0300] "POST /bp/wolfdigits_bp.php?DOMAIN=comforthome.bitrix24.ru&PROTOCOL=1&LANG=ru&APP_SID=7d6fa3cae2feb232579d2145310e7cf9 HTTP/1.0" 200 236 "-" "Bitrix24 Webhook Engine"
195.208.184.34 - - [29/Jan/2025:05:39:14 +0300] "POST /bp/wolfdigits_bp.php?DOMAIN=comforthome.bitrix24.ru&PROTOCOL=1&LANG=ru&APP_SID=7d6fa3cae2feb232579d2145310e7cf9 HTTP/1.0" 200 236 "-" "Bitrix24 Webhook Engine"
89.208.230.2 - - [29/Jan/2025:05:39:29 +0300] "POST /bp/wolfdigits_bp.php?DOMAIN=comforthome.bitrix24.ru&PROTOCOL=1&LANG=ru&APP_SID=7d6fa3cae2feb232579d2145310e7cf9 HTTP/1.0" 200 236 "-" "Bitrix24 Webhook Engine"
89.208.230.2 - - [29/Jan/2025:05:39:45 +0300] "POST /bp/wolfdigits_bp.php?DOMAIN=comforthome.bitrix24.ru&PROTOCOL=1&LANG=ru&APP_SID=7d6fa3cae2feb232579d2145310e7cf9 HTTP/1.0" 200 236 "-" "Bitrix24 Webhook Engine"
77.221.149.101 - - [29/Jan/2025:05:40:10 +0300] "POST /public/payment/action.php HTTP/1.0" 301 607 "https://b24-rha1g2.bitrix24shop.ru/" "Mozilla/5.0 (iPhone; CPU iPhone OS 18_1_1 like Mac OS X) AppleWebKit/605.1.15 (KHTML, like Gecko) Version/18.1.1 Mobile/22B91 Safari/604.1"
195.208.184.200 - - [29/Jan/2025:05:40:00 +0300] "POST /bp/wolfdigits_bp.php?DOMAIN=comforthome.bitrix24.ru&PROTOCOL=1&LANG=ru&APP_SID=7d6fa3cae2feb232579d2145310e7cf9 HTTP/1.0" 200 236 "-" "Bitrix24 Webhook Engine"
195.208.184.34 - - [29/Jan/2025:05:40:16 +0300] "POST /bp/wolfdigits_bp.php?DOMAIN=comforthome.bitrix24.ru&PROTOCOL=1&LANG=ru&APP_SID=7d6fa3cae2feb232579d2145310e7cf9 HTTP/1.0" 200 236 "-" "Bitrix24 Webhook Engine"
89.208.230.2 - - [29/Jan/2025:05:40:32 +0300] "POST /bp/wolfdigits_bp.php?DOMAIN=comforthome.bitrix24.ru&PROTOCOL=1&LANG=ru&APP_SID=7d6fa3cae2feb232579d2145310e7cf9 HTTP/1.0" 200 236 "-" "Bitrix24 Webhook Engine"
89.208.228.219 - - [29/Jan/2025:05:40:47 +0300] "POST /bp/wolfdigits_bp.php?DOMAIN=comforthome.bitrix24.ru&PROTOCOL=1&LANG=ru&APP_SID=7d6fa3cae2feb232579d2145310e7cf9 HTTP/1.0" 200 236 "-" "Bitrix24 Webhook Engine"
89.208.230.2 - - [29/Jan/2025:05:41:02 +0300] "POST /bp/wolfdigits_bp.php?DOMAIN=comforthome.bitrix24.ru&PROTOCOL=1&LANG=ru&APP_SID=7d6fa3cae2feb232579d2145310e7cf9 HTTP/1.0" 200 236 "-" "Bitrix24 Webhook Engine"
195.208.184.34 - - [29/Jan/2025:05:41:18 +0300] "POST /bp/wolfdigits_bp.php?DOMAIN=comforthome.bitrix24.ru&PROTOCOL=1&LANG=ru&APP_SID=7d6fa3cae2feb232579d2145310e7cf9 HTTP/1.0" 200 236 "-" "Bitrix24 Webhook Engine"
195.208.184.200 - - [29/Jan/2025:05:41:33 +0300] "POST /bp/wolfdigits_bp.php?DOMAIN=comforthome.bitrix24.ru&PROTOCOL=1&LANG=ru&APP_SID=7d6fa3cae2feb232579d2145310e7cf9 HTTP/1.0" 200 236 "-" "Bitrix24 Webhook Engine"
195.208.184.200 - - [29/Jan/2025:05:41:49 +0300] "POST /bp/wolfdigits_bp.php?DOMAIN=comforthome.bitrix24.ru&PROTOCOL=1&LANG=ru&APP_SID=7d6fa3cae2feb232579d2145310e7cf9 HTTP/1.0" 200 236 "-" "Bitrix24 Webhook Engine"
62.76.205.129 - - [29/Jan/2025:05:42:12 +0300] "GET /public/payment/action-callback.php?domain=richotels.bitrix24.ru&orderNumber=17176%2F2-5&sign_alias=merchantCallbackKeyPair&checksum=6E779EAB483FEFE71A02E065E220BF4CB0D4B9394046636E946D35C76595DABF98D96255CC9BF98DAE6C7BBAACC41B96A6E5681C882C768F5828DA86C5AE903DD75CAD1BA1C91D37EC42D623209523CD86452BDD7A81F1C5F4E184BE04432B2735DDCAD1B1D1D3D2A972839FF73CF007103E94C5C23171FA76CEB0D1D42F8A99B2DF742029BAF8760FC0B02810B78165DB453D309AC68F4C4B823B15D15746CE99A6CA1BA1E12ACEB30DF40D8EB3404C07D9DF968FCE7FDA0DDF31EF69583891BB3F1217C2E4B8E3BE6EFAD6A6AFD002A42A52F3EFA42D42812949E6D663DB0F6CEAC5E59C21ECB73191A60E776519947480BD6AC096C381197C9CAF6BF27719&mdOrder=04dbc0d0-93b6-7e86-809e-1d2200bd8d20&operation=approved&status=1 HTTP/1.0" 200 236 "-" "Chrome/80.0.3987.116"
77.221.149.101 - - [29/Jan/2025:05:42:13 +0300] "GET /payment/action.php?paymentId=28692&paySystemId=22&domain=richotels.bitrix24.ru&orderId=04dbc0d0-93b6-7e86-809e-1d2200bd8d20&lang=ru HTTP/1.0" 302 334 "https://acs.alfabank.ru/" "Mozilla/5.0 (iPhone; CPU iPhone OS 18_1_1 like Mac OS X) AppleWebKit/605.1.15 (KHTML, like Gecko) Version/18.1.1 Mobile/22B91 Safari/604.1"
195.208.184.34 - - [29/Jan/2025:05:42:04 +0300] "POST /bp/wolfdigits_bp.php?DOMAIN=comforthome.bitrix24.ru&PROTOCOL=1&LANG=ru&APP_SID=7d6fa3cae2feb232579d2145310e7cf9 HTTP/1.0" 200 236 "-" "Bitrix24 Webhook Engine"
89.208.228.219 - - [29/Jan/2025:05:42:16 +0300] "POST /public/ttlock/action-bp-code.php HTTP/1.0" 200 238 "-" "Bitrix24 Webhook Engine"
195.208.184.34 - - [29/Jan/2025:05:42:19 +0300] "POST /bp/wolfdigits_bp.php?DOMAIN=comforthome.bitrix24.ru&PROTOCOL=1&LANG=ru&APP_SID=7d6fa3cae2feb232579d2145310e7cf9 HTTP/1.0" 200 236 "-" "Bitrix24 Webhook Engine"
195.208.184.200 - - [29/Jan/2025:05:42:35 +0300] "POST /bp/wolfdigits_bp.php?DOMAIN=comforthome.bitrix24.ru&PROTOCOL=1&LANG=ru&APP_SID=7d6fa3cae2feb232579d2145310e7cf9 HTTP/1.0" 200 236 "-" "Bitrix24 Webhook Engine"
195.208.184.200 - - [29/Jan/2025:05:42:50 +0300] "POST /bp/wolfdigits_bp.php?DOMAIN=comforthome.bitrix24.ru&PROTOCOL=1&LANG=ru&APP_SID=7d6fa3cae2feb232579d2145310e7cf9 HTTP/1.0" 200 236 "-" "Bitrix24 Webhook Engine"
158.160.84.45 - - [29/Jan/2025:05:43:15 +0300] "POST /realtycalendar/action-callback.php?bitrix24=sibirhouse.bitrix24.ru HTTP/1.0" 200 176 "-" "-"
195.208.184.200 - - [29/Jan/2025:05:43:06 +0300] "POST /bp/wolfdigits_bp.php?DOMAIN=comforthome.bitrix24.ru&PROTOCOL=1&LANG=ru&APP_SID=7d6fa3cae2feb232579d2145310e7cf9 HTTP/1.0" 200 236 "-" "Bitrix24 Webhook Engine"
195.208.184.200 - - [29/Jan/2025:05:43:21 +0300] "POST /bp/wolfdigits_bp.php?DOMAIN=comforthome.bitrix24.ru&PROTOCOL=1&LANG=ru&APP_SID=7d6fa3cae2feb232579d2145310e7cf9 HTTP/1.0" 200 236 "-" "Bitrix24 Webhook Engine"
89.208.230.2 - - [29/Jan/2025:05:43:37 +0300] "POST /bp/wolfdigits_bp.php?DOMAIN=comforthome.bitrix24.ru&PROTOCOL=1&LANG=ru&APP_SID=7d6fa3cae2feb232579d2145310e7cf9 HTTP/1.0" 200 236 "-" "Bitrix24 Webhook Engine"
89.208.228.219 - - [29/Jan/2025:05:43:52 +0300] "POST /bp/wolfdigits_bp.php?DOMAIN=comforthome.bitrix24.ru&PROTOCOL=1&LANG=ru&APP_SID=7d6fa3cae2feb232579d2145310e7cf9 HTTP/1.0" 200 236 "-" "Bitrix24 Webhook Engine"
5.249.134.108 - - [29/Jan/2025:05:44:20 +0300] "POST /octorate/action-callback.php HTTP/1.0" 200 294 "-" "Java/11.0.18"
195.208.184.34 - - [29/Jan/2025:05:44:08 +0300] "POST /bp/wolfdigits_bp.php?DOMAIN=comforthome.bitrix24.ru&PROTOCOL=1&LANG=ru&APP_SID=7d6fa3cae2feb232579d2145310e7cf9 HTTP/1.0" 200 236 "-" "Bitrix24 Webhook Engine"
158.160.84.45 - - [29/Jan/2025:05:44:28 +0300] "POST /realtycalendar/action-callback.php?bitrix24=sibirhouse.bitrix24.ru HTTP/1.0" 200 176 "-" "-"
89.208.228.219 - - [29/Jan/2025:05:44:23 +0300] "POST /bp/wolfdigits_bp.php?DOMAIN=comforthome.bitrix24.ru&PROTOCOL=1&LANG=ru&APP_SID=7d6fa3cae2feb232579d2145310e7cf9 HTTP/1.0" 200 236 "-" "Bitrix24 Webhook Engine"
195.208.184.34 - - [29/Jan/2025:05:44:38 +0300] "POST /bp/wolfdigits_bp.php?DOMAIN=comforthome.bitrix24.ru&PROTOCOL=1&LANG=ru&APP_SID=7d6fa3cae2feb232579d2145310e7cf9 HTTP/1.0" 200 236 "-" "Bitrix24 Webhook Engine"
195.208.184.200 - - [29/Jan/2025:05:44:54 +0300] "POST /bp/wolfdigits_bp.php?DOMAIN=comforthome.bitrix24.ru&PROTOCOL=1&LANG=ru&APP_SID=7d6fa3cae2feb232579d2145310e7cf9 HTTP/1.0" 200 236 "-" "Bitrix24 Webhook Engine"
195.208.184.200 - - [29/Jan/2025:05:45:09 +0300] "POST /bp/wolfdigits_bp.php?DOMAIN=comforthome.bitrix24.ru&PROTOCOL=1&LANG=ru&APP_SID=7d6fa3cae2feb232579d2145310e7cf9 HTTP/1.0" 200 236 "-" "Bitrix24 Webhook Engine"
158.160.84.45 - - [29/Jan/2025:05:45:27 +0300] "POST /realtycalendar/action-callback.php?bitrix24=kvartburo.bitrix24.ru HTTP/1.0" 200 176 "-" "-"
89.208.230.2 - - [29/Jan/2025:05:45:25 +0300] "POST /bp/wolfdigits_bp.php?DOMAIN=comforthome.bitrix24.ru&PROTOCOL=1&LANG=ru&APP_SID=7d6fa3cae2feb232579d2145310e7cf9 HTTP/1.0" 200 236 "-" "Bitrix24 Webhook Engine"
89.208.230.2 - - [29/Jan/2025:05:45:40 +0300] "POST /bp/wolfdigits_bp.php?DOMAIN=comforthome.bitrix24.ru&PROTOCOL=1&LANG=ru&APP_SID=7d6fa3cae2feb232579d2145310e7cf9 HTTP/1.0" 200 236 "-" "Bitrix24 Webhook Engine"
89.208.228.219 - - [29/Jan/2025:05:45:55 +0300] "POST /bp/wolfdigits_bp.php?DOMAIN=comforthome.bitrix24.ru&PROTOCOL=1&LANG=ru&APP_SID=7d6fa3cae2feb232579d2145310e7cf9 HTTP/1.0" 200 236 "-" "Bitrix24 Webhook Engine"
5.249.134.108 - - [29/Jan/2025:05:46:20 +0300] "POST /octorate/action-callback.php HTTP/1.0" 200 294 "-" "Java/11.0.18"
89.208.230.2 - - [29/Jan/2025:05:46:11 +0300] "POST /bp/wolfdigits_bp.php?DOMAIN=comforthome.bitrix24.ru&PROTOCOL=1&LANG=ru&APP_SID=7d6fa3cae2feb232579d2145310e7cf9 HTTP/1.0" 200 236 "-" "Bitrix24 Webhook Engine"
89.208.230.2 - - [29/Jan/2025:05:46:26 +0300] "POST /bp/wolfdigits_bp.php?DOMAIN=comforthome.bitrix24.ru&PROTOCOL=1&LANG=ru&APP_SID=7d6fa3cae2feb232579d2145310e7cf9 HTTP/1.0" 200 236 "-" "Bitrix24 Webhook Engine"
195.208.184.200 - - [29/Jan/2025:05:46:42 +0300] "POST /bp/wolfdigits_bp.php?DOMAIN=comforthome.bitrix24.ru&PROTOCOL=1&LANG=ru&APP_SID=7d6fa3cae2feb232579d2145310e7cf9 HTTP/1.0" 200 236 "-" "Bitrix24 Webhook Engine"
89.208.230.2 - - [29/Jan/2025:05:46:57 +0300] "POST /bp/wolfdigits_bp.php?DOMAIN=comforthome.bitrix24.ru&PROTOCOL=1&LANG=ru&APP_SID=7d6fa3cae2feb232579d2145310e7cf9 HTTP/1.0" 200 236 "-" "Bitrix24 Webhook Engine"
195.208.184.200 - - [29/Jan/2025:05:47:13 +0300] "POST /bp/wolfdigits_bp.php?DOMAIN=comforthome.bitrix24.ru&PROTOCOL=1&LANG=ru&APP_SID=7d6fa3cae2feb232579d2145310e7cf9 HTTP/1.0" 200 236 "-" "Bitrix24 Webhook Engine"
158.160.84.45 - - [29/Jan/2025:05:47:31 +0300] "POST /realtycalendar/action-callback.php?bitrix24=kvartburo.bitrix24.ru HTTP/1.0" 200 176 "-" "-"
89.208.228.219 - - [29/Jan/2025:05:47:28 +0300] "POST /bp/wolfdigits_bp.php?DOMAIN=comforthome.bitrix24.ru&PROTOCOL=1&LANG=ru&APP_SID=7d6fa3cae2feb232579d2145310e7cf9 HTTP/1.0" 200 236 "-" "Bitrix24 Webhook Engine"
89.208.228.219 - - [29/Jan/2025:05:47:43 +0300] "POST /bp/wolfdigits_bp.php?DOMAIN=comforthome.bitrix24.ru&PROTOCOL=1&LANG=ru&APP_SID=7d6fa3cae2feb232579d2145310e7cf9 HTTP/1.0" 200 236 "-" "Bitrix24 Webhook Engine"
195.208.184.200 - - [29/Jan/2025:05:47:59 +0300] "POST /bp/wolfdigits_bp.php?DOMAIN=comforthome.bitrix24.ru&PROTOCOL=1&LANG=ru&APP_SID=7d6fa3cae2feb232579d2145310e7cf9 HTTP/1.0" 200 236 "-" "Bitrix24 Webhook Engine"
5.249.134.108 - - [29/Jan/2025:05:48:20 +0300] "POST /octorate/action-callback.php HTTP/1.0" 200 294 "-" "Java/11.0.18"
5.249.134.108 - - [29/Jan/2025:05:48:20 +0300] "POST /octorate/action-callback.php HTTP/1.0" 200 294 "-" "Java/11.0.18"
89.208.230.2 - - [29/Jan/2025:05:48:14 +0300] "POST /bp/wolfdigits_bp.php?DOMAIN=comforthome.bitrix24.ru&PROTOCOL=1&LANG=ru&APP_SID=7d6fa3cae2feb232579d2145310e7cf9 HTTP/1.0" 200 236 "-" "Bitrix24 Webhook Engine"
195.208.184.34 - - [29/Jan/2025:05:48:30 +0300] "POST /bp/wolfdigits_bp.php?DOMAIN=comforthome.bitrix24.ru&PROTOCOL=1&LANG=ru&APP_SID=7d6fa3cae2feb232579d2145310e7cf9 HTTP/1.0" 200 236 "-" "Bitrix24 Webhook Engine"
195.208.184.200 - - [29/Jan/2025:05:48:45 +0300] "POST /bp/wolfdigits_bp.php?DOMAIN=comforthome.bitrix24.ru&PROTOCOL=1&LANG=ru&APP_SID=7d6fa3cae2feb232579d2145310e7cf9 HTTP/1.0" 200 236 "-" "Bitrix24 Webhook Engine"
195.208.184.34 - - [29/Jan/2025:05:49:00 +0300] "POST /bp/wolfdigits_bp.php?DOMAIN=comforthome.bitrix24.ru&PROTOCOL=1&LANG=ru&APP_SID=7d6fa3cae2feb232579d2145310e7cf9 HTTP/1.0" 200 236 "-" "Bitrix24 Webhook Engine"
195.208.184.200 - - [29/Jan/2025:05:49:16 +0300] "POST /bp/wolfdigits_bp.php?DOMAIN=comforthome.bitrix24.ru&PROTOCOL=1&LANG=ru&APP_SID=7d6fa3cae2feb232579d2145310e7cf9 HTTP/1.0" 200 236 "-" "Bitrix24 Webhook Engine"
195.208.184.34 - - [29/Jan/2025:05:49:31 +0300] "POST /bp/wolfdigits_bp.php?DOMAIN=comforthome.bitrix24.ru&PROTOCOL=1&LANG=ru&APP_SID=7d6fa3cae2feb232579d2145310e7cf9 HTTP/1.0" 200 236 "-" "Bitrix24 Webhook Engine"
195.208.184.200 - - [29/Jan/2025:05:49:47 +0300] "POST /bp/wolfdigits_bp.php?DOMAIN=comforthome.bitrix24.ru&PROTOCOL=1&LANG=ru&APP_SID=7d6fa3cae2feb232579d2145310e7cf9 HTTP/1.0" 200 236 "-" "Bitrix24 Webhook Engine"
89.208.230.2 - - [29/Jan/2025:05:50:02 +0300] "POST /bp/wolfdigits_bp.php?DOMAIN=comforthome.bitrix24.ru&PROTOCOL=1&LANG=ru&APP_SID=7d6fa3cae2feb232579d2145310e7cf9 HTTP/1.0" 200 236 "-" "Bitrix24 Webhook Engine"
5.249.134.108 - - [29/Jan/2025:05:50:20 +0300] "POST /octorate/action-callback.php HTTP/1.0" 200 294 "-" "Java/11.0.18"
5.249.134.108 - - [29/Jan/2025:05:50:20 +0300] "POST /octorate/action-callback.php HTTP/1.0" 200 294 "-" "Java/11.0.18"
5.249.134.108 - - [29/Jan/2025:05:50:20 +0300] "POST /octorate/action-callback.php HTTP/1.0" 200 294 "-" "Java/11.0.18"
5.249.134.108 - - [29/Jan/2025:05:50:20 +0300] "POST /octorate/action-callback.php HTTP/1.0" 200 294 "-" "Java/11.0.18"
5.249.134.108 - - [29/Jan/2025:05:50:20 +0300] "POST /octorate/action-callback.php HTTP/1.0" 200 294 "-" "Java/11.0.18"
5.249.134.108 - - [29/Jan/2025:05:50:20 +0300] "POST /octorate/action-callback.php HTTP/1.0" 200 294 "-" "Java/11.0.18"
5.249.134.108 - - [29/Jan/2025:05:50:20 +0300] "POST /octorate/action-callback.php HTTP/1.0" 200 294 "-" "Java/11.0.18"
195.208.184.200 - - [29/Jan/2025:05:50:18 +0300] "POST /bp/wolfdigits_bp.php?DOMAIN=comforthome.bitrix24.ru&PROTOCOL=1&LANG=ru&APP_SID=7d6fa3cae2feb232579d2145310e7cf9 HTTP/1.0" 200 236 "-" "Bitrix24 Webhook Engine"
195.208.184.34 - - [29/Jan/2025:05:50:34 +0300] "POST /bp/wolfdigits_bp.php?DOMAIN=comforthome.bitrix24.ru&PROTOCOL=1&LANG=ru&APP_SID=7d6fa3cae2feb232579d2145310e7cf9 HTTP/1.0" 200 236 "-" "Bitrix24 Webhook Engine"
89.208.228.219 - - [29/Jan/2025:05:50:49 +0300] "POST /bp/wolfdigits_bp.php?DOMAIN=comforthome.bitrix24.ru&PROTOCOL=1&LANG=ru&APP_SID=7d6fa3cae2feb232579d2145310e7cf9 HTTP/1.0" 200 236 "-" "Bitrix24 Webhook Engine"
89.208.230.2 - - [29/Jan/2025:05:51:04 +0300] "POST /bp/wolfdigits_bp.php?DOMAIN=comforthome.bitrix24.ru&PROTOCOL=1&LANG=ru&APP_SID=7d6fa3cae2feb232579d2145310e7cf9 HTTP/1.0" 200 236 "-" "Bitrix24 Webhook Engine"
89.208.230.2 - - [29/Jan/2025:05:51:20 +0300] "POST /bp/wolfdigits_bp.php?DOMAIN=comforthome.bitrix24.ru&PROTOCOL=1&LANG=ru&APP_SID=7d6fa3cae2feb232579d2145310e7cf9 HTTP/1.0" 200 236 "-" "Bitrix24 Webhook Engine"
89.208.228.219 - - [29/Jan/2025:05:51:35 +0300] "POST /bp/wolfdigits_bp.php?DOMAIN=comforthome.bitrix24.ru&PROTOCOL=1&LANG=ru&APP_SID=7d6fa3cae2feb232579d2145310e7cf9 HTTP/1.0" 200 236 "-" "Bitrix24 Webhook Engine"
89.208.228.219 - - [29/Jan/2025:05:51:51 +0300] "POST /bp/wolfdigits_bp.php?DOMAIN=comforthome.bitrix24.ru&PROTOCOL=1&LANG=ru&APP_SID=7d6fa3cae2feb232579d2145310e7cf9 HTTP/1.0" 200 236 "-" "Bitrix24 Webhook Engine"
158.160.84.45 - - [29/Jan/2025:05:52:10 +0300] "POST /realtycalendar/action-callback.php?bitrix24=sibirhouse.bitrix24.ru HTTP/1.0" 200 176 "-" "-"
5.249.134.108 - - [29/Jan/2025:05:52:20 +0300] "POST /octorate/action-callback.php HTTP/1.0" 200 294 "-" "Java/11.0.18"
5.249.134.108 - - [29/Jan/2025:05:52:20 +0300] "POST /octorate/action-callback.php HTTP/1.0" 200 294 "-" "Java/11.0.18"
5.249.134.108 - - [29/Jan/2025:05:52:20 +0300] "POST /octorate/action-callback.php HTTP/1.0" 200 294 "-" "Java/11.0.18"
5.249.134.108 - - [29/Jan/2025:05:52:20 +0300] "POST /octorate/action-callback.php HTTP/1.0" 200 294 "-" "Java/11.0.18"
5.249.134.108 - - [29/Jan/2025:05:52:20 +0300] "POST /octorate/action-callback.php HTTP/1.0" 200 294 "-" "Java/11.0.18"
5.249.134.108 - - [29/Jan/2025:05:52:20 +0300] "POST /octorate/action-callback.php HTTP/1.0" 200 294 "-" "Java/11.0.18"
5.249.134.108 - - [29/Jan/2025:05:52:20 +0300] "POST /octorate/action-callback.php HTTP/1.0" 200 294 "-" "Java/11.0.18"
5.249.134.108 - - [29/Jan/2025:05:52:20 +0300] "POST /octorate/action-callback.php HTTP/1.0" 200 294 "-" "Java/11.0.18"
5.249.134.108 - - [29/Jan/2025:05:52:20 +0300] "POST /octorate/action-callback.php HTTP/1.0" 200 294 "-" "Java/11.0.18"
5.249.134.108 - - [29/Jan/2025:05:52:20 +0300] "POST /octorate/action-callback.php HTTP/1.0" 200 294 "-" "Java/11.0.18"
5.249.134.108 - - [29/Jan/2025:05:52:20 +0300] "POST /octorate/action-callback.php HTTP/1.0" 200 294 "-" "Java/11.0.18"
5.249.134.108 - - [29/Jan/2025:05:52:20 +0300] "POST /octorate/action-callback.php HTTP/1.0" 200 294 "-" "Java/11.0.18"
5.249.134.108 - - [29/Jan/2025:05:52:20 +0300] "POST /octorate/action-callback.php HTTP/1.0" 200 294 "-" "Java/11.0.18"
5.249.134.108 - - [29/Jan/2025:05:52:20 +0300] "POST /octorate/action-callback.php HTTP/1.0" 200 294 "-" "Java/11.0.18"
5.249.134.108 - - [29/Jan/2025:05:52:20 +0300] "POST /octorate/action-callback.php HTTP/1.0" 200 294 "-" "Java/11.0.18"
5.249.134.108 - - [29/Jan/2025:05:52:20 +0300] "POST /octorate/action-callback.php HTTP/1.0" 200 294 "-" "Java/11.0.18"
5.249.134.108 - - [29/Jan/2025:05:52:20 +0300] "POST /octorate/action-callback.php HTTP/1.0" 200 294 "-" "Java/11.0.18"
5.249.134.108 - - [29/Jan/2025:05:52:20 +0300] "POST /octorate/action-callback.php HTTP/1.0" 200 294 "-" "Java/11.0.18"
195.208.184.200 - - [29/Jan/2025:05:52:06 +0300] "POST /bp/wolfdigits_bp.php?DOMAIN=comforthome.bitrix24.ru&PROTOCOL=1&LANG=ru&APP_SID=7d6fa3cae2feb232579d2145310e7cf9 HTTP/1.0" 200 236 "-" "Bitrix24 Webhook Engine"
89.208.230.2 - - [29/Jan/2025:05:52:21 +0300] "POST /bp/wolfdigits_bp.php?DOMAIN=comforthome.bitrix24.ru&PROTOCOL=1&LANG=ru&APP_SID=7d6fa3cae2feb232579d2145310e7cf9 HTTP/1.0" 200 236 "-" "Bitrix24 Webhook Engine"
195.208.184.34 - - [29/Jan/2025:05:52:37 +0300] "POST /bp/wolfdigits_bp.php?DOMAIN=comforthome.bitrix24.ru&PROTOCOL=1&LANG=ru&APP_SID=7d6fa3cae2feb232579d2145310e7cf9 HTTP/1.0" 200 236 "-" "Bitrix24 Webhook Engine"
89.208.230.2 - - [29/Jan/2025:05:52:52 +0300] "POST /bp/wolfdigits_bp.php?DOMAIN=comforthome.bitrix24.ru&PROTOCOL=1&LANG=ru&APP_SID=7d6fa3cae2feb232579d2145310e7cf9 HTTP/1.0" 200 236 "-" "Bitrix24 Webhook Engine"
195.208.184.200 - - [29/Jan/2025:05:53:08 +0300] "POST /bp/wolfdigits_bp.php?DOMAIN=comforthome.bitrix24.ru&PROTOCOL=1&LANG=ru&APP_SID=7d6fa3cae2feb232579d2145310e7cf9 HTTP/1.0" 200 236 "-" "Bitrix24 Webhook Engine"
89.208.230.2 - - [29/Jan/2025:05:53:23 +0300] "POST /bp/wolfdigits_bp.php?DOMAIN=comforthome.bitrix24.ru&PROTOCOL=1&LANG=ru&APP_SID=7d6fa3cae2feb232579d2145310e7cf9 HTTP/1.0" 200 236 "-" "Bitrix24 Webhook Engine"
195.208.184.200 - - [29/Jan/2025:05:53:38 +0300] "POST /bp/wolfdigits_bp.php?DOMAIN=comforthome.bitrix24.ru&PROTOCOL=1&LANG=ru&APP_SID=7d6fa3cae2feb232579d2145310e7cf9 HTTP/1.0" 200 236 "-" "Bitrix24 Webhook Engine"
195.208.184.200 - - [29/Jan/2025:05:53:54 +0300] "POST /bp/wolfdigits_bp.php?DOMAIN=comforthome.bitrix24.ru&PROTOCOL=1&LANG=ru&APP_SID=7d6fa3cae2feb232579d2145310e7cf9 HTTP/1.0" 200 236 "-" "Bitrix24 Webhook Engine"
5.249.134.108 - - [29/Jan/2025:05:54:20 +0300] "POST /octorate/action-callback.php HTTP/1.0" 200 294 "-" "Java/11.0.18"
5.249.134.108 - - [29/Jan/2025:05:54:20 +0300] "POST /octorate/action-callback.php HTTP/1.0" 200 294 "-" "Java/11.0.18"
5.249.134.108 - - [29/Jan/2025:05:54:20 +0300] "POST /octorate/action-callback.php HTTP/1.0" 200 294 "-" "Java/11.0.18"
195.208.184.34 - - [29/Jan/2025:05:54:09 +0300] "POST /bp/wolfdigits_bp.php?DOMAIN=comforthome.bitrix24.ru&PROTOCOL=1&LANG=ru&APP_SID=7d6fa3cae2feb232579d2145310e7cf9 HTTP/1.0" 200 236 "-" "Bitrix24 Webhook Engine"
195.208.184.34 - - [29/Jan/2025:05:54:25 +0300] "POST /bp/wolfdigits_bp.php?DOMAIN=comforthome.bitrix24.ru&PROTOCOL=1&LANG=ru&APP_SID=7d6fa3cae2feb232579d2145310e7cf9 HTTP/1.0" 200 236 "-" "Bitrix24 Webhook Engine"
89.208.228.219 - - [29/Jan/2025:05:54:40 +0300] "POST /bp/wolfdigits_bp.php?DOMAIN=comforthome.bitrix24.ru&PROTOCOL=1&LANG=ru&APP_SID=7d6fa3cae2feb232579d2145310e7cf9 HTTP/1.0" 200 236 "-" "Bitrix24 Webhook Engine"
195.208.184.200 - - [29/Jan/2025:05:54:56 +0300] "POST /bp/wolfdigits_bp.php?DOMAIN=comforthome.bitrix24.ru&PROTOCOL=1&LANG=ru&APP_SID=7d6fa3cae2feb232579d2145310e7cf9 HTTP/1.0" 200 236 "-" "Bitrix24 Webhook Engine"
195.208.184.200 - - [29/Jan/2025:05:55:11 +0300] "POST /bp/wolfdigits_bp.php?DOMAIN=comforthome.bitrix24.ru&PROTOCOL=1&LANG=ru&APP_SID=7d6fa3cae2feb232579d2145310e7cf9 HTTP/1.0" 200 236 "-" "Bitrix24 Webhook Engine"
195.208.184.200 - - [29/Jan/2025:05:55:27 +0300] "POST /bp/wolfdigits_bp.php?DOMAIN=comforthome.bitrix24.ru&PROTOCOL=1&LANG=ru&APP_SID=7d6fa3cae2feb232579d2145310e7cf9 HTTP/1.0" 200 236 "-" "Bitrix24 Webhook Engine"
89.208.228.219 - - [29/Jan/2025:05:55:42 +0300] "POST /bp/wolfdigits_bp.php?DOMAIN=comforthome.bitrix24.ru&PROTOCOL=1&LANG=ru&APP_SID=7d6fa3cae2feb232579d2145310e7cf9 HTTP/1.0" 200 236 "-" "Bitrix24 Webhook Engine"
195.208.184.34 - - [29/Jan/2025:05:55:57 +0300] "POST /bp/wolfdigits_bp.php?DOMAIN=comforthome.bitrix24.ru&PROTOCOL=1&LANG=ru&APP_SID=7d6fa3cae2feb232579d2145310e7cf9 HTTP/1.0" 200 236 "-" "Bitrix24 Webhook Engine"
195.208.184.200 - - [29/Jan/2025:05:56:13 +0300] "POST /bp/wolfdigits_bp.php?DOMAIN=comforthome.bitrix24.ru&PROTOCOL=1&LANG=ru&APP_SID=7d6fa3cae2feb232579d2145310e7cf9 HTTP/1.0" 200 236 "-" "Bitrix24 Webhook Engine"
89.208.228.219 - - [29/Jan/2025:05:56:28 +0300] "POST /bp/wolfdigits_bp.php?DOMAIN=comforthome.bitrix24.ru&PROTOCOL=1&LANG=ru&APP_SID=7d6fa3cae2feb232579d2145310e7cf9 HTTP/1.0" 200 236 "-" "Bitrix24 Webhook Engine"
89.208.228.219 - - [29/Jan/2025:05:56:44 +0300] "POST /bp/wolfdigits_bp.php?DOMAIN=comforthome.bitrix24.ru&PROTOCOL=1&LANG=ru&APP_SID=7d6fa3cae2feb232579d2145310e7cf9 HTTP/1.0" 200 236 "-" "Bitrix24 Webhook Engine"
89.208.230.2 - - [29/Jan/2025:05:56:59 +0300] "POST /bp/wolfdigits_bp.php?DOMAIN=comforthome.bitrix24.ru&PROTOCOL=1&LANG=ru&APP_SID=7d6fa3cae2feb232579d2145310e7cf9 HTTP/1.0" 200 236 "-" "Bitrix24 Webhook Engine"
89.208.230.2 - - [29/Jan/2025:05:57:15 +0300] "POST /bp/wolfdigits_bp.php?DOMAIN=comforthome.bitrix24.ru&PROTOCOL=1&LANG=ru&APP_SID=7d6fa3cae2feb232579d2145310e7cf9 HTTP/1.0" 200 236 "-" "Bitrix24 Webhook Engine"
195.208.184.34 - - [29/Jan/2025:05:57:30 +0300] "POST /bp/wolfdigits_bp.php?DOMAIN=comforthome.bitrix24.ru&PROTOCOL=1&LANG=ru&APP_SID=7d6fa3cae2feb232579d2145310e7cf9 HTTP/1.0" 200 236 "-" "Bitrix24 Webhook Engine"
89.208.230.2 - - [29/Jan/2025:05:57:45 +0300] "POST /bp/wolfdigits_bp.php?DOMAIN=comforthome.bitrix24.ru&PROTOCOL=1&LANG=ru&APP_SID=7d6fa3cae2feb232579d2145310e7cf9 HTTP/1.0" 200 236 "-" "Bitrix24 Webhook Engine"
195.208.184.34 - - [29/Jan/2025:05:58:01 +0300] "POST /bp/wolfdigits_bp.php?DOMAIN=comforthome.bitrix24.ru&PROTOCOL=1&LANG=ru&APP_SID=7d6fa3cae2feb232579d2145310e7cf9 HTTP/1.0" 200 236 "-" "Bitrix24 Webhook Engine"
5.8.208.154 - - [29/Jan/2025:05:58:20 +0300] "POST /public/payment/action.php HTTP/1.0" 301 607 "https://b24-u485xx.bitrix24.shop/" "Mozilla/5.0 (Windows NT 10.0; Win64; x64) AppleWebKit/537.36 (KHTML, like Gecko) Chrome/132.0.0.0 Safari/537.36"
195.208.184.200 - - [29/Jan/2025:05:58:16 +0300] "POST /bp/wolfdigits_bp.php?DOMAIN=comforthome.bitrix24.ru&PROTOCOL=1&LANG=ru&APP_SID=7d6fa3cae2feb232579d2145310e7cf9 HTTP/1.0" 200 236 "-" "Bitrix24 Webhook Engine"
195.208.184.34 - - [29/Jan/2025:05:58:32 +0300] "POST /bp/wolfdigits_bp.php?DOMAIN=comforthome.bitrix24.ru&PROTOCOL=1&LANG=ru&APP_SID=7d6fa3cae2feb232579d2145310e7cf9 HTTP/1.0" 200 236 "-" "Bitrix24 Webhook Engine"
89.208.230.2 - - [29/Jan/2025:05:58:47 +0300] "POST /bp/wolfdigits_bp.php?DOMAIN=comforthome.bitrix24.ru&PROTOCOL=1&LANG=ru&APP_SID=7d6fa3cae2feb232579d2145310e7cf9 HTTP/1.0" 200 236 "-" "Bitrix24 Webhook Engine"
195.208.184.34 - - [29/Jan/2025:05:59:02 +0300] "POST /bp/wolfdigits_bp.php?DOMAIN=comforthome.bitrix24.ru&PROTOCOL=1&LANG=ru&APP_SID=7d6fa3cae2feb232579d2145310e7cf9 HTTP/1.0" 200 236 "-" "Bitrix24 Webhook Engine"
195.208.184.200 - - [29/Jan/2025:05:59:18 +0300] "POST /bp/wolfdigits_bp.php?DOMAIN=comforthome.bitrix24.ru&PROTOCOL=1&LANG=ru&APP_SID=7d6fa3cae2feb232579d2145310e7cf9 HTTP/1.0" 200 236 "-" "Bitrix24 Webhook Engine"
195.208.184.200 - - [29/Jan/2025:05:59:33 +0300] "POST /bp/wolfdigits_bp.php?DOMAIN=comforthome.bitrix24.ru&PROTOCOL=1&LANG=ru&APP_SID=7d6fa3cae2feb232579d2145310e7cf9 HTTP/1.0" 200 236 "-" "Bitrix24 Webhook Engine"
195.208.184.34 - - [29/Jan/2025:05:59:49 +0300] "POST /bp/wolfdigits_bp.php?DOMAIN=comforthome.bitrix24.ru&PROTOCOL=1&LANG=ru&APP_SID=7d6fa3cae2feb232579d2145310e7cf9 HTTP/1.0" 200 236 "-" "Bitrix24 Webhook Engine"
89.208.228.219 - - [29/Jan/2025:06:00:04 +0300] "POST /bp/wolfdigits_bp.php?DOMAIN=comforthome.bitrix24.ru&PROTOCOL=1&LANG=ru&APP_SID=7d6fa3cae2feb232579d2145310e7cf9 HTTP/1.0" 200 236 "-" "Bitrix24 Webhook Engine"
89.208.230.2 - - [29/Jan/2025:06:00:19 +0300] "POST /bp/wolfdigits_bp.php?DOMAIN=comforthome.bitrix24.ru&PROTOCOL=1&LANG=ru&APP_SID=7d6fa3cae2feb232579d2145310e7cf9 HTTP/1.0" 200 236 "-" "Bitrix24 Webhook Engine"
195.208.184.200 - - [29/Jan/2025:06:00:35 +0300] "POST /bp/wolfdigits_bp.php?DOMAIN=comforthome.bitrix24.ru&PROTOCOL=1&LANG=ru&APP_SID=7d6fa3cae2feb232579d2145310e7cf9 HTTP/1.0" 200 236 "-" "Bitrix24 Webhook Engine"
178.154.246.58 - - [29/Jan/2025:06:00:51 +0300] "POST /projects/cian/onebed/service/webhook HTTP/1.0" 302 1509 "-" "Cian-chats-webhooks"
178.154.246.58 - - [29/Jan/2025:06:00:52 +0300] "GET / HTTP/1.0" 200 5463 "-" "Cian-chats-webhooks"
195.208.184.34 - - [29/Jan/2025:06:00:50 +0300] "POST /bp/wolfdigits_bp.php?DOMAIN=comforthome.bitrix24.ru&PROTOCOL=1&LANG=ru&APP_SID=7d6fa3cae2feb232579d2145310e7cf9 HTTP/1.0" 200 236 "-" "Bitrix24 Webhook Engine"
89.208.230.2 - - [29/Jan/2025:06:01:06 +0300] "POST /bp/wolfdigits_bp.php?DOMAIN=comforthome.bitrix24.ru&PROTOCOL=1&LANG=ru&APP_SID=7d6fa3cae2feb232579d2145310e7cf9 HTTP/1.0" 200 236 "-" "Bitrix24 Webhook Engine"
195.208.184.34 - - [29/Jan/2025:06:01:21 +0300] "POST /bp/wolfdigits_bp.php?DOMAIN=comforthome.bitrix24.ru&PROTOCOL=1&LANG=ru&APP_SID=7d6fa3cae2feb232579d2145310e7cf9 HTTP/1.0" 200 236 "-" "Bitrix24 Webhook Engine"
195.208.184.34 - - [29/Jan/2025:06:01:37 +0300] "POST /bp/wolfdigits_bp.php?DOMAIN=comforthome.bitrix24.ru&PROTOCOL=1&LANG=ru&APP_SID=7d6fa3cae2feb232579d2145310e7cf9 HTTP/1.0" 200 236 "-" "Bitrix24 Webhook Engine"
89.208.230.2 - - [29/Jan/2025:06:01:52 +0300] "POST /bp/wolfdigits_bp.php?DOMAIN=comforthome.bitrix24.ru&PROTOCOL=1&LANG=ru&APP_SID=7d6fa3cae2feb232579d2145310e7cf9 HTTP/1.0" 200 236 "-" "Bitrix24 Webhook Engine"
89.208.230.2 - - [29/Jan/2025:06:02:07 +0300] "POST /bp/wolfdigits_bp.php?DOMAIN=comforthome.bitrix24.ru&PROTOCOL=1&LANG=ru&APP_SID=7d6fa3cae2feb232579d2145310e7cf9 HTTP/1.0" 200 236 "-" "Bitrix24 Webhook Engine"
195.208.184.34 - - [29/Jan/2025:06:02:23 +0300] "POST /bp/wolfdigits_bp.php?DOMAIN=comforthome.bitrix24.ru&PROTOCOL=1&LANG=ru&APP_SID=7d6fa3cae2feb232579d2145310e7cf9 HTTP/1.0" 200 236 "-" "Bitrix24 Webhook Engine"
195.208.184.34 - - [29/Jan/2025:06:02:38 +0300] "POST /bp/wolfdigits_bp.php?DOMAIN=comforthome.bitrix24.ru&PROTOCOL=1&LANG=ru&APP_SID=7d6fa3cae2feb232579d2145310e7cf9 HTTP/1.0" 200 236 "-" "Bitrix24 Webhook Engine"
89.208.230.2 - - [29/Jan/2025:06:02:54 +0300] "POST /bp/wolfdigits_bp.php?DOMAIN=comforthome.bitrix24.ru&PROTOCOL=1&LANG=ru&APP_SID=7d6fa3cae2feb232579d2145310e7cf9 HTTP/1.0" 200 236 "-" "Bitrix24 Webhook Engine"
89.208.228.219 - - [29/Jan/2025:06:03:09 +0300] "POST /bp/wolfdigits_bp.php?DOMAIN=comforthome.bitrix24.ru&PROTOCOL=1&LANG=ru&APP_SID=7d6fa3cae2feb232579d2145310e7cf9 HTTP/1.0" 200 236 "-" "Bitrix24 Webhook Engine"
195.208.184.200 - - [29/Jan/2025:06:03:24 +0300] "POST /bp/wolfdigits_bp.php?DOMAIN=comforthome.bitrix24.ru&PROTOCOL=1&LANG=ru&APP_SID=7d6fa3cae2feb232579d2145310e7cf9 HTTP/1.0" 200 236 "-" "Bitrix24 Webhook Engine"
195.208.184.34 - - [29/Jan/2025:06:03:40 +0300] "POST /bp/wolfdigits_bp.php?DOMAIN=comforthome.bitrix24.ru&PROTOCOL=1&LANG=ru&APP_SID=7d6fa3cae2feb232579d2145310e7cf9 HTTP/1.0" 200 236 "-" "Bitrix24 Webhook Engine"
89.208.230.2 - - [29/Jan/2025:06:03:56 +0300] "POST /bp/wolfdigits_bp.php?DOMAIN=comforthome.bitrix24.ru&PROTOCOL=1&LANG=ru&APP_SID=7d6fa3cae2feb232579d2145310e7cf9 HTTP/1.0" 200 236 "-" "Bitrix24 Webhook Engine"
89.208.230.2 - - [29/Jan/2025:06:04:11 +0300] "POST /bp/wolfdigits_bp.php?DOMAIN=comforthome.bitrix24.ru&PROTOCOL=1&LANG=ru&APP_SID=7d6fa3cae2feb232579d2145310e7cf9 HTTP/1.0" 200 236 "-" "Bitrix24 Webhook Engine"
195.208.184.200 - - [29/Jan/2025:06:04:26 +0300] "POST /bp/wolfdigits_bp.php?DOMAIN=comforthome.bitrix24.ru&PROTOCOL=1&LANG=ru&APP_SID=7d6fa3cae2feb232579d2145310e7cf9 HTTP/1.0" 200 236 "-" "Bitrix24 Webhook Engine"
89.208.228.219 - - [29/Jan/2025:06:04:42 +0300] "POST /bp/wolfdigits_bp.php?DOMAIN=comforthome.bitrix24.ru&PROTOCOL=1&LANG=ru&APP_SID=7d6fa3cae2feb232579d2145310e7cf9 HTTP/1.0" 200 236 "-" "Bitrix24 Webhook Engine"
89.208.228.219 - - [29/Jan/2025:06:04:57 +0300] "POST /bp/wolfdigits_bp.php?DOMAIN=comforthome.bitrix24.ru&PROTOCOL=1&LANG=ru&APP_SID=7d6fa3cae2feb232579d2145310e7cf9 HTTP/1.0" 200 236 "-" "Bitrix24 Webhook Engine"
195.208.184.34 - - [29/Jan/2025:06:05:13 +0300] "POST /bp/wolfdigits_bp.php?DOMAIN=comforthome.bitrix24.ru&PROTOCOL=1&LANG=ru&APP_SID=7d6fa3cae2feb232579d2145310e7cf9 HTTP/1.0" 200 236 "-" "Bitrix24 Webhook Engine"
89.208.228.219 - - [29/Jan/2025:06:05:28 +0300] "POST /bp/wolfdigits_bp.php?DOMAIN=comforthome.bitrix24.ru&PROTOCOL=1&LANG=ru&APP_SID=7d6fa3cae2feb232579d2145310e7cf9 HTTP/1.0" 200 236 "-" "Bitrix24 Webhook Engine"
178.72.78.50 - - [29/Jan/2025:06:05:47 +0300] "POST /public/payment/action.php HTTP/1.0" 301 607 "https://b24-m7mrdl.bitrix24.shop/" "Mozilla/5.0 (iPhone; CPU iPhone OS 18_2 like Mac OS X) AppleWebKit/605.1.15 (KHTML, like Gecko) Version/18.2 Mobile/15E148 Safari/604.1"
195.208.184.34 - - [29/Jan/2025:06:05:43 +0300] "POST /bp/wolfdigits_bp.php?DOMAIN=comforthome.bitrix24.ru&PROTOCOL=1&LANG=ru&APP_SID=7d6fa3cae2feb232579d2145310e7cf9 HTTP/1.0" 200 236 "-" "Bitrix24 Webhook Engine"
178.154.246.58 - - [29/Jan/2025:06:06:00 +0300] "POST /projects/cian/onebed/service/webhook HTTP/1.0" 302 1509 "-" "Cian-chats-webhooks"
178.154.246.58 - - [29/Jan/2025:06:06:01 +0300] "GET / HTTP/1.0" 200 5463 "-" "Cian-chats-webhooks"
195.208.184.34 - - [29/Jan/2025:06:05:59 +0300] "POST /bp/wolfdigits_bp.php?DOMAIN=comforthome.bitrix24.ru&PROTOCOL=1&LANG=ru&APP_SID=7d6fa3cae2feb232579d2145310e7cf9 HTTP/1.0" 200 236 "-" "Bitrix24 Webhook Engine"
89.208.228.219 - - [29/Jan/2025:06:06:14 +0300] "POST /bp/wolfdigits_bp.php?DOMAIN=comforthome.bitrix24.ru&PROTOCOL=1&LANG=ru&APP_SID=7d6fa3cae2feb232579d2145310e7cf9 HTTP/1.0" 200 236 "-" "Bitrix24 Webhook Engine"
89.208.228.219 - - [29/Jan/2025:06:06:29 +0300] "POST /bp/wolfdigits_bp.php?DOMAIN=comforthome.bitrix24.ru&PROTOCOL=1&LANG=ru&APP_SID=7d6fa3cae2feb232579d2145310e7cf9 HTTP/1.0" 200 236 "-" "Bitrix24 Webhook Engine"
158.160.84.45 - - [29/Jan/2025:06:06:45 +0300] "POST /realtycalendar/action-callback.php?bitrix24=sibirhouse.bitrix24.ru HTTP/1.0" 200 176 "-" "-"
178.72.78.50 - - [29/Jan/2025:06:06:50 +0300] "GET /payment/action.php?paymentId=4432&paySystemId=32&domain=timeforlife.bitrix24.ru&orderId=04dbd72f-36d0-7a33-b06e-73b30198b15d&lang=ru HTTP/1.0" 302 652 "https://secure.tbank.ru/" "Mozilla/5.0 (iPhone; CPU iPhone OS 18_2 like Mac OS X) AppleWebKit/605.1.15 (KHTML, like Gecko) Version/18.2 Mobile/15E148 Safari/604.1"
62.76.205.129 - - [29/Jan/2025:06:06:51 +0300] "GET /public/payment/action-callback.php?domain=timeforlife.bitrix24.ru&orderNumber=1906%2F1-5&mdOrder=04dbd72f-36d0-7a33-b06e-73b30198b15d&operation=deposited&status=1 HTTP/1.0" 200 236 "-" "Chrome/80.0.3987.116"
89.208.228.219 - - [29/Jan/2025:06:06:45 +0300] "POST /bp/wolfdigits_bp.php?DOMAIN=comforthome.bitrix24.ru&PROTOCOL=1&LANG=ru&APP_SID=7d6fa3cae2feb232579d2145310e7cf9 HTTP/1.0" 200 236 "-" "Bitrix24 Webhook Engine"
195.208.184.34 - - [29/Jan/2025:06:07:00 +0300] "POST /bp/wolfdigits_bp.php?DOMAIN=comforthome.bitrix24.ru&PROTOCOL=1&LANG=ru&APP_SID=7d6fa3cae2feb232579d2145310e7cf9 HTTP/1.0" 200 236 "-" "Bitrix24 Webhook Engine"
178.154.246.58 - - [29/Jan/2025:06:07:18 +0300] "POST /projects/cian/onebed/service/webhook HTTP/1.0" 302 1509 "-" "Cian-chats-webhooks"
178.154.246.58 - - [29/Jan/2025:06:07:18 +0300] "GET / HTTP/1.0" 200 5463 "-" "Cian-chats-webhooks"
80.83.238.5 - - [29/Jan/2025:06:07:22 +0300] "POST /public/payment/action.php HTTP/1.0" 301 607 "https://b24-5wc0a7.bitrix24.shop/" "Mozilla/5.0 (iPhone; CPU iPhone OS 18_2 like Mac OS X) AppleWebKit/605.1.15 (KHTML, like Gecko) Version/18.0 YaBrowser/24.12.4.459.10 SA/3 Mobile/15E148 Safari/604.1"
195.208.184.34 - - [29/Jan/2025:06:07:16 +0300] "POST /bp/wolfdigits_bp.php?DOMAIN=comforthome.bitrix24.ru&PROTOCOL=1&LANG=ru&APP_SID=7d6fa3cae2feb232579d2145310e7cf9 HTTP/1.0" 200 236 "-" "Bitrix24 Webhook Engine"
195.208.184.34 - - [29/Jan/2025:06:07:31 +0300] "POST /bp/wolfdigits_bp.php?DOMAIN=comforthome.bitrix24.ru&PROTOCOL=1&LANG=ru&APP_SID=7d6fa3cae2feb232579d2145310e7cf9 HTTP/1.0" 200 236 "-" "Bitrix24 Webhook Engine"
195.208.184.200 - - [29/Jan/2025:06:07:46 +0300] "POST /bp/wolfdigits_bp.php?DOMAIN=comforthome.bitrix24.ru&PROTOCOL=1&LANG=ru&APP_SID=7d6fa3cae2feb232579d2145310e7cf9 HTTP/1.0" 200 236 "-" "Bitrix24 Webhook Engine"
195.208.184.34 - - [29/Jan/2025:06:08:02 +0300] "POST /bp/wolfdigits_bp.php?DOMAIN=comforthome.bitrix24.ru&PROTOCOL=1&LANG=ru&APP_SID=7d6fa3cae2feb232579d2145310e7cf9 HTTP/1.0" 200 236 "-" "Bitrix24 Webhook Engine"
195.208.184.34 - - [29/Jan/2025:06:08:17 +0300] "POST /bp/wolfdigits_bp.php?DOMAIN=comforthome.bitrix24.ru&PROTOCOL=1&LANG=ru&APP_SID=7d6fa3cae2feb232579d2145310e7cf9 HTTP/1.0" 200 236 "-" "Bitrix24 Webhook Engine"
89.208.228.219 - - [29/Jan/2025:06:08:33 +0300] "POST /bp/wolfdigits_bp.php?DOMAIN=comforthome.bitrix24.ru&PROTOCOL=1&LANG=ru&APP_SID=7d6fa3cae2feb232579d2145310e7cf9 HTTP/1.0" 200 236 "-" "Bitrix24 Webhook Engine"
62.76.205.129 - - [29/Jan/2025:06:08:58 +0300] "GET /public/payment/action-callback.php?domain=tophouse.bitrix24.ru&orderNumber=6306%2F1-1&sign_alias=merchantCallbackKeyPair&checksum=01224528D8CECC84DD9156BF82EFFB74045B8C2BFC0D65D139DB5D0F3985EA76599F04F5B6E7E28710ECDEC68790982F7C9E91BDF37BD2786E595571BD5A83B64C537A26A07AC714421A83160528B5B118347EB02A053BF7C57DB4F9A92BF901C2D2254B234C21612B7ACF35B15F8E974EC0DA28DDB8DEB237A4B3667B35F858BE13F922EA3242E63458170583165C91EAA50380571EC31F44C628B40903FD57CBDC1D8390C8CB3A9537765E57B3132E3B0C6BDF7DD858BD5660FF9D429D89A4B4DA60D8895EA80117AE003478BD058C93CD1914950E626BF65DB1CA3F6C9F2AFDBEF91A7E5EEA85154DBE8F55F6EC6A6C82430FDA223F17BCA1D5929F8B765A&mdOrder=04dbd890-3edc-7965-b748-8988016df81d&operation=deposited&status=1 HTTP/1.0" 200 236 "-" "Chrome/80.0.3987.116"
89.208.228.219 - - [29/Jan/2025:06:08:48 +0300] "POST /bp/wolfdigits_bp.php?DOMAIN=comforthome.bitrix24.ru&PROTOCOL=1&LANG=ru&APP_SID=7d6fa3cae2feb232579d2145310e7cf9 HTTP/1.0" 200 236 "-" "Bitrix24 Webhook Engine"
89.208.228.219 - - [29/Jan/2025:06:09:03 +0300] "POST /bp/wolfdigits_bp.php?DOMAIN=comforthome.bitrix24.ru&PROTOCOL=1&LANG=ru&APP_SID=7d6fa3cae2feb232579d2145310e7cf9 HTTP/1.0" 200 236 "-" "Bitrix24 Webhook Engine"
8.209.90.215 - - [29/Jan/2025:06:09:33 +0300] "POST /ttlock/action-callback.php HTTP/1.0" 404 161 "-" "okhttp/4.2.0"
